{"id":1045,"date":"2011-09-07T20:48:18","date_gmt":"2011-09-07T17:48:18","guid":{"rendered":"http:\/\/www.valonkuvia.fi\/blogi\/?page_id=1045"},"modified":"2011-09-07T20:48:18","modified_gmt":"2011-09-07T17:48:18","slug":"jouni-hokkanen-in-one%c2%b4s-element","status":"publish","type":"page","link":"https:\/\/www.valonkuvia.fi\/blogi\/jazzjutut\/levyarviot-e-h\/jouni-hokkanen-in-one%c2%b4s-element\/","title":{"rendered":"Jouni Hokkanen: In One\u00b4s Element"},"content":{"rendered":"<p>Basisti Jouni Hokkanen lienee monelle muullekin kuin minulle aivan uusi kotimainen jazznimi. Porin konservatoriossa bassonsoittoa opettava Hokkanen on kuitenkin monessa liemess\u00e4 keitetty muusikko, jolla on takanaan jo pitk\u00e4 ura erilaisissa ns. kevyen musiikin yhteyksiss\u00e4. Viime vuosina Hokkanen on keskittynyt jazziin ja on nyt julkaissut ensimm\u00e4isen jazzlevyns\u00e4. Levyn ohjelmisto koostuu l\u00e4hes kokonaan Hokkasen omista s\u00e4vellyksist\u00e4, vain &#8221;Eastwest part 4&#8221; on Olli Heinil\u00e4n k\u00e4sialaa.<\/p>\n<p>&#8221;In One\u00b4s Element&#8221; on tasainen ja toimiva paketti, jota erilaiset soitin- ja soittajakombinaatiot mukavasti rytmitt\u00e4v\u00e4t. Pekka Tynin pianon vauhdittamalta kvartetilta irtoaa levyn parhaat svengit; &#8221;Tuning&#8221; lent\u00e4\u00e4 paikoin varsin iloisesti ja &#8221;Journey To Savo&#8221; antaa tilaa Jukka H\u00e4nnisen hele\u00e4lle sopraanosaksofonille. Samuli Mikkosen ja Rami Eskelisen t\u00e4hditt\u00e4m\u00e4t raidat k\u00e4\u00e4ntyv\u00e4t enemm\u00e4n sis\u00e4\u00e4np\u00e4in, mik\u00e4 ehk\u00e4 johtuu Mikkosen mietiskelev\u00e4st\u00e4 taitelijanlaadusta. Jari Hongisto on mukana kahdella ilmavasti ilman rumpalia soitetulla kappaleella, jotka j\u00e4tt\u00e4v\u00e4t j\u00e4lkeens\u00e4 mielihalun kuulla lis\u00e4\u00e4 t\u00e4t\u00e4 mainiota pasunistia. Kokonaisuuden t\u00e4ydent\u00e4\u00e4 viel\u00e4 kolme selv\u00e4piirteist\u00e4 soolobassokappaletta. <\/p>\n<p>Hieman tavanomaisena ja yll\u00e4tyksett\u00f6m\u00e4n\u00e4kin &#8221;In One\u00b4s Element&#8221; on miellytt\u00e4v\u00e4\u00e4 kuunneltavaa ja p\u00e4tev\u00e4sti soitettua perusmodernia jazzia, joka ei monen muun uuden levyn lailla vilkuile toisten musiikinlajien suuntaan. Se on hyv\u00e4 osoitus Hokkasen taidoista sek\u00e4 s\u00e4velt\u00e4j\u00e4n\u00e4 ett\u00e4 basistina, vaikka musiikin hehkuvin kipin\u00e4 on j\u00e4\u00e4nyt ehk\u00e4 ensilevyn tekemisen j\u00e4nnityksess\u00e4 syttym\u00e4tt\u00e4. <\/p>\n<p><strong>Jouni Hokkanen<\/strong>: In One\u00b4s Element (AHT04 )<br \/>\nJouni Hokkanen; basso, Timo Koskinen; rummut, Reijo Ylinen; alttosaksofoni, Jari Hongisto; pasuuna, Jukka H\u00e4nninen; saksofonit, Samuli Mikkonen; piano, Pekka Tyni; piano, Rami Eskelinen; rummut <\/p>\n<p>26.9. 2004<\/p>\n","protected":false},"excerpt":{"rendered":"<p>Basisti Jouni Hokkanen lienee monelle muullekin kuin minulle aivan uusi kotimainen jazznimi. Porin konservatoriossa bassonsoittoa opettava Hokkanen on kuitenkin monessa liemess\u00e4 keitetty muusikko, jolla on takanaan jo pitk\u00e4 ura erilaisissa ns. kevyen musiikin yhteyksiss\u00e4. Viime vuosina Hokkanen on keskittynyt jazziin ja on nyt julkaissut ensimm\u00e4isen jazzlevyns\u00e4. Levyn ohjelmisto koostuu l\u00e4hes kokonaan Hokkasen omista s\u00e4vellyksist\u00e4, vain [&hellip;]<\/p>\n","protected":false},"author":1,"featured_media":0,"parent":948,"menu_order":13,"comment_status":"open","ping_status":"open","template":"onecolumn-page.php","meta":{"ngg_post_thumbnail":0,"footnotes":""},"class_list":["post-1045","page","type-page","status-publish","hentry"],"jetpack_likes_enabled":false,"jetpack_sharing_enabled":true,"_links":{"self":[{"href":"https:\/\/www.valonkuvia.fi\/blogi\/wp-json\/wp\/v2\/pages\/1045","targetHints":{"allow":["GET"]}}],"collection":[{"href":"https:\/\/www.valonkuvia.fi\/blogi\/wp-json\/wp\/v2\/pages"}],"about":[{"href":"https:\/\/www.valonkuvia.fi\/blogi\/wp-json\/wp\/v2\/types\/page"}],"author":[{"embeddable":true,"href":"https:\/\/www.valonkuvia.fi\/blogi\/wp-json\/wp\/v2\/users\/1"}],"replies":[{"embeddable":true,"href":"https:\/\/www.valonkuvia.fi\/blogi\/wp-json\/wp\/v2\/comments?post=1045"}],"version-history":[{"count":1,"href":"https:\/\/www.valonkuvia.fi\/blogi\/wp-json\/wp\/v2\/pages\/1045\/revisions"}],"predecessor-version":[{"id":1046,"href":"https:\/\/www.valonkuvia.fi\/blogi\/wp-json\/wp\/v2\/pages\/1045\/revisions\/1046"}],"up":[{"embeddable":true,"href":"https:\/\/www.valonkuvia.fi\/blogi\/wp-json\/wp\/v2\/pages\/948"}],"wp:attachment":[{"href":"https:\/\/www.valonkuvia.fi\/blogi\/wp-json\/wp\/v2\/media?parent=1045"}],"curies":[{"name":"wp","href":"https:\/\/api.w.org\/{rel}","templated":true}]}}