{"id":1051,"date":"2011-09-07T20:54:44","date_gmt":"2011-09-07T17:54:44","guid":{"rendered":"http:\/\/www.valonkuvia.fi\/blogi\/?page_id=1051"},"modified":"2011-09-07T20:54:44","modified_gmt":"2011-09-07T17:54:44","slug":"johanna-iivanainen-eero-koivistoisen-yhtye-lennosta-kii","status":"publish","type":"page","link":"https:\/\/www.valonkuvia.fi\/blogi\/jazzjutut\/levyarviot-e-h\/johanna-iivanainen-eero-koivistoisen-yhtye-lennosta-kii\/","title":{"rendered":"Johanna Iivanainen &#038; Eero Koivistoisen yhtye: Lennosta kii!"},"content":{"rendered":"<p>Johanna Iivanaisen ja Eero Koivistoinen &#8221;Lennosta kii!&#8221; on ilmiselv\u00e4 jatko-osa vuonna 2003 ilmestyneelle levylle &#8221;Suomalainen&#8221;, jonka hyv\u00e4ksi havaittu resepti on s\u00e4ilytetty ennallaan. Ty\u00f6n alle on nytkin otettu monipuolinen valikoima suomalaista laulumusiikkia; kotimaisia iskelmi\u00e4 eri ajoilta, rockin puolelta tutuksi tulleita kappaleita sek\u00e4 uusia ja vanhoja Koivistoisen s\u00e4vellyksi\u00e4. <\/p>\n<p>My\u00f6s konseptin vahvuudet ovat entiset. Koivistoisen johtama yhtye on kiistatta jazzin huippua, s\u00e4vykk\u00e4\u00e4sti maalaava ja svengaava kokoonpano, jonka j\u00e4senet pystyv\u00e4t tarvittaessa my\u00f6s hienoihin soolosuorituksiin. My\u00f6s reseptin t\u00e4rkein ainesosa on tallella eli Johanna Iivanaisen \u00e4\u00e4ni soljuu j\u00e4lleen kerran kauniisti ja vaivattomasti. Parhaimmillaan ja koskettavimmillaan Iivanainen on tulkinnoissaan Unto Monosen, Toivo K\u00e4rjen ja Reino Helismaan iskelm\u00e4klassikoista &#8221;Jos j\u00e4t\u00e4t minut&#8221;, &#8221;Rakkauden rikkaus&#8221;, &#8221;M\u00e4rk\u00e4\u00e4 asfalttia&#8221; ja &#8221;Rakovalkealla&#8221;. N\u00e4ill\u00e4 raidoilla Iivanaisen laulun herkkyys sopii t\u00e4ydellisesti yhteen hienojen melodioiden ja tekstien kanssa.<\/p>\n<p>Toisaalta my\u00f6s &#8221;Lennosta kii!&#8221; k\u00e4rsii samasta heikkoudesta kuin &#8221;Suomalainenkin&#8221;. Laulajan \u00e4\u00e4nen tietyll\u00e4 viattomuudella on k\u00e4\u00e4nt\u00f6puolensa ja osa tulkinnoista kuulostaa ep\u00e4uskottavilta. Varsinkin jo Koivistoisen &#8221;Valtakunta&#8221;-levylt\u00e4 l\u00f6ytyv\u00e4 nimikappale ja Jarkko Laineen teksti eiv\u00e4t tunnu istuvan lainkaan Iivanaiselle. Sama vika vaivaa my\u00f6s &#8221;Tiskarin polkkaa&#8221;, jonka ronskin ensilevytyksen amerikansuomalainen kuplettimestari Hiski Salomaa teki jo vuonna 1927. &#8221;Lennosta kii!&#8221; on kuitenkin raikas ja vivahteikas laulusarja, vaikka siit\u00e4 tuntuu puuttuvan sellainen todella pys\u00e4ytt\u00e4v\u00e4 hetki kuin edellisen levyn &#8221;On Suomi kaukana pohjoisessa&#8221;. <\/p>\n<p><strong>Johanna Iivanainen &#038; Eero Koivistoisen yhtye<\/strong>: Lennosta kii! (Backstage Alliance)<br \/>\nJohanna Iivanainen, laulu; Eero Koivistoinen, saksofonit; Seppo Kantonen, piano; Teemu Viinikainen, kitara; Ville Huolman, basso; Mikko Hassinen, rummut; Abdissa Assefa, ly\u00f6m\u00e4soittimet <\/p>\n<p>15.1.2008<\/p>\n","protected":false},"excerpt":{"rendered":"<p>Johanna Iivanaisen ja Eero Koivistoinen &#8221;Lennosta kii!&#8221; on ilmiselv\u00e4 jatko-osa vuonna 2003 ilmestyneelle levylle &#8221;Suomalainen&#8221;, jonka hyv\u00e4ksi havaittu resepti on s\u00e4ilytetty ennallaan. Ty\u00f6n alle on nytkin otettu monipuolinen valikoima suomalaista laulumusiikkia; kotimaisia iskelmi\u00e4 eri ajoilta, rockin puolelta tutuksi tulleita kappaleita sek\u00e4 uusia ja vanhoja Koivistoisen s\u00e4vellyksi\u00e4. My\u00f6s konseptin vahvuudet ovat entiset. Koivistoisen johtama yhtye on [&hellip;]<\/p>\n","protected":false},"author":1,"featured_media":0,"parent":948,"menu_order":15,"comment_status":"open","ping_status":"open","template":"onecolumn-page.php","meta":{"ngg_post_thumbnail":0,"footnotes":""},"class_list":["post-1051","page","type-page","status-publish","hentry"],"jetpack_likes_enabled":false,"jetpack_sharing_enabled":true,"_links":{"self":[{"href":"https:\/\/www.valonkuvia.fi\/blogi\/wp-json\/wp\/v2\/pages\/1051","targetHints":{"allow":["GET"]}}],"collection":[{"href":"https:\/\/www.valonkuvia.fi\/blogi\/wp-json\/wp\/v2\/pages"}],"about":[{"href":"https:\/\/www.valonkuvia.fi\/blogi\/wp-json\/wp\/v2\/types\/page"}],"author":[{"embeddable":true,"href":"https:\/\/www.valonkuvia.fi\/blogi\/wp-json\/wp\/v2\/users\/1"}],"replies":[{"embeddable":true,"href":"https:\/\/www.valonkuvia.fi\/blogi\/wp-json\/wp\/v2\/comments?post=1051"}],"version-history":[{"count":1,"href":"https:\/\/www.valonkuvia.fi\/blogi\/wp-json\/wp\/v2\/pages\/1051\/revisions"}],"predecessor-version":[{"id":1052,"href":"https:\/\/www.valonkuvia.fi\/blogi\/wp-json\/wp\/v2\/pages\/1051\/revisions\/1052"}],"up":[{"embeddable":true,"href":"https:\/\/www.valonkuvia.fi\/blogi\/wp-json\/wp\/v2\/pages\/948"}],"wp:attachment":[{"href":"https:\/\/www.valonkuvia.fi\/blogi\/wp-json\/wp\/v2\/media?parent=1051"}],"curies":[{"name":"wp","href":"https:\/\/api.w.org\/{rel}","templated":true}]}}