{"id":1069,"date":"2011-09-09T22:59:59","date_gmt":"2011-09-09T19:59:59","guid":{"rendered":"http:\/\/www.valonkuvia.fi\/blogi\/?page_id=1069"},"modified":"2011-09-09T22:59:59","modified_gmt":"2011-09-09T19:59:59","slug":"vijay-iyer-panoptic-modes","status":"publish","type":"page","link":"https:\/\/www.valonkuvia.fi\/blogi\/jazzjutut\/levyarviot-e-h\/vijay-iyer-panoptic-modes\/","title":{"rendered":"Vijay Iyer: Panoptic Modes"},"content":{"rendered":"<p>Puhe jazzin ja intialaisen musiikin vaikutteiden yhteispelist\u00e4 tuo helposti mieleen Shakti-yhtyeen kaltaisen fuusiomusiikin, jossa intialaiset vaikutteet ovat selv\u00e4sti heti kuultavissa. Pianisti Vijay Iyerin l\u00e4hestyy kuitenkin aihepiiri\u00e4 toiselta suunnalta. Kvartetti on kokoonpanoltaan tavanomainen jazzkvartetti, jonka kuulija tunnistaa v\u00e4litt\u00f6m\u00e4sti soundiltaan ja kielelt\u00e4\u00e4n jazzyhtyeeksi. Iyerill\u00e4 musiikin intialaiset elementit piiloutuvatkin s\u00e4vellysten harmonioihin, skaaloihin ja mutkikkaisiin rytmikulkuihin. Hyv\u00e4 esimerkki t\u00e4st\u00e4 on etel\u00e4intialaisiin rytmeihin perustuva &#8221;Configurations&#8221;, jonka Iyer onnistuneesti sovittaa Bud Powellin pianoperinteeseen. Toisaalta Iyer hallitsee mainiosti my\u00f6s perinteisemm\u00e4n jazzrytmiikan, mist\u00e4 hyv\u00e4 esimerkki on Thelonious Monkille omistettu trioraita &#8221;Circural Argument&#8221;. <\/p>\n<p>Vijay Iyer on kirjoittanut kaikki levyn s\u00e4vellykset, jotka eiv\u00e4t ole vain pelkki\u00e4 teemanp\u00e4tki\u00e4 improvisaatioiden k\u00e4\u00e4reeksi, vaan ohjaavat koko yhtyett\u00e4 ja uhkuvat tummas\u00e4vyist\u00e4 tunnelmaa. Iyer antaa levykansitekstiss\u00e4 monille s\u00e4vellyksilleen ihmisoikeuksiin ja rasismiin liittyv\u00e4\u00e4 poliittista sis\u00e4lt\u00f6\u00e4 ja muistuttaa siten esimerkiksi trumpetisti Dave Douglasia ja h\u00e4nen tapaansa kommentoida ymp\u00e4r\u00f6iv\u00e4\u00e4 maailmaa musiikin avulla. <\/p>\n<p>Iyer nousee esille my\u00f6s p\u00e4tev\u00e4n svengaavana ja ilmaisuvoimaisen perkussiivisena pianistina. Iyerin l\u00e4heisen yhteisty\u00f6kumppanin Rudresh Mahanthappan saksofonin intensiivisen l\u00e4pitunkeva soundi on yhtyeen kokonaissoinnin kannalta olennaisen t\u00e4rke\u00e4. Mahanthappan sooloty\u00f6skentely her\u00e4tt\u00e4\u00e4 kuulijassa mielenkiinnon kuulla my\u00f6s miehen omia levyj\u00e4, joista tuorein &#8221;Mother Tongue&#8221; ilmestyi viime vuonna Pi Recordings-merkill\u00e4. Crump &#038; Philips-komppipari selviytyy levyn usein kimuranteista rytmeist\u00e4 ihailtavan vaivattomasti ja ilmeikk\u00e4\u00e4sti. &#8221;Panoptic Modes&#8221; on mielenkiintoinen ja vahva levy, joka todistaa, ett\u00e4 amerikkalaisessa jazzissa el\u00e4\u00e4 my\u00f6s uutta etsiv\u00e4 henki, joka tosin jazzmediassa monesti j\u00e4\u00e4 neotraditionaalisen ideoiden kierr\u00e4tyksen jalkoihin.<\/p>\n<p><strong>Vijay Iyer<\/strong>: Panoptic Modes (Red Giant Records)<br \/>\nRudresh Mahanthappa; alttosaksofoni, Vijay Iyer; piano, Stephan Crump; basso, Derrek Philips; rummut<\/p>\n<p>5.2. 2005<\/p>\n","protected":false},"excerpt":{"rendered":"<p>Puhe jazzin ja intialaisen musiikin vaikutteiden yhteispelist\u00e4 tuo helposti mieleen Shakti-yhtyeen kaltaisen fuusiomusiikin, jossa intialaiset vaikutteet ovat selv\u00e4sti heti kuultavissa. Pianisti Vijay Iyerin l\u00e4hestyy kuitenkin aihepiiri\u00e4 toiselta suunnalta. Kvartetti on kokoonpanoltaan tavanomainen jazzkvartetti, jonka kuulija tunnistaa v\u00e4litt\u00f6m\u00e4sti soundiltaan ja kielelt\u00e4\u00e4n jazzyhtyeeksi. Iyerill\u00e4 musiikin intialaiset elementit piiloutuvatkin s\u00e4vellysten harmonioihin, skaaloihin ja mutkikkaisiin rytmikulkuihin. Hyv\u00e4 esimerkki t\u00e4st\u00e4 [&hellip;]<\/p>\n","protected":false},"author":1,"featured_media":0,"parent":948,"menu_order":18,"comment_status":"open","ping_status":"open","template":"onecolumn-page.php","meta":{"ngg_post_thumbnail":0,"footnotes":""},"class_list":["post-1069","page","type-page","status-publish","hentry"],"jetpack_likes_enabled":false,"jetpack_sharing_enabled":true,"_links":{"self":[{"href":"https:\/\/www.valonkuvia.fi\/blogi\/wp-json\/wp\/v2\/pages\/1069","targetHints":{"allow":["GET"]}}],"collection":[{"href":"https:\/\/www.valonkuvia.fi\/blogi\/wp-json\/wp\/v2\/pages"}],"about":[{"href":"https:\/\/www.valonkuvia.fi\/blogi\/wp-json\/wp\/v2\/types\/page"}],"author":[{"embeddable":true,"href":"https:\/\/www.valonkuvia.fi\/blogi\/wp-json\/wp\/v2\/users\/1"}],"replies":[{"embeddable":true,"href":"https:\/\/www.valonkuvia.fi\/blogi\/wp-json\/wp\/v2\/comments?post=1069"}],"version-history":[{"count":1,"href":"https:\/\/www.valonkuvia.fi\/blogi\/wp-json\/wp\/v2\/pages\/1069\/revisions"}],"predecessor-version":[{"id":1070,"href":"https:\/\/www.valonkuvia.fi\/blogi\/wp-json\/wp\/v2\/pages\/1069\/revisions\/1070"}],"up":[{"embeddable":true,"href":"https:\/\/www.valonkuvia.fi\/blogi\/wp-json\/wp\/v2\/pages\/948"}],"wp:attachment":[{"href":"https:\/\/www.valonkuvia.fi\/blogi\/wp-json\/wp\/v2\/media?parent=1069"}],"curies":[{"name":"wp","href":"https:\/\/api.w.org\/{rel}","templated":true}]}}