{"id":11653,"date":"2017-07-19T11:05:18","date_gmt":"2017-07-19T08:05:18","guid":{"rendered":"http:\/\/www.valonkuvia.fi\/blogi\/?page_id=11653"},"modified":"2023-11-15T19:54:38","modified_gmt":"2023-11-15T17:54:38","slug":"kirjahylly","status":"publish","type":"page","link":"https:\/\/www.valonkuvia.fi\/blogi\/kirjahylly\/","title":{"rendered":"Kirjahylly"},"content":{"rendered":"\n<div class=\"wp-block-columns alignwide is-layout-flex wp-container-core-columns-is-layout-28f84493 wp-block-columns-is-layout-flex\">\n<div class=\"wp-block-column is-layout-flow wp-block-column-is-layout-flow\">\n<h3 class=\"wp-block-heading\">Jazzkirjahylly<\/h3>\n\n\n\n<figure class=\"wp-block-image size-large is-style-default\"><a href=\"https:\/\/www.valonkuvia.fi\/blogi\/kirjahylly\/jazzkirjahylly\/\"><img data-recalc-dims=\"1\" loading=\"lazy\" decoding=\"async\" width=\"852\" height=\"479\" src=\"https:\/\/i0.wp.com\/www.valonkuvia.fi\/blogi\/wp-content\/uploads\/2023\/03\/jazzkirjahylly.jpg?resize=852%2C479&#038;ssl=1\" alt=\"\" class=\"wp-image-21955\" srcset=\"https:\/\/i0.wp.com\/www.valonkuvia.fi\/blogi\/wp-content\/uploads\/2023\/03\/jazzkirjahylly.jpg?resize=852%2C479&amp;ssl=1 852w, https:\/\/i0.wp.com\/www.valonkuvia.fi\/blogi\/wp-content\/uploads\/2023\/03\/jazzkirjahylly.jpg?resize=426%2C240&amp;ssl=1 426w, https:\/\/i0.wp.com\/www.valonkuvia.fi\/blogi\/wp-content\/uploads\/2023\/03\/jazzkirjahylly.jpg?resize=768%2C432&amp;ssl=1 768w, https:\/\/i0.wp.com\/www.valonkuvia.fi\/blogi\/wp-content\/uploads\/2023\/03\/jazzkirjahylly.jpg?w=1500&amp;ssl=1 1500w\" sizes=\"auto, (max-width: 852px) 100vw, 852px\" \/><\/a><\/figure>\n\n\n\n<p><a href=\"http:\/\/www.valonkuvia.fi\/blogi\/kirjahylly\/jazzkirjahylly\/\">Jazzkirjahylly<\/a>; jazzia k\u00e4sittelev\u00e4\u00e4 kirjallisuutta. Sivulla on lyhyet esittelyt kirjoista.<\/p>\n<\/div>\n\n\n\n<div class=\"wp-block-column is-vertically-aligned-center is-layout-flow wp-block-column-is-layout-flow\" style=\"flex-basis:5px\"><\/div>\n\n\n\n<div class=\"wp-block-column is-layout-flow wp-block-column-is-layout-flow\">\n<h3 class=\"wp-block-heading\">Valokuvakirjahylly<\/h3>\n\n\n\n<figure class=\"wp-block-image size-large is-style-default\"><img data-recalc-dims=\"1\" loading=\"lazy\" decoding=\"async\" width=\"852\" height=\"479\" src=\"https:\/\/i0.wp.com\/www.valonkuvia.fi\/blogi\/wp-content\/uploads\/2023\/03\/valokuvakirjahylly-1.jpg?resize=852%2C479&#038;ssl=1\" alt=\"\" class=\"wp-image-21961\" srcset=\"https:\/\/i0.wp.com\/www.valonkuvia.fi\/blogi\/wp-content\/uploads\/2023\/03\/valokuvakirjahylly-1.jpg?resize=852%2C479&amp;ssl=1 852w, https:\/\/i0.wp.com\/www.valonkuvia.fi\/blogi\/wp-content\/uploads\/2023\/03\/valokuvakirjahylly-1.jpg?resize=426%2C240&amp;ssl=1 426w, https:\/\/i0.wp.com\/www.valonkuvia.fi\/blogi\/wp-content\/uploads\/2023\/03\/valokuvakirjahylly-1.jpg?resize=768%2C432&amp;ssl=1 768w, https:\/\/i0.wp.com\/www.valonkuvia.fi\/blogi\/wp-content\/uploads\/2023\/03\/valokuvakirjahylly-1.jpg?w=1500&amp;ssl=1 1500w\" sizes=\"auto, (max-width: 852px) 100vw, 852px\" \/><\/figure>\n\n\n\n<p><a href=\"http:\/\/www.valonkuvia.fi\/blogi\/kirjahylly\/valokuvakirjahylly\/\">Valokuvakirjahylly<\/a>; valokuvakirjoja esittelyss\u00e4. Sivulla on linkit kirjoja k\u00e4sitteleviin artikkeleihin.<\/p>\n<\/div>\n<\/div>\n","protected":false},"excerpt":{"rendered":"<p>Jazzkirjahylly Jazzkirjahylly; jazzia k\u00e4sittelev\u00e4\u00e4 kirjallisuutta. Sivulla on lyhyet esittelyt kirjoista. Valokuvakirjahylly Valokuvakirjahylly; valokuvakirjoja esittelyss\u00e4. Sivulla on linkit kirjoja k\u00e4sitteleviin artikkeleihin.<\/p>\n","protected":false},"author":1,"featured_media":24802,"parent":0,"menu_order":2,"comment_status":"closed","ping_status":"closed","template":"","meta":{"ngg_post_thumbnail":0,"footnotes":""},"class_list":["post-11653","page","type-page","status-publish","has-post-thumbnail","hentry"],"jetpack_likes_enabled":false,"jetpack_sharing_enabled":true,"_links":{"self":[{"href":"https:\/\/www.valonkuvia.fi\/blogi\/wp-json\/wp\/v2\/pages\/11653","targetHints":{"allow":["GET"]}}],"collection":[{"href":"https:\/\/www.valonkuvia.fi\/blogi\/wp-json\/wp\/v2\/pages"}],"about":[{"href":"https:\/\/www.valonkuvia.fi\/blogi\/wp-json\/wp\/v2\/types\/page"}],"author":[{"embeddable":true,"href":"https:\/\/www.valonkuvia.fi\/blogi\/wp-json\/wp\/v2\/users\/1"}],"replies":[{"embeddable":true,"href":"https:\/\/www.valonkuvia.fi\/blogi\/wp-json\/wp\/v2\/comments?post=11653"}],"version-history":[{"count":17,"href":"https:\/\/www.valonkuvia.fi\/blogi\/wp-json\/wp\/v2\/pages\/11653\/revisions"}],"predecessor-version":[{"id":22233,"href":"https:\/\/www.valonkuvia.fi\/blogi\/wp-json\/wp\/v2\/pages\/11653\/revisions\/22233"}],"wp:featuredmedia":[{"embeddable":true,"href":"https:\/\/www.valonkuvia.fi\/blogi\/wp-json\/wp\/v2\/media\/24802"}],"wp:attachment":[{"href":"https:\/\/www.valonkuvia.fi\/blogi\/wp-json\/wp\/v2\/media?parent=11653"}],"curies":[{"name":"wp","href":"https:\/\/api.w.org\/{rel}","templated":true}]}}