{"id":11655,"date":"2017-07-19T10:07:43","date_gmt":"2017-07-19T08:07:43","guid":{"rendered":"http:\/\/www.valonkuvia.fi\/blogi\/?page_id=11655"},"modified":"2024-10-15T23:36:19","modified_gmt":"2024-10-15T20:36:19","slug":"valokuvakirjahylly","status":"publish","type":"page","link":"https:\/\/www.valonkuvia.fi\/blogi\/kirjahylly\/valokuvakirjahylly\/","title":{"rendered":"Valokuvakirjahylly"},"content":{"rendered":"\n<figure class=\"wp-block-image alignwide size-large is-style-default\"><img data-recalc-dims=\"1\" loading=\"lazy\" decoding=\"async\" width=\"852\" height=\"479\" src=\"https:\/\/i0.wp.com\/www.valonkuvia.fi\/blogi\/wp-content\/uploads\/2023\/03\/valokuvakirjahylly-1.jpg?resize=852%2C479&#038;ssl=1\" alt=\"\" class=\"wp-image-21961\" srcset=\"https:\/\/i0.wp.com\/www.valonkuvia.fi\/blogi\/wp-content\/uploads\/2023\/03\/valokuvakirjahylly-1.jpg?resize=852%2C479&amp;ssl=1 852w, https:\/\/i0.wp.com\/www.valonkuvia.fi\/blogi\/wp-content\/uploads\/2023\/03\/valokuvakirjahylly-1.jpg?resize=426%2C240&amp;ssl=1 426w, https:\/\/i0.wp.com\/www.valonkuvia.fi\/blogi\/wp-content\/uploads\/2023\/03\/valokuvakirjahylly-1.jpg?resize=768%2C432&amp;ssl=1 768w, https:\/\/i0.wp.com\/www.valonkuvia.fi\/blogi\/wp-content\/uploads\/2023\/03\/valokuvakirjahylly-1.jpg?w=1500&amp;ssl=1 1500w\" sizes=\"auto, (max-width: 852px) 100vw, 852px\" \/><\/figure>\n\n\n\n<p>Kokoan \u201d<em>Valokuvakirjahyllylle<\/em>\u201d poimintoja omista valokuvakirjoistani. Kirjat k\u00e4sittelev\u00e4t valokuvaajia, valokuvauksen historiaa tai valokuvauksen ilmaisua. Tekniikkaan keskittyvi\u00e4 kirjoja esittelyyn tuskin tulee.<\/p>\n\n\n\n<p><a href=\"https:\/\/www.valonkuvia.fi\/blogi\/melissa-harris-josef-koudelka-next\/\">Melissa Harris: Josef Koudelka. Next. A Visual Biography<\/a>; Josef Koudelkan el\u00e4m\u00e4kerta<\/p>\n\n\n\n<p><a href=\"https:\/\/www.valonkuvia.fi\/blogi\/sata-vuotta-kansanmurhan-jalkeen\/\">Kathryn Cook: Memory of Trees<\/a>; hiipuvia muistoja kansanmurhasta<\/p>\n\n\n\n<p><a href=\"https:\/\/bit.ly\/2VY7Lxc\">Christer Landergren: Body and Soul<\/a>, ruotsalaisen jazzkuvauksen mestari<\/p>\n\n\n\n<p><a href=\"https:\/\/www.valonkuvia.fi\/blogi\/divariloyto-a-pictorial-history-of-jazz-revised-edition-bonanza-books-1981\/\">&nbsp;A Pictorial History of Jazz: Revised Edition<\/a>; kirja esittelee jazzin vaiheita ja jazzmuusikkoja suurinpiirtein kronologisessa j\u00e4rjestyksess\u00e4 New Orleansista 1960-luvun free jazziin saakka.<\/p>\n\n\n\n<p><a href=\"http:\/\/www.valonkuvia.fi\/blogi\/stephen-shore-the-nature-of-photographs\/\">Stephen Shore: The Nature of Photographs<\/a>; kuinka todellisuus muuntuu valokuvaksi?<\/p>\n\n\n\n<p><a href=\"http:\/\/www.valonkuvia.fi\/blogi\/john-szarkowski-the-photographers-eye\/\">John Szarkowski \u2013 The Photographer\u00b4s Eye<\/a>; klassikko<\/p>\n\n\n\n<p><a href=\"http:\/\/www.valonkuvia.fi\/blogi\/3-x-valokuvakirja-romaneista\/\">3 x valokuvakirja romaneista<\/a>; Koudelka, Eskildsen &amp; Savolainen<\/p>\n\n\n\n<p><a href=\"http:\/\/www.valonkuvia.fi\/blogi\/instant-light-andrei-tarkovskin-polaroid-kuvia\/\">Instant Light<\/a>; pieni on kaunista \u2013 Andrei Tarkovskin Polaroid-kuvia<\/p>\n\n\n\n<p><a href=\"http:\/\/www.valonkuvia.fi\/blogi\/heikki-willamon-vuosi-metsassa-nayttely-ja-kirja\/\">Heikki Willamo: Vuosi mets\u00e4ss\u00e4<\/a>; n\u00e4yttely ja kirja<\/p>\n\n\n\n<p><a href=\"http:\/\/www.valonkuvia.fi\/blogi\/jazzvalokuvauksen-historiaa-benjamin-cawthra-blue-notes-in-black-and-white\/\">Benjamin Cawthra: Blue Notes in Black and White<\/a>; jazzvalokuvauksen historiaa<\/p>\n\n\n\n<p><a href=\"http:\/\/www.valonkuvia.fi\/blogi\/dasberlinbuch\/\">Ben Kaila: Das Berlin Buch<\/a>; hyl\u00e4ttyj\u00e4 tavaroita, rappeutuvia puistoja, unohtuneita patsaita.<\/p>\n\n\n\n<p><a href=\"http:\/\/www.valonkuvia.fi\/blogi\/chris-killip-arbeitwork\/\">Chris Killip \u2013 Arbeit\/Work<\/a>; \u201d<em>Arbeit\/Work<\/em>\u201d sis\u00e4lt\u00e4\u00e4 kokonaan mustavalkoisia kuvia, joissa on koko ajan l\u00e4sn\u00e4 vahvasti valokuvauksen peruselementit; aika, paikka, valo, oikea hetki.<\/p>\n","protected":false},"excerpt":{"rendered":"<p>Kokoan \u201dValokuvakirjahyllylle\u201d poimintoja omista valokuvakirjoistani. Kirjat k\u00e4sittelev\u00e4t valokuvaajia, valokuvauksen historiaa tai valokuvauksen ilmaisua. Tekniikkaan keskittyvi\u00e4 kirjoja esittelyyn tuskin tulee. Melissa Harris: Josef Koudelka. Next. A Visual Biography; Josef Koudelkan el\u00e4m\u00e4kerta Kathryn Cook: Memory of Trees; hiipuvia muistoja kansanmurhasta Christer Landergren: Body and Soul, ruotsalaisen jazzkuvauksen mestari &nbsp;A Pictorial History of Jazz: Revised Edition; kirja esittelee [&hellip;]<\/p>\n","protected":false},"author":1,"featured_media":0,"parent":11653,"menu_order":2,"comment_status":"closed","ping_status":"closed","template":"","meta":{"ngg_post_thumbnail":0,"footnotes":""},"class_list":["post-11655","page","type-page","status-publish","hentry"],"jetpack_likes_enabled":false,"jetpack_sharing_enabled":true,"_links":{"self":[{"href":"https:\/\/www.valonkuvia.fi\/blogi\/wp-json\/wp\/v2\/pages\/11655","targetHints":{"allow":["GET"]}}],"collection":[{"href":"https:\/\/www.valonkuvia.fi\/blogi\/wp-json\/wp\/v2\/pages"}],"about":[{"href":"https:\/\/www.valonkuvia.fi\/blogi\/wp-json\/wp\/v2\/types\/page"}],"author":[{"embeddable":true,"href":"https:\/\/www.valonkuvia.fi\/blogi\/wp-json\/wp\/v2\/users\/1"}],"replies":[{"embeddable":true,"href":"https:\/\/www.valonkuvia.fi\/blogi\/wp-json\/wp\/v2\/comments?post=11655"}],"version-history":[{"count":25,"href":"https:\/\/www.valonkuvia.fi\/blogi\/wp-json\/wp\/v2\/pages\/11655\/revisions"}],"predecessor-version":[{"id":26133,"href":"https:\/\/www.valonkuvia.fi\/blogi\/wp-json\/wp\/v2\/pages\/11655\/revisions\/26133"}],"up":[{"embeddable":true,"href":"https:\/\/www.valonkuvia.fi\/blogi\/wp-json\/wp\/v2\/pages\/11653"}],"wp:attachment":[{"href":"https:\/\/www.valonkuvia.fi\/blogi\/wp-json\/wp\/v2\/media?parent=11655"}],"curies":[{"name":"wp","href":"https:\/\/api.w.org\/{rel}","templated":true}]}}