{"id":1238,"date":"2011-11-08T09:53:55","date_gmt":"2011-11-08T07:53:55","guid":{"rendered":"http:\/\/www.valonkuvia.fi\/blogi\/?page_id=1238"},"modified":"2011-11-08T09:57:03","modified_gmt":"2011-11-08T07:57:03","slug":"christian-jormin-3-sol-salutis","status":"publish","type":"page","link":"https:\/\/www.valonkuvia.fi\/blogi\/jazzjutut\/levyarviot-j-l\/christian-jormin-3-sol-salutis\/","title":{"rendered":"Christian Jormin 3: Sol salutis"},"content":{"rendered":"<p>Christian Jormin on soittanut paljon rumpuja, mm. 1980-luvull Entra Live-yhtyeess\u00e4 yhdess\u00e4 veljens\u00e4 Andersin kanssa. Sittemmin h\u00e4n on yh\u00e4 enemm\u00e4n siirtynyt toisen instrumenttinsa pianon \u00e4\u00e4relle. Jormin k\u00e4ytt\u00e4\u00e4kin trionsa uudella levyll\u00e4 molempia soittimiaan ja n\u00e4in trio saa uuden ulottuvuuden, oman persoonallisen soundinsa, varsinkin kun sek\u00e4 Jormin ett\u00e4 trion p\u00e4\u00e4asiallinen rumpali Magnus Boqvist l\u00e4hestyv\u00e4t ly\u00f6m\u00e4soittimia hyvin sounditietoisesti. Ly\u00f6m\u00e4soittimet eiv\u00e4t ole heille siis pelk\u00e4st\u00e4\u00e4n rytmin tuottamisen v\u00e4lineit\u00e4, vaan yht\u00e4lailla rikkaiden ja dynaamisten soundien l\u00e4hteit\u00e4. Hyvi\u00e4 esimerkkej\u00e4 ovat levyn nimikappale, joka on Jorminin ly\u00f6m\u00e4soitinsoolo sek\u00e4 ly\u00f6m\u00e4soitinduetolla alkava &#8221;Det finns en v\u00e4g&#8221;.<\/p>\n<p>Levyn ohjelmisto koostuu ruotsalaisista virsis\u00e4velmist\u00e4 ja Jorminin s\u00e4vellyksist\u00e4. Trion tulkinnat virsist\u00e4 ovat hyvin ep\u00e4virsim\u00e4isi\u00e4. Esimerkiksi &#8221;I hoppet&#8221; on yll\u00e4tt\u00e4v\u00e4sti levyn perinteisint\u00e4 pianotrion svengijazzia ja avausraita &#8221;Det t\u00e4nds ett ljus&#8221; rakentuu hellitt\u00e4m\u00e4tt\u00e4 jatkuvalla basso-ostinatolle ja virren kauniiseen melodiaan viitataan vasta aivan lopussa. &#8221;Sol Salutis&#8221; on aivan erinomainen levy, t\u00e4ynn\u00e4 hiljaisen intensiteetin musiikkia, jonka voimaa huolimattomasti kuunteleva ei onnistu tavoittamaan. Musiikki v\u00e4ltt\u00e4\u00e4 suuria eleit\u00e4 ja se palaa ulkoisesti pienell\u00e4 liekill\u00e4, mutta polte kest\u00e4\u00e4 ja j\u00e4\u00e4 el\u00e4m\u00e4\u00e4n kuulijan mieleen. <\/p>\n<p><strong>Christian Jormin 3: Sol salutis<\/strong> Footprint FRCD 019<\/p>\n<p>Christian Jormin; piano, rummut, ly\u00f6m\u00e4soittimet, Mattias Gr\u00f6nroos; basso, Magnus Boqvist; rummut, ly\u00f6m\u00e4soittimet<\/p>\n<p>11.4.2005<\/p>\n","protected":false},"excerpt":{"rendered":"<p>Christian Jormin on soittanut paljon rumpuja, mm. 1980-luvull Entra Live-yhtyeess\u00e4 yhdess\u00e4 veljens\u00e4 Andersin kanssa. Sittemmin h\u00e4n on yh\u00e4 enemm\u00e4n siirtynyt toisen instrumenttinsa pianon \u00e4\u00e4relle. Jormin k\u00e4ytt\u00e4\u00e4kin trionsa uudella levyll\u00e4 molempia soittimiaan ja n\u00e4in trio saa uuden ulottuvuuden, oman persoonallisen soundinsa, varsinkin kun sek\u00e4 Jormin ett\u00e4 trion p\u00e4\u00e4asiallinen rumpali Magnus Boqvist l\u00e4hestyv\u00e4t ly\u00f6m\u00e4soittimia hyvin sounditietoisesti. Ly\u00f6m\u00e4soittimet [&hellip;]<\/p>\n","protected":false},"author":1,"featured_media":0,"parent":1232,"menu_order":3,"comment_status":"open","ping_status":"open","template":"onecolumn-page.php","meta":{"ngg_post_thumbnail":0,"footnotes":""},"class_list":["post-1238","page","type-page","status-publish","hentry"],"jetpack_likes_enabled":false,"jetpack_sharing_enabled":true,"_links":{"self":[{"href":"https:\/\/www.valonkuvia.fi\/blogi\/wp-json\/wp\/v2\/pages\/1238","targetHints":{"allow":["GET"]}}],"collection":[{"href":"https:\/\/www.valonkuvia.fi\/blogi\/wp-json\/wp\/v2\/pages"}],"about":[{"href":"https:\/\/www.valonkuvia.fi\/blogi\/wp-json\/wp\/v2\/types\/page"}],"author":[{"embeddable":true,"href":"https:\/\/www.valonkuvia.fi\/blogi\/wp-json\/wp\/v2\/users\/1"}],"replies":[{"embeddable":true,"href":"https:\/\/www.valonkuvia.fi\/blogi\/wp-json\/wp\/v2\/comments?post=1238"}],"version-history":[{"count":3,"href":"https:\/\/www.valonkuvia.fi\/blogi\/wp-json\/wp\/v2\/pages\/1238\/revisions"}],"predecessor-version":[{"id":1240,"href":"https:\/\/www.valonkuvia.fi\/blogi\/wp-json\/wp\/v2\/pages\/1238\/revisions\/1240"}],"up":[{"embeddable":true,"href":"https:\/\/www.valonkuvia.fi\/blogi\/wp-json\/wp\/v2\/pages\/1232"}],"wp:attachment":[{"href":"https:\/\/www.valonkuvia.fi\/blogi\/wp-json\/wp\/v2\/media?parent=1238"}],"curies":[{"name":"wp","href":"https:\/\/api.w.org\/{rel}","templated":true}]}}