{"id":13996,"date":"2019-06-23T15:16:41","date_gmt":"2019-06-23T12:16:41","guid":{"rendered":"https:\/\/www.valonkuvia.fi\/blogi\/?page_id=13996"},"modified":"2025-01-18T17:55:00","modified_gmt":"2025-01-18T15:55:00","slug":"levyhyllysta","status":"publish","type":"page","link":"https:\/\/www.valonkuvia.fi\/blogi\/jazzjutut\/levyhyllysta\/","title":{"rendered":"Levyhyllyst\u00e4"},"content":{"rendered":"\n<p>Uuden musiikin jatkuva virta uhkaa haudata unohduksiin menneiden vuosien hienot levytykset. Siksi nostan \u201c<em>Levyhyllyst\u00e4<\/em>\u201d-sarjassa esille vanhoja suosikkejani ja liit\u00e4n mukaan noin sadan sanan mittaisen luonnehdinnan. Sarjan levyt ovat omalla rahalla ostettuja, eiv\u00e4t siis arvostelukappaleita. Valitsen poimintoihin cd-julkaisuja, sill\u00e4 vinyylilevyj\u00e4 esittelen \u201c<a href=\"https:\/\/www.valonkuvia.fi\/blogi\/jazzjutut\/vinyylin-viehatys\/\">Vinyylin vieh\u00e4tys<\/a>\u201d -sarjassa.<\/p>\n\n\n\n<p>Sarja p\u00e4ivittyy pikkuhiljaa ilman aikataulua. <strong>Huomio 3.3.2021<\/strong>: Sarjasta n\u00e4ytt\u00e4\u00e4 tulevan 1990-luvun jazzhuippujen esittely.<\/p>\n\n\n\n<h3 class=\"wp-block-heading\">Sarjassa julkaistut esittelyt:<\/h3>\n\n\n\n<ul class=\"wp-block-list\">\n<li>Levyhyllyst\u00e4 1 &#8211; <a href=\"https:\/\/www.valonkuvia.fi\/blogi\/poimintoja-1-paul-motian-bill-evans-jmt-music-1990\/\">Paul Motian: Bill Evans (JMT Music, 1990)<\/a><\/li>\n\n\n\n<li>Levyhyllyst\u00e4 2 &#8211; <a href=\"https:\/\/www.valonkuvia.fi\/blogi\/bobby-previte-weather-clear-track-fast\/\">Bobby Previte: Weather Clear, Track Fast (Enja, 1991)<\/a><\/li>\n\n\n\n<li>Levyhyllyst\u00e4 3 &#8211; <a href=\"https:\/\/www.valonkuvia.fi\/blogi\/joachim-kuhn-die-dreigroschenoper\/\">Joachim K\u00fchn\/Daniel Humair\/Jean-Fran\u00e7ois Jenny-Clark: Die Dreigroschenoper (Verve, 1996)<\/a><\/li>\n\n\n\n<li>Levyhyllyst\u00e4 4 &#8211; <a href=\"https:\/\/www.valonkuvia.fi\/blogi\/crispell-peacock-motian-nothing-ever-was-anyway\/\">Marilyn Crispell\/Gary Peacock\/Paul Motian: Nothing ever was. Anyway. (ECM, 1997)<\/a><\/li>\n\n\n\n<li>Levyhyllyst\u00e4 5 \u2013 <a href=\"https:\/\/www.valonkuvia.fi\/blogi\/john-carter-roots-and-folklore\/\">John Carter: Roots and Folklore: Episodes in the Development of American Folk Music (Black Saint &amp; Gramavision, 1982 &#8211; 1989)<\/a><\/li>\n\n\n\n<li>Levyhyllyst\u00e4 6 &#8211; <a href=\"https:\/\/www.valonkuvia.fi\/blogi\/henri-texier-respect\/\">Henri Texier: Respect (Label Bleu, 1997)<\/a><\/li>\n\n\n\n<li>Levyhyllyst\u00e4 7 &#8211; <a href=\"https:\/\/www.valonkuvia.fi\/blogi\/koivistoinen-dialog\/\">Eero Koivistoinen: Dialog (L+R Records, 1995)<\/a><\/li>\n\n\n\n<li>Levyhyllyst\u00e4 8 &#8211; <a href=\"https:\/\/www.valonkuvia.fi\/blogi\/ralph-petersons-ornettology\/\">Ralph Peterson\u00b4s Fo\u00b4tet: Ornettology (Blue Note, 1991)<\/a><\/li>\n\n\n\n<li>Levyhyllyst\u00e4 9 &#8211; <a href=\"https:\/\/www.valonkuvia.fi\/blogi\/levyhyllysta-9-mario-pavone-toulon-days-new-world-countercurrents-1992\/\">Mario Pavone: Toulon Days (New World\/Countercurrents, 1992)<\/a><\/li>\n\n\n\n<li>Levyhyllyst\u00e4 10 &#8211; <a href=\"https:\/\/www.valonkuvia.fi\/blogi\/levyhsamuli-mikkonen-korpea-kuunnellessa\/\">Samuli Mikkonen: Korpea kuunnellessa (omakustanne, 1998)<\/a><\/li>\n\n\n\n<li>Levyhyllyst\u00e4 11 &#8211; <a href=\"https:\/\/www.valonkuvia.fi\/blogi\/levyhyllysta-11-don-grolnickin-blue-note-levyt\/\" data-type=\"post\" data-id=\"26400\">Don Grolnickin Blue Note -levyt Weaver of Dreams ja Nighttown<\/a> (Blue Note 1990 ja 1992)<\/li>\n<\/ul>\n","protected":false},"excerpt":{"rendered":"<p>Uuden musiikin jatkuva virta uhkaa haudata unohduksiin menneiden vuosien hienot levytykset. Siksi nostan \u201cLevyhyllyst\u00e4\u201d-sarjassa esille vanhoja suosikkejani ja liit\u00e4n mukaan noin sadan sanan mittaisen luonnehdinnan. Sarjan levyt ovat omalla rahalla ostettuja, eiv\u00e4t siis arvostelukappaleita. Valitsen poimintoihin cd-julkaisuja, sill\u00e4 vinyylilevyj\u00e4 esittelen \u201cVinyylin vieh\u00e4tys\u201d -sarjassa. Sarja p\u00e4ivittyy pikkuhiljaa ilman aikataulua. Huomio 3.3.2021: Sarjasta n\u00e4ytt\u00e4\u00e4 tulevan 1990-luvun jazzhuippujen [&hellip;]<\/p>\n","protected":false},"author":1,"featured_media":0,"parent":116,"menu_order":0,"comment_status":"closed","ping_status":"closed","template":"","meta":{"ngg_post_thumbnail":0,"footnotes":""},"class_list":["post-13996","page","type-page","status-publish","hentry"],"jetpack_likes_enabled":false,"jetpack_sharing_enabled":true,"_links":{"self":[{"href":"https:\/\/www.valonkuvia.fi\/blogi\/wp-json\/wp\/v2\/pages\/13996","targetHints":{"allow":["GET"]}}],"collection":[{"href":"https:\/\/www.valonkuvia.fi\/blogi\/wp-json\/wp\/v2\/pages"}],"about":[{"href":"https:\/\/www.valonkuvia.fi\/blogi\/wp-json\/wp\/v2\/types\/page"}],"author":[{"embeddable":true,"href":"https:\/\/www.valonkuvia.fi\/blogi\/wp-json\/wp\/v2\/users\/1"}],"replies":[{"embeddable":true,"href":"https:\/\/www.valonkuvia.fi\/blogi\/wp-json\/wp\/v2\/comments?post=13996"}],"version-history":[{"count":30,"href":"https:\/\/www.valonkuvia.fi\/blogi\/wp-json\/wp\/v2\/pages\/13996\/revisions"}],"predecessor-version":[{"id":26445,"href":"https:\/\/www.valonkuvia.fi\/blogi\/wp-json\/wp\/v2\/pages\/13996\/revisions\/26445"}],"up":[{"embeddable":true,"href":"https:\/\/www.valonkuvia.fi\/blogi\/wp-json\/wp\/v2\/pages\/116"}],"wp:attachment":[{"href":"https:\/\/www.valonkuvia.fi\/blogi\/wp-json\/wp\/v2\/media?parent=13996"}],"curies":[{"name":"wp","href":"https:\/\/api.w.org\/{rel}","templated":true}]}}