{"id":17566,"date":"2020-12-01T19:41:08","date_gmt":"2020-12-01T17:41:08","guid":{"rendered":"https:\/\/www.valonkuvia.fi\/blogi\/?page_id=17566"},"modified":"2025-05-27T07:46:51","modified_gmt":"2025-05-27T04:46:51","slug":"armenian-huhtikuu-2011","status":"publish","type":"page","link":"https:\/\/www.valonkuvia.fi\/blogi\/armenia-maa-kaukasuksella\/armenian-huhtikuu-2011\/","title":{"rendered":"Armenian huhtikuu 2011"},"content":{"rendered":"\n<p>Kuvaesitys on kuvattu huhtikuussa 2011 ja se kest\u00e4\u00e4 reilut 16 minuuttia. Kuvaesityksess\u00e4 kuljetaan Jerevanin katuja ja kylien raitteja, vietet\u00e4\u00e4n p\u00e4\u00e4si\u00e4ist\u00e4 P. Zoravorin kirkossa ja osallistutaan kansanmurhan muistoksi j\u00e4rjestettyyn soihtukulkueeseen.<\/p>\n\n\n\n<p><iframe loading=\"lazy\" src=\"http:\/\/player.vimeo.com\/video\/24838583?title=0&amp;byline=0&amp;portrait=0\" width=\"600\" height=\"337\" frameborder=\"0\" allowfullscreen=\"allowfullscreen\"><\/iframe><\/p>\n","protected":false},"excerpt":{"rendered":"<p>Kuvaesitys on kuvattu huhtikuussa 2011 ja se kest\u00e4\u00e4 reilut 16 minuuttia. Kuvaesityksess\u00e4 kuljetaan Jerevanin katuja ja kylien raitteja, vietet\u00e4\u00e4n p\u00e4\u00e4si\u00e4ist\u00e4 P. Zoravorin kirkossa ja osallistutaan kansanmurhan muistoksi j\u00e4rjestettyyn soihtukulkueeseen.<\/p>\n","protected":false},"author":1,"featured_media":0,"parent":2571,"menu_order":5,"comment_status":"closed","ping_status":"closed","template":"","meta":{"ngg_post_thumbnail":0,"footnotes":""},"class_list":["post-17566","page","type-page","status-publish","hentry"],"jetpack_likes_enabled":false,"jetpack_sharing_enabled":true,"_links":{"self":[{"href":"https:\/\/www.valonkuvia.fi\/blogi\/wp-json\/wp\/v2\/pages\/17566","targetHints":{"allow":["GET"]}}],"collection":[{"href":"https:\/\/www.valonkuvia.fi\/blogi\/wp-json\/wp\/v2\/pages"}],"about":[{"href":"https:\/\/www.valonkuvia.fi\/blogi\/wp-json\/wp\/v2\/types\/page"}],"author":[{"embeddable":true,"href":"https:\/\/www.valonkuvia.fi\/blogi\/wp-json\/wp\/v2\/users\/1"}],"replies":[{"embeddable":true,"href":"https:\/\/www.valonkuvia.fi\/blogi\/wp-json\/wp\/v2\/comments?post=17566"}],"version-history":[{"count":5,"href":"https:\/\/www.valonkuvia.fi\/blogi\/wp-json\/wp\/v2\/pages\/17566\/revisions"}],"predecessor-version":[{"id":26869,"href":"https:\/\/www.valonkuvia.fi\/blogi\/wp-json\/wp\/v2\/pages\/17566\/revisions\/26869"}],"up":[{"embeddable":true,"href":"https:\/\/www.valonkuvia.fi\/blogi\/wp-json\/wp\/v2\/pages\/2571"}],"wp:attachment":[{"href":"https:\/\/www.valonkuvia.fi\/blogi\/wp-json\/wp\/v2\/media?parent=17566"}],"curies":[{"name":"wp","href":"https:\/\/api.w.org\/{rel}","templated":true}]}}

<p>Kuvaesitys on kuvattu huhtikuussa 2011 ja se kestää reilut 16 minuuttia. Kuvaesityksessä kuljetaan Jerevanin katuja ja kylien raitteja, vietetään pääsiäistä P. Zoravorin kirkossa ja osallistutaan kansanmurhan muistoksi järjestettyyn soihtukulkueeseen.</p>



<p><iframe loading="lazy" src="http://player.vimeo.com/video/24838583?title=0&amp;byline=0&amp;portrait=0" width="600" height="337" frameborder="0" allowfullscreen="allowfullscreen"></iframe></p>

<p>Kuvaesitys on kuvattu huhtikuussa 2011 ja se kestää reilut 16 minuuttia. Kuvaesityksessä kuljetaan Jerevanin katuja ja kylien raitteja, vietetään pääsiäistä P. Zoravorin kirkossa ja osallistutaan kansanmurhan muistoksi järjestettyyn soihtukulkueeseen.</p>
