{"id":1931,"date":"2012-01-21T19:02:03","date_gmt":"2012-01-21T17:02:03","guid":{"rendered":"http:\/\/www.valonkuvia.fi\/blogi\/?page_id=1931"},"modified":"2012-01-21T19:02:03","modified_gmt":"2012-01-21T17:02:03","slug":"roscoe-mitchell-and-the-note-factory-nine-to-get-ready","status":"publish","type":"page","link":"https:\/\/www.valonkuvia.fi\/blogi\/jazzjutut\/levyarvioita-m-p\/roscoe-mitchell-and-the-note-factory-nine-to-get-ready\/","title":{"rendered":"Roscoe Mitchell And The Note Factory: Nine To Get Ready"},"content":{"rendered":"<p>Roscoe Mitchellin nimekk\u00e4ist\u00e4 nykyjazzmuusikoista koottu Note Factory on varsin erikoinen iso orkesteri. Yhtyeess\u00e4 soittaa kolmen puhaltajan lis\u00e4ksi todella tukeva komppiryhm\u00e4; kaksi pianistia, basistia ja rumpalia! Vaikka Note Factory koostuu vahvoista improvisoijista, levyn vahvinta antia eiv\u00e4t ole yksitt\u00e4iset soolot, vaan s\u00e4vellysten ja soolojen kiinte\u00e4, kollektiivinen kokonaisuus, kuten kauniilla avauskappaleella &#8221;Leola&#8221;. Kokonaisuuden tunne on luonnollista, sill\u00e4 Mitchell ei n\u00e4e improvisaation ja s\u00e4vellyksen v\u00e4lill\u00e4 suurtakaan eroa. H\u00e4nen mukaansa spontaani improvisaatio edellytt\u00e4\u00e4 monien asioiden kontrolloimista ja toisaalta s\u00e4velt\u00e4j\u00e4ll\u00e4 on vapaus valita monista eri mahdollisuuksista. Harvinainen tuplakomppi korostaa viel\u00e4 lis\u00e4\u00e4 yhten\u00e4isyyden vaikutelmaa. Musiikki ik\u00e4\u00e4n kuin lep\u00e4\u00e4 tukevalla alustalla, josta yksitt\u00e4isten komppimuusikoiden osuus nousee esille vain harvoin. <\/p>\n<p>Vahvoja sooloja toki kuullaan, kuten yhtyeenjohtajan kiertohengitt\u00e4m\u00e4ll\u00e4 minuuttitolkulla jatkama sopraanopuristus s\u00e4vellyksell\u00e4 &#8221;Hop Hip Bip Bir Rip&#8221;. Kappaleilla &#8221;Dream And Response&#8221; ja &#8221;Move Toward Light&#8221; hyvin vapaat \u00e4\u00e4net ja \u00e4\u00e4nten v\u00e4liset joskus pitk\u00e4t tauot luovat tilavaikutelman. T\u00e4llainen \u00e4\u00e4niarkkitehtuuri on per\u00e4isin  Mitchellin jo vuonna 1966 ilmestyneelt\u00e4 debyyttilevylt\u00e4 Sound, joka rakentui \u00e4\u00e4nten ja hiljaisuuden v\u00e4lisille j\u00e4nnitteille. My\u00f6s kaunis balladi &#8221;For Lester B.&#8221; liittyy s\u00e4velt\u00e4j\u00e4n menneisyyteen, sill\u00e4 se tietenkin viittaa Art Ensemble Of Chicago-yhtyeeseen, jossa Mitchell ja trumpetisti Lester Bowie ovat yhdess\u00e4 pitk\u00e4\u00e4n soittaneet. <\/p>\n<p>Nine To Get Ready kokoaa yhteen monia Mitchellin pitk\u00e4n uran aikana kiteytyneit\u00e4 ideoita ja esittelee j\u00e4nnitt\u00e4v\u00e4n muusikkokollektiivin, jota olisi varmasti hienoa kuulla liven\u00e4. Levy ei tarjoa kuulijalle varsinaisesti mit\u00e4\u00e4n aivan ennenkuulumatonta, mutta on silti hyvin mielenkiintoinen ja miellytt\u00e4v\u00e4 uutuus.<\/p>\n<p><strong>Roscoe Mitchell And The Note Factory: Nine To Get Ready<\/strong> (ECM)<br \/>\n<em>Roscoe Mitchell saksofonit, huilu; Hugh Ragin trumpetti; George Lewis pasuuna; Matthew Shipp, Craig Taborn piano; Jaribu Shahid, William Parker basso; Tani Tabbal, Gerald Cleaver rummut<\/em> <\/p>\n<p>24.2.1999<\/p>\n","protected":false},"excerpt":{"rendered":"<p>Roscoe Mitchellin nimekk\u00e4ist\u00e4 nykyjazzmuusikoista koottu Note Factory on varsin erikoinen iso orkesteri. Yhtyeess\u00e4 soittaa kolmen puhaltajan lis\u00e4ksi todella tukeva komppiryhm\u00e4; kaksi pianistia, basistia ja rumpalia! Vaikka Note Factory koostuu vahvoista improvisoijista, levyn vahvinta antia eiv\u00e4t ole yksitt\u00e4iset soolot, vaan s\u00e4vellysten ja soolojen kiinte\u00e4, kollektiivinen kokonaisuus, kuten kauniilla avauskappaleella &#8221;Leola&#8221;. Kokonaisuuden tunne on luonnollista, sill\u00e4 Mitchell [&hellip;]<\/p>\n","protected":false},"author":1,"featured_media":0,"parent":1905,"menu_order":5,"comment_status":"open","ping_status":"open","template":"onecolumn-page.php","meta":{"ngg_post_thumbnail":0,"footnotes":""},"class_list":["post-1931","page","type-page","status-publish","hentry"],"jetpack_likes_enabled":false,"jetpack_sharing_enabled":true,"_links":{"self":[{"href":"https:\/\/www.valonkuvia.fi\/blogi\/wp-json\/wp\/v2\/pages\/1931","targetHints":{"allow":["GET"]}}],"collection":[{"href":"https:\/\/www.valonkuvia.fi\/blogi\/wp-json\/wp\/v2\/pages"}],"about":[{"href":"https:\/\/www.valonkuvia.fi\/blogi\/wp-json\/wp\/v2\/types\/page"}],"author":[{"embeddable":true,"href":"https:\/\/www.valonkuvia.fi\/blogi\/wp-json\/wp\/v2\/users\/1"}],"replies":[{"embeddable":true,"href":"https:\/\/www.valonkuvia.fi\/blogi\/wp-json\/wp\/v2\/comments?post=1931"}],"version-history":[{"count":1,"href":"https:\/\/www.valonkuvia.fi\/blogi\/wp-json\/wp\/v2\/pages\/1931\/revisions"}],"predecessor-version":[{"id":1932,"href":"https:\/\/www.valonkuvia.fi\/blogi\/wp-json\/wp\/v2\/pages\/1931\/revisions\/1932"}],"up":[{"embeddable":true,"href":"https:\/\/www.valonkuvia.fi\/blogi\/wp-json\/wp\/v2\/pages\/1905"}],"wp:attachment":[{"href":"https:\/\/www.valonkuvia.fi\/blogi\/wp-json\/wp\/v2\/media?parent=1931"}],"curies":[{"name":"wp","href":"https:\/\/api.w.org\/{rel}","templated":true}]}}