{"id":214,"date":"2011-07-13T10:17:33","date_gmt":"2011-07-13T07:17:33","guid":{"rendered":"http:\/\/www.valonkuvia.fi\/blogi\/?page_id=214"},"modified":"2011-07-13T10:17:33","modified_gmt":"2011-07-13T07:17:33","slug":"kesalla-soi-jazz","status":"publish","type":"page","link":"https:\/\/www.valonkuvia.fi\/blogi\/jazzjutut\/2002-2\/kesalla-soi-jazz\/","title":{"rendered":"Kes\u00e4ll\u00e4 soi jazz"},"content":{"rendered":"<p>Tuleva kes\u00e4 tarjoaa j\u00e4lleen kulttuurin yst\u00e4ville runsain mitoin erilaisia kulttuuritapahtumia. Niiden joukossa on my\u00f6s paljon jazztapahtumia p\u00e4iv\u00e4n mittaisista kyl\u00e4juhlista Pori Jazziin, joka on suurin ja tunnetuin. Olen poiminut kes\u00e4n kotimaan jazztarjonnasta joitakin yksitt\u00e4isi\u00e4 konsertteja, joihin itse saattaisin menn\u00e4 paikalle ja ostaa p\u00e4\u00e4sylipun. Valintaperusteet ovat t\u00e4ysin subjektiivisia, mink\u00e4\u00e4nlaista pyrkimyst\u00e4 puolueettomuuteen valinnoissani ei ole.<\/p>\n<p>Kes\u00e4n ensimm\u00e4inen jazzmatka voisi suuntautua Keravalle, jossa on j\u00e4rjestetty uuteen jazziin keskittyv\u00e4\u00e4 festivaalia jo yli kymmenen vuoden ajan. Lauantaina 8.6. j\u00e4rjestet\u00e4\u00e4n festivaalin p\u00e4\u00e4konsertit. Keravalla soittaa vanha suosikkini puolalainen trumpetisti Tomasz Stanko, joka on joskus v\u00e4itt\u00e4nyt soittaneensa samaa kappaletta koko 1950-luvulta alkaneen uransa ajan. Mielenkiintoinen on my\u00f6s amerikkalainen Schulldogs- yhtye, jonka kaksi saksofonistia Tim Berne ja Tony Malaby ovat kiinnostavia nimi\u00e4.<\/p>\n<p>Kes\u00e4kuun seuraava kiinnostava tapahtuma onkin sitten Tornion ja Haaparannan oma Kalottjazz &#038; Blues-festivaali. Vaikka olen mukana tapahtuman j\u00e4rjestelyiss\u00e4, uskallan nostaa ohjelmasta esille yhden nimen, nimitt\u00e4in norjalaisen basistin Arild Andersenin. Andersen on Tomasz Stankon lailla eurooppalaisen jazzin veteraani ja syv\u00e4llinen taiteilija, jonka kaikki esitykset ansaitsevat tulla kuunnelluiksi.<\/p>\n<p>Hein\u00e4kuun aikana j\u00e4rjestet\u00e4\u00e4n Suomen pisin jazzfestivaali, Jazz-Espa Helsingin Esplanadinkadulla. Espan lavalla soittaa hein\u00e4kuun ajan l\u00e4hes jokaisena arki-iltap\u00e4iv\u00e4n\u00e4 klo 16-18 joku suomalainen huippuyhtye. Valinta on vaikeaa, mutta itse poikkeaisin mieluusti paikalle ainakin 10.7. kuuntelemaan pianisti Jarmo Savolaisen John`s Sons- trioa, sill\u00e4 Savolainen sattuu olemaan Suomen paras jazzpianisti. Suomen Jazzliiton organisoiman Jazz-Espan esityksiin on tietenkin kaikilla ohikulkijoilla vapaa p\u00e4\u00e4sy.<\/p>\n<p>Hein\u00e4kuun viimeisen\u00e4 viikonloppuna eteen tulee j\u00e4lleen vaikea valinta kahden hyv\u00e4n festivaalin ja kahden hienon klarinetistin v\u00e4lill\u00e4. Nimitt\u00e4in silloin j\u00e4rjestet\u00e4\u00e4n Keitelejazz \u00c4\u00e4nekoskella ja Rantajatsit Raahessa. Keitelejazzeilla soittaa lauantaina 27.7. amerikkalainen Don Byron, jota monet arvostavat nykyjazzin parhaaksi klarinetin soittajaksi. Lis\u00e4houkuttimena \u00c4\u00e4nekoskella on viel\u00e4 v\u00e4rik\u00e4s tanskalainen iso orkesteri Pierre D\u00f8rge New Jungle Ochestra. Raahessa tarjolla on samaan aikaan italialaista laatua, kun Gianluigi Trovesi tuo Suomeen oktettinsa. Shakespearen Kes\u00e4y\u00f6n unelma-n\u00e4ytelm\u00e4\u00e4n s\u00e4velletty musiikki yhdist\u00e4\u00e4 kauniisti jazzia, klassista ja kansanmusiikkia.<\/p>\n<p>Monissa klassisen musiikin tapahtumissa on viime vuosina ollut usein yksi jazzkonsertti, jolla on yritetty laajentaa tapahtuman musiikillista ilmett\u00e4 tai kevent\u00e4\u00e4 ohjelmistoa. Jazzvalinnat ovat usein olleet mielikuvituksettomia, paras jazz on harvoin p\u00e4\u00e4ssyt esille. Turun Musiikkijuhlat elokuun puoliv\u00e4liss\u00e4 tuo kuitenkin klassisen musiikin joukossa ansiokkaasti esille vibrafonisti Severi Pyysalon taidetta. Pyysalo p\u00e4\u00e4see esille virtuoosimaisena muusikkona, uuden kamarimusiikin s\u00e4velt\u00e4j\u00e4n\u00e4 ja yhtyeenjohtajana. Mukana ovat viel\u00e4 saksofonisti Jukka Perko ja ruotsalainen maailmanluokan basisti Anders Jormin.<\/p>\n<p>Vaimoni on koettanut noudattaa periaatetta kulttuuritilaisuus kerran kuussa. Kes\u00e4ll\u00e4 ajatuksen toteuttaminen on tavallista helpompaa, kun omalla l\u00e4hiseudullakin riitt\u00e4\u00e4 monenlaista tarjontaa. Vaaditaan vain hieman vaivann\u00e4k\u00f6\u00e4 ja kulttuurin kuluttaja p\u00e4\u00e4see aivan uusien el\u00e4mysten \u00e4\u00e4relle. Jos jazz on tuntunut aiemmin vieraalta, Kalottijazz &#038; Blues-festivaalilla on hyv\u00e4 paikka kokeilla lauantaina 29.6. Tornion kirkossa, kun Sakari Kukko tulkitsee vanhoja suomalaisia virsi\u00e4.<\/p>\n<p><em>toukokuu 2002<\/em><\/p>\n","protected":false},"excerpt":{"rendered":"<p>Tuleva kes\u00e4 tarjoaa j\u00e4lleen kulttuurin yst\u00e4ville runsain mitoin erilaisia kulttuuritapahtumia. Niiden joukossa on my\u00f6s paljon jazztapahtumia p\u00e4iv\u00e4n mittaisista kyl\u00e4juhlista Pori Jazziin, joka on suurin ja tunnetuin. Olen poiminut kes\u00e4n kotimaan jazztarjonnasta joitakin yksitt\u00e4isi\u00e4 konsertteja, joihin itse saattaisin menn\u00e4 paikalle ja ostaa p\u00e4\u00e4sylipun. Valintaperusteet ovat t\u00e4ysin subjektiivisia, mink\u00e4\u00e4nlaista pyrkimyst\u00e4 puolueettomuuteen valinnoissani ei ole. Kes\u00e4n ensimm\u00e4inen jazzmatka [&hellip;]<\/p>\n","protected":false},"author":1,"featured_media":0,"parent":151,"menu_order":0,"comment_status":"open","ping_status":"open","template":"onecolumn-page.php","meta":{"ngg_post_thumbnail":0,"footnotes":""},"class_list":["post-214","page","type-page","status-publish","hentry"],"jetpack_likes_enabled":false,"jetpack_sharing_enabled":true,"_links":{"self":[{"href":"https:\/\/www.valonkuvia.fi\/blogi\/wp-json\/wp\/v2\/pages\/214","targetHints":{"allow":["GET"]}}],"collection":[{"href":"https:\/\/www.valonkuvia.fi\/blogi\/wp-json\/wp\/v2\/pages"}],"about":[{"href":"https:\/\/www.valonkuvia.fi\/blogi\/wp-json\/wp\/v2\/types\/page"}],"author":[{"embeddable":true,"href":"https:\/\/www.valonkuvia.fi\/blogi\/wp-json\/wp\/v2\/users\/1"}],"replies":[{"embeddable":true,"href":"https:\/\/www.valonkuvia.fi\/blogi\/wp-json\/wp\/v2\/comments?post=214"}],"version-history":[{"count":1,"href":"https:\/\/www.valonkuvia.fi\/blogi\/wp-json\/wp\/v2\/pages\/214\/revisions"}],"predecessor-version":[{"id":215,"href":"https:\/\/www.valonkuvia.fi\/blogi\/wp-json\/wp\/v2\/pages\/214\/revisions\/215"}],"up":[{"embeddable":true,"href":"https:\/\/www.valonkuvia.fi\/blogi\/wp-json\/wp\/v2\/pages\/151"}],"wp:attachment":[{"href":"https:\/\/www.valonkuvia.fi\/blogi\/wp-json\/wp\/v2\/media?parent=214"}],"curies":[{"name":"wp","href":"https:\/\/api.w.org\/{rel}","templated":true}]}}