{"id":222,"date":"2011-07-13T10:26:29","date_gmt":"2011-07-13T07:26:29","guid":{"rendered":"http:\/\/www.valonkuvia.fi\/blogi\/?page_id=222"},"modified":"2011-10-20T17:55:43","modified_gmt":"2011-10-20T14:55:43","slug":"jazzin-henki","status":"publish","type":"page","link":"https:\/\/www.valonkuvia.fi\/blogi\/jazzjutut\/2002-2\/jazzin-henki\/","title":{"rendered":"Jazzin henki"},"content":{"rendered":"<p>Jazzmusiikki on parhaimmillaan, kun siit\u00e4 p\u00e4\u00e4see nauttimaan konserttisalin rauhassa tai klubin h\u00e4myss\u00e4. T\u00e4h\u00e4n v\u00e4itteeseen t\u00f6rm\u00e4\u00e4 usein, mik\u00e4 ei tietenk\u00e4\u00e4n ole ihme, sill\u00e4 el\u00e4v\u00e4n\u00e4 koettuna muusikoiden ilmeet, eleet ja katseet antavat kuulijalle omat lis\u00e4el\u00e4myksens\u00e4. Soittajien sanattoman kommunikaation seuraaminen helpottaa musiikin ymm\u00e4rt\u00e4mist\u00e4 ja kokemus on intensiivisempi kuin levy\u00e4 kotona kuunnellessa. <\/p>\n<p>Hyv\u00e4 esimerkki oli viime kes\u00e4n Kalottijazz &#038; Blues-festivaalin parhaan yhtyeen eli Arild Andersenin trion riemukas ja el\u00e4m\u00e4niloa pursunnut konsertti. Yleis\u00f6 sai nauttia upeasta ja monitasoisesta musiikista ja samalla seurata, kuinka ideat lensiv\u00e4t soittajalta toiselle ja kuinka hauskaa heill\u00e4 oli lavalla. Sama yhtye on julkaissut uuden levyn nimelt\u00e4 &#8221;The Sign&#8221;. Kaunis levy voisi muuten olla vuoden parhaita uutuuksia, jos en olisi p\u00e4\u00e4ssyt kuulemaan trioa konsertissa. Festivaalien huippukohdan j\u00e4tt\u00e4m\u00e4n voimakkaan mielikuvan rinnalla onnistunutkin levy tuntuu v\u00e4ist\u00e4m\u00e4tt\u00e4 v\u00e4h\u00e4n vaisulta.<\/p>\n<p>Jazz voi olla parhaimmillaan el\u00e4v\u00e4n\u00e4, mutta samaan aikaan voi esitt\u00e4\u00e4 paradoksaaliselta kuulostavan v\u00e4itteen, ett\u00e4 jazzia ei olisi ollenkaan olemassa ilman \u00e4\u00e4nilevyj\u00e4. Jazz on yleens\u00e4 pitk\u00e4lti improvisoitua musiikkia, jota on l\u00e4hes mahdotonta vangita nuottikirjoituksen avulla. Sanotaan, ett\u00e4 musikaaliset ihmiset pystyv\u00e4t nauttimaan klassisesta musiikista pelk\u00e4st\u00e4\u00e4n partituureja selaamalla ja tutkimalla. <\/p>\n<p>On tietenkin mahdollista kirjoittaa improvisoitu jazzsoolo nuottipaperille hyvin tarkasti, mutta paljon jazzille olennaista j\u00e4\u00e4 silloin aina tavoittamatta. Nuoteilla ei voi kuvata hyv\u00e4n jazzmuusikon persoonallista soundia tai omintakeista fraseerausta. My\u00f6sk\u00e4\u00e4n svengin el\u00e4mys ei varmasti v\u00e4lity nuottien avulla. <\/p>\n<p>Niinp\u00e4 \u00e4\u00e4nitallenne on ainoa mahdollisuus s\u00e4ilytt\u00e4\u00e4 jazzia j\u00e4lkipolvien kuultavaksi. Jos joku muusikko ei ole koskaan p\u00e4\u00e4ssyt levytt\u00e4m\u00e4\u00e4n, h\u00e4nen panoksensa musiikkiin j\u00e4\u00e4 tuntemattomaksi. T\u00e4st\u00e4 hyv\u00e4 esimerkki on kornetisti Buddy Bolden (1877-1931), joka oli er\u00e4s ensimm\u00e4isist\u00e4 nimelt\u00e4 tunnetuista New Orleansin jazzmuusikoista. <\/p>\n<p>Meill\u00e4 ei kuitenkaan ole mit\u00e4\u00e4n k\u00e4sityst\u00e4 siit\u00e4, milt\u00e4 h\u00e4nen musiikkinsa kuulosti, sill\u00e4 Bolden joutui loppuel\u00e4m\u00e4kseen mielisairaalaan vuonna 1907, kymmenen vuotta ennen kuin ensimm\u00e4iset jazzlevytykset tehtiin. Tarina tosin kertoo, ett\u00e4 Boldenin soittoa olisi tallennettu \u00e4\u00e4nilevy\u00e4 edelt\u00e4neelle vahalieri\u00f6lle, mutta \u00e4\u00e4nitett\u00e4 ei ole koskaan l\u00f6ydetty, tuskin koskaan l\u00f6ydet\u00e4\u00e4nk\u00e4\u00e4n. <\/p>\n<p>Jazzin historia on siis tallentunut meille l\u00e4hinn\u00e4 \u00e4\u00e4nilevyjen avulla. Levytykset ovat muokanneet paljon jazzin kehityst\u00e4, sill\u00e4 monet muusikot ovat vuosikymmenten varrella opetelleet uusia ideoita muiden muusikoiden levyilt\u00e4. \u00c4\u00e4nilevyjen ansiosta jazz levisi uskomattoman nopeasti syntym\u00e4maastaan USA:sta ymp\u00e4ri maailmaa ja jazzista tuli kansainv\u00e4list\u00e4 kulttuuria. <\/p>\n<p>Monesti levytys on niin onnistunut, ett\u00e4 saman tason saavuttaminen konserttitilanteessa on vaikeaa. Viime kes\u00e4n Kalottijazzeilla minulla oli kokemus t\u00e4st\u00e4kin. Sakari Kukon &#8221;Virret&#8221; -levy oli er\u00e4s vuoden 2001 parhaita levyj\u00e4, harrastunnelmainen ja herkk\u00e4 kokonaisuus. Festivaalien kirkkokonsertti ei mielest\u00e4ni valitettavasti saavuttanut samaa pys\u00e4hdytt\u00e4v\u00e4\u00e4 tunnelmaa; hauskuutta tavoitelleet v\u00e4lipuheet ja musiikin liiallinen voimakkuus rikkoivat hengen, jota olin levyn perusteella odottanut. <\/p>\n<p><em>20.10. 2002<\/em><\/p>\n","protected":false},"excerpt":{"rendered":"<p>Jazzmusiikki on parhaimmillaan, kun siit\u00e4 p\u00e4\u00e4see nauttimaan konserttisalin rauhassa tai klubin h\u00e4myss\u00e4. T\u00e4h\u00e4n v\u00e4itteeseen t\u00f6rm\u00e4\u00e4 usein, mik\u00e4 ei tietenk\u00e4\u00e4n ole ihme, sill\u00e4 el\u00e4v\u00e4n\u00e4 koettuna muusikoiden ilmeet, eleet ja katseet antavat kuulijalle omat lis\u00e4el\u00e4myksens\u00e4. Soittajien sanattoman kommunikaation seuraaminen helpottaa musiikin ymm\u00e4rt\u00e4mist\u00e4 ja kokemus on intensiivisempi kuin levy\u00e4 kotona kuunnellessa. Hyv\u00e4 esimerkki oli viime kes\u00e4n Kalottijazz &#038; [&hellip;]<\/p>\n","protected":false},"author":1,"featured_media":0,"parent":151,"menu_order":0,"comment_status":"closed","ping_status":"closed","template":"onecolumn-page.php","meta":{"ngg_post_thumbnail":0,"footnotes":""},"class_list":["post-222","page","type-page","status-publish","hentry"],"jetpack_likes_enabled":false,"jetpack_sharing_enabled":true,"_links":{"self":[{"href":"https:\/\/www.valonkuvia.fi\/blogi\/wp-json\/wp\/v2\/pages\/222","targetHints":{"allow":["GET"]}}],"collection":[{"href":"https:\/\/www.valonkuvia.fi\/blogi\/wp-json\/wp\/v2\/pages"}],"about":[{"href":"https:\/\/www.valonkuvia.fi\/blogi\/wp-json\/wp\/v2\/types\/page"}],"author":[{"embeddable":true,"href":"https:\/\/www.valonkuvia.fi\/blogi\/wp-json\/wp\/v2\/users\/1"}],"replies":[{"embeddable":true,"href":"https:\/\/www.valonkuvia.fi\/blogi\/wp-json\/wp\/v2\/comments?post=222"}],"version-history":[{"count":2,"href":"https:\/\/www.valonkuvia.fi\/blogi\/wp-json\/wp\/v2\/pages\/222\/revisions"}],"predecessor-version":[{"id":1160,"href":"https:\/\/www.valonkuvia.fi\/blogi\/wp-json\/wp\/v2\/pages\/222\/revisions\/1160"}],"up":[{"embeddable":true,"href":"https:\/\/www.valonkuvia.fi\/blogi\/wp-json\/wp\/v2\/pages\/151"}],"wp:attachment":[{"href":"https:\/\/www.valonkuvia.fi\/blogi\/wp-json\/wp\/v2\/media?parent=222"}],"curies":[{"name":"wp","href":"https:\/\/api.w.org\/{rel}","templated":true}]}}