{"id":26134,"date":"2024-10-16T22:22:26","date_gmt":"2024-10-16T19:22:26","guid":{"rendered":"https:\/\/www.valonkuvia.fi\/blogi\/?page_id=26134"},"modified":"2026-03-26T20:19:24","modified_gmt":"2026-03-26T18:19:24","slug":"kuvia-filmilla","status":"publish","type":"page","link":"https:\/\/www.valonkuvia.fi\/blogi\/kuvia-filmilla\/","title":{"rendered":"Filmikuvaajan vuodet"},"content":{"rendered":"\n<h4 class=\"wp-block-heading\">Filmi kiinnostaa j\u00e4lleen<\/h4>\n\n\n\n<p>Valokuvausmaailman uusia trendej\u00e4 on viime vuosina ollut kasvava kiinnostus filmill\u00e4 kuvaamista kohtaan. Kuvaajat luultavasti etsiv\u00e4t dokumentaarisuutta ja autenttisuutta, kun kuvia tehd\u00e4\u00e4n yh\u00e4 enemm\u00e4n teko\u00e4lyn avulla. Fyysiselle filmille valotettuun kuvaan ei pysty teko\u00e4lyll\u00e4 vaikuttamaan. Varmasti my\u00f6s filmikuvaamisen tietty hitaus ja k\u00e4sity\u00f6n tunne kiehtovat.<\/p>\n\n\n\n<p>Itse olen aloittanut valokuvaamisen jo 1970-luvulla, siis filmikuvan aikaan. Itselleni filmikuvaukseen liittyy my\u00f6s nostalginen juonne. Tornion kameraseuran kes\u00e4ll\u00e4 2024 alkaneen &#8221;<a href=\"https:\/\/www.valonkuvia.fi\/blogi\/filmikuvaajan-vuosi-1\/\" data-type=\"post\" data-id=\"25738\"><em>Filmikuvaajan vuosi<\/em><\/a>&#8221; -projektin my\u00f6t\u00e4 palasin analogisen kuvaamisen pariin. Tarkoituksena ei ole hyl\u00e4t\u00e4 digitaalista kameraa, vaan antaa filmikuvaamisen tuoda harrastukseen oman mausteensa, hieman samaan tapaan kuin &#8221;<a href=\"http:\/\/vinyylin vieh\u00e4tyshttps:\/\/www.valonkuvia.fi\/blogi\/jazzjutut\/vinyylin-viehatys\/\"><em>Vinyylin vieh\u00e4tys<\/em><\/a>&#8221; rikastaa musiikin kuuntelua. Kyse on hybridimallista, analogisen ja digitaalisen keinojen sekoittamisesta, mik\u00e4 on mielest\u00e4ni houkuttelevaa.<\/p>\n\n\n\n<p>Kokoan t\u00e4lle sivulle linkkej\u00e4 Valon kuvia -blogin filmille kuvattuun materiaaliin ja kokemuksiin, joita olen filmikuvaukseen palatessani saanut. Kuten n\u00e4kyy, projekti etenee kiireett\u00f6m\u00e4sti, mik\u00e4 toki sopii filmin luonteeseen.<\/p>\n\n\n\n<h4 class=\"wp-block-heading\">Filmikuvaajan vuosi<\/h4>\n\n\n\n<p>Alla linkkej\u00e4 filmikuvausta blogink\u00e4sitteleviin postauksiin<\/p>\n\n\n\n<ul class=\"wp-block-list\">\n<li><a href=\"https:\/\/www.valonkuvia.fi\/blogi\/filmikuvaajan-vuosi-1\/\" data-type=\"link\" data-id=\"https:\/\/www.valonkuvia.fi\/blogi\/filmikuvaajan-vuosi-1\/\">Filmikuvaajan vuosi 1<\/a> &#8211; projekti alkoi kes\u00e4ll\u00e4 2024<\/li>\n\n\n\n<li><a href=\"https:\/\/www.valonkuvia.fi\/blogi\/filmikuvaajan-vuosi-ensimmaiset-filmit-kehitykseen\/\">Filmikuvaajan vuosi 2<\/a> &#8211; ensimm\u00e4iset filmit kehitykseen<\/li>\n\n\n\n<li><a href=\"https:\/\/www.valonkuvia.fi\/blogi\/filmikuvaajan-vuosi-3-jatkoa-varifilmilla\/\" data-type=\"link\" data-id=\"https:\/\/www.valonkuvia.fi\/blogi\/filmikuvaajan-vuosi-3-jatkoa-varifilmilla\/\">Filmikuvaajan vuosi 3<\/a> &#8211; kinofilmin\u00e4 Ilomantsissa Kodak Gold<\/li>\n\n\n\n<li><a href=\"https:\/\/www.valonkuvia.fi\/blogi\/filmikuvaajan-vuosi-4-yashicalla-varikuvia\/\">Filmikuvaajan vuosi 4<\/a> &#8211; v\u00e4rikuvia Yashica-A:lla<\/li>\n\n\n\n<li><a href=\"https:\/\/www.valonkuvia.fi\/blogi\/filmikuvaajan-vuosi-5\/\">Filmikuvaajan vuosi 5<\/a> &#8211; maisemia syksyll\u00e4 ja talvella<\/li>\n\n\n\n<li><a href=\"https:\/\/www.valonkuvia.fi\/blogi\/filmikuvaajan-vuosi-6\/\">Filmikuvaajan vuosi 6<\/a> &#8211; ep\u00e4uskoa Yashicalla<\/li>\n\n\n\n<li><a href=\"https:\/\/www.valonkuvia.fi\/blogi\/filmikuvaajan-vuosi-7-tornion-suurpilkit-2025\/\">Filmikuvaajan vuosi 7<\/a> &#8211; filmille kuvattu raportti Tornion Suurpilkeist\u00e4<\/li>\n\n\n\n<li><a href=\"https:\/\/www.valonkuvia.fi\/blogi\/filmikuvaajan-vuosi-8-pullo-ekin-taiteilijajuhla\/\">Filmikuvaajan vuosi 8<\/a> &#8211; Pullo-Ekin juhlat Santa Color 100 -filmille, onko liian punaista?<\/li>\n\n\n\n<li><a href=\"https:\/\/www.valonkuvia.fi\/blogi\/filmikuvaajan-vuosi-9\/\">Filmikuvaajan vuosi 9<\/a> &#8211; kamerassa yli 20 vuotta vanhoja filmej\u00e4<\/li>\n\n\n\n<li><a href=\"https:\/\/www.valonkuvia.fi\/blogi\/filmikuvaajan-vuosi-10\/\" data-type=\"post\" data-id=\"27159\">Filmikuvaajan vuosi 10<\/a> &#8211; kuvia interrail-matkalta 1981<\/li>\n\n\n\n<li><a href=\"https:\/\/www.valonkuvia.fi\/blogi\/filmikuvaajan-vuosi-11-vanhaksi-menneita-varifilmeja\/\">Filmikuvaajan vuosi 11<\/a> &#8211; vanhaksi menneit\u00e4 v\u00e4rifilmej\u00e4<\/li>\n\n\n\n<li><a href=\"https:\/\/www.valonkuvia.fi\/blogi\/filmikuvaajan-vuosi-12-kalottjazz-blues-2025\/\">Filmikuvaajan vuosi 12<\/a> &#8211; Kalottjazz &amp; Blues 2025<\/li>\n\n\n\n<li><a href=\"https:\/\/www.valonkuvia.fi\/blogi\/filmikuvaajan-vuosi-retro-gt24-filmi\/\">Filmikuvaajan vuosi 13<\/a> &#8211; kuvia Retro GT24 -filmill\u00e4<\/li>\n\n\n\n<li><a href=\"https:\/\/www.valonkuvia.fi\/blogi\/filmikuvaajan-vuosi-portsamo-kentmere-400-filmi\/\">Filmikuvaajan vuosi 14<\/a> &#8211; Kentmeren filmin kokeilua P\u00f6rts\u00e4m\u00f6ss\u00e4<\/li>\n\n\n\n<li><a href=\"https:\/\/www.valonkuvia.fi\/blogi\/filmikuvaajan-vuodet-15\/\" data-type=\"post\" data-id=\"27647\">Filmikuvaajan vuosi 15<\/a> &#8211; syksyst\u00e4 talveen Tri-X-filmill\u00e4<\/li>\n\n\n\n<li><a href=\"https:\/\/www.valonkuvia.fi\/blogi\/filmikuvaajan-vuosi-16\/\">Filmikuvaajan vuosi 16<\/a> &#8211; harjoittelua pimi\u00f6ss\u00e4<\/li>\n<\/ul>\n\n\n\n<h4 class=\"wp-block-heading\">Muita filmikuvia<\/h4>\n\n\n\n<ul class=\"wp-block-list\">\n<li><a href=\"https:\/\/www.valonkuvia.fi\/blogi\/kulttuurimatkalla-armeniassa\/#filmikuvia\">Filmikuvia Armeniasta<\/a> &#8211; pieni kuvasarja toukokuulta 2025<\/li>\n<\/ul>\n\n\n\n<h4 class=\"wp-block-heading\">Kalottjazz &amp; Blues -festivaalia 1980-luvun puoliv\u00e4list\u00e4<\/h4>\n\n\n\n<ul class=\"wp-block-list\">\n<li><a href=\"https:\/\/www.valonkuvia.fi\/blogi\/kalottjazz-blues-festivaali-40\/\">Kalottjazz &amp; Blues Festival<\/a> &#8211; valokuvia jazzfestivaaleilta vuosilta 1985 &#8211; 1988, festivaalin 40-vuotisjuhlan kunniaksi tekem\u00e4ni verkkon\u00e4yttely<\/li>\n<\/ul>\n\n\n\n<figure class=\"wp-block-image size-large\"><a href=\"https:\/\/www.valonkuvia.fi\/blogi\/filmikuvaajan-vuosi-ensimmaiset-filmit-kehitykseen\/\"><img data-recalc-dims=\"1\" loading=\"lazy\" decoding=\"async\" width=\"852\" height=\"852\" src=\"https:\/\/i0.wp.com\/www.valonkuvia.fi\/blogi\/wp-content\/uploads\/2024\/08\/2024-120-mv-008.jpg?resize=852%2C852&#038;ssl=1\" alt=\"\" class=\"wp-image-25919\" srcset=\"https:\/\/i0.wp.com\/www.valonkuvia.fi\/blogi\/wp-content\/uploads\/2024\/08\/2024-120-mv-008.jpg?resize=852%2C852&amp;ssl=1 852w, https:\/\/i0.wp.com\/www.valonkuvia.fi\/blogi\/wp-content\/uploads\/2024\/08\/2024-120-mv-008.jpg?resize=426%2C426&amp;ssl=1 426w, https:\/\/i0.wp.com\/www.valonkuvia.fi\/blogi\/wp-content\/uploads\/2024\/08\/2024-120-mv-008.jpg?resize=150%2C150&amp;ssl=1 150w, https:\/\/i0.wp.com\/www.valonkuvia.fi\/blogi\/wp-content\/uploads\/2024\/08\/2024-120-mv-008.jpg?resize=768%2C768&amp;ssl=1 768w, https:\/\/i0.wp.com\/www.valonkuvia.fi\/blogi\/wp-content\/uploads\/2024\/08\/2024-120-mv-008.jpg?resize=400%2C400&amp;ssl=1 400w, https:\/\/i0.wp.com\/www.valonkuvia.fi\/blogi\/wp-content\/uploads\/2024\/08\/2024-120-mv-008.jpg?resize=1536%2C1536&amp;ssl=1 1536w, https:\/\/i0.wp.com\/www.valonkuvia.fi\/blogi\/wp-content\/uploads\/2024\/08\/2024-120-mv-008.jpg?resize=2048%2C2048&amp;ssl=1 2048w, https:\/\/i0.wp.com\/www.valonkuvia.fi\/blogi\/wp-content\/uploads\/2024\/08\/2024-120-mv-008.jpg?resize=120%2C120&amp;ssl=1 120w\" sizes=\"auto, (max-width: 852px) 100vw, 852px\" \/><\/a><\/figure>\n","protected":false},"excerpt":{"rendered":"<p>Filmi kiinnostaa j\u00e4lleen Valokuvausmaailman uusia trendej\u00e4 on viime vuosina ollut kasvava kiinnostus filmill\u00e4 kuvaamista kohtaan. Kuvaajat luultavasti etsiv\u00e4t dokumentaarisuutta ja autenttisuutta, kun kuvia tehd\u00e4\u00e4n yh\u00e4 enemm\u00e4n teko\u00e4lyn avulla. Fyysiselle filmille valotettuun kuvaan ei pysty teko\u00e4lyll\u00e4 vaikuttamaan. Varmasti my\u00f6s filmikuvaamisen tietty hitaus ja k\u00e4sity\u00f6n tunne kiehtovat. Itse olen aloittanut valokuvaamisen jo 1970-luvulla, siis filmikuvan aikaan. Itselleni [&hellip;]<\/p>\n","protected":false},"author":1,"featured_media":23587,"parent":0,"menu_order":0,"comment_status":"closed","ping_status":"closed","template":"","meta":{"ngg_post_thumbnail":0,"footnotes":""},"class_list":["post-26134","page","type-page","status-publish","has-post-thumbnail","hentry"],"jetpack_likes_enabled":false,"jetpack_sharing_enabled":true,"_links":{"self":[{"href":"https:\/\/www.valonkuvia.fi\/blogi\/wp-json\/wp\/v2\/pages\/26134","targetHints":{"allow":["GET"]}}],"collection":[{"href":"https:\/\/www.valonkuvia.fi\/blogi\/wp-json\/wp\/v2\/pages"}],"about":[{"href":"https:\/\/www.valonkuvia.fi\/blogi\/wp-json\/wp\/v2\/types\/page"}],"author":[{"embeddable":true,"href":"https:\/\/www.valonkuvia.fi\/blogi\/wp-json\/wp\/v2\/users\/1"}],"replies":[{"embeddable":true,"href":"https:\/\/www.valonkuvia.fi\/blogi\/wp-json\/wp\/v2\/comments?post=26134"}],"version-history":[{"count":16,"href":"https:\/\/www.valonkuvia.fi\/blogi\/wp-json\/wp\/v2\/pages\/26134\/revisions"}],"predecessor-version":[{"id":28074,"href":"https:\/\/www.valonkuvia.fi\/blogi\/wp-json\/wp\/v2\/pages\/26134\/revisions\/28074"}],"wp:featuredmedia":[{"embeddable":true,"href":"https:\/\/www.valonkuvia.fi\/blogi\/wp-json\/wp\/v2\/media\/23587"}],"wp:attachment":[{"href":"https:\/\/www.valonkuvia.fi\/blogi\/wp-json\/wp\/v2\/media?parent=26134"}],"curies":[{"name":"wp","href":"https:\/\/api.w.org\/{rel}","templated":true}]}}

<h4 class="wp-block-heading">Filmi kiinnostaa jälleen</h4>



<p>Valokuvausmaailman uusia trendejä on viime vuosina ollut kasvava kiinnostus filmillä kuvaamista kohtaan. Kuvaajat luultavasti etsivät dokumentaarisuutta ja autenttisuutta, kun kuvia tehdään yhä enemmän tekoälyn avulla. Fyysiselle filmille valotettuun kuvaan ei pysty tekoälyllä vaikuttamaan. Varmasti myös filmikuvaamisen tietty hitaus ja käsityön tunne kiehtovat.</p>



<p>Itse olen aloittanut valokuvaamisen jo 1970-luvulla, siis filmikuvan aikaan. Itselleni filmikuvaukseen liittyy myös nostalginen juonne. Tornion kameraseuran kesällä 2024 alkaneen &#8221;<a href="https://www.valonkuvia.fi/blogi/filmikuvaajan-vuosi-1/" data-type="post" data-id="25738"><em>Filmikuvaajan vuosi</em></a>&#8221; -projektin myötä palasin analogisen kuvaamisen pariin. Tarkoituksena ei ole hylätä digitaalista kameraa, vaan antaa filmikuvaamisen tuoda harrastukseen oman mausteensa, hieman samaan tapaan kuin &#8221;<a href="http://vinyylin viehätyshttps://www.valonkuvia.fi/blogi/jazzjutut/vinyylin-viehatys/"><em>Vinyylin viehätys</em></a>&#8221; rikastaa musiikin kuuntelua. Kyse on hybridimallista, analogisen ja digitaalisen keinojen sekoittamisesta, mikä on mielestäni houkuttelevaa.</p>



<p>Kokoan tälle sivulle linkkejä Valon kuvia -blogin filmille kuvattuun materiaaliin ja kokemuksiin, joita olen filmikuvaukseen palatessani saanut. Kuten näkyy, projekti etenee kiireettömästi, mikä toki sopii filmin luonteeseen.</p>



<h4 class="wp-block-heading">Filmikuvaajan vuosi</h4>



<p>Alla linkkejä filmikuvausta bloginkäsitteleviin postauksiin</p>



<ul class="wp-block-list">
<li><a href="https://www.valonkuvia.fi/blogi/filmikuvaajan-vuosi-1/" data-type="link" data-id="https://www.valonkuvia.fi/blogi/filmikuvaajan-vuosi-1/">Filmikuvaajan vuosi 1</a> &#8211; projekti alkoi kesällä 2024</li>



<li><a href="https://www.valonkuvia.fi/blogi/filmikuvaajan-vuosi-ensimmaiset-filmit-kehitykseen/">Filmikuvaajan vuosi 2</a> &#8211; ensimmäiset filmit kehitykseen</li>



<li><a href="https://www.valonkuvia.fi/blogi/filmikuvaajan-vuosi-3-jatkoa-varifilmilla/" data-type="link" data-id="https://www.valonkuvia.fi/blogi/filmikuvaajan-vuosi-3-jatkoa-varifilmilla/">Filmikuvaajan vuosi 3</a> &#8211; kinofilminä Ilomantsissa Kodak Gold</li>



<li><a href="https://www.valonkuvia.fi/blogi/filmikuvaajan-vuosi-4-yashicalla-varikuvia/">Filmikuvaajan vuosi 4</a> &#8211; värikuvia Yashica-A:lla</li>



<li><a href="https://www.valonkuvia.fi/blogi/filmikuvaajan-vuosi-5/">Filmikuvaajan vuosi 5</a> &#8211; maisemia syksyllä ja talvella</li>



<li><a href="https://www.valonkuvia.fi/blogi/filmikuvaajan-vuosi-6/">Filmikuvaajan vuosi 6</a> &#8211; epäuskoa Yashicalla</li>



<li><a href="https://www.valonkuvia.fi/blogi/filmikuvaajan-vuosi-7-tornion-suurpilkit-2025/">Filmikuvaajan vuosi 7</a> &#8211; filmille kuvattu raportti Tornion Suurpilkeistä</li>



<li><a href="https://www.valonkuvia.fi/blogi/filmikuvaajan-vuosi-8-pullo-ekin-taiteilijajuhla/">Filmikuvaajan vuosi 8</a> &#8211; Pullo-Ekin juhlat Santa Color 100 -filmille, onko liian punaista?</li>



<li><a href="https://www.valonkuvia.fi/blogi/filmikuvaajan-vuosi-9/">Filmikuvaajan vuosi 9</a> &#8211; kamerassa yli 20 vuotta vanhoja filmejä</li>



<li><a href="https://www.valonkuvia.fi/blogi/filmikuvaajan-vuosi-10/" data-type="post" data-id="27159">Filmikuvaajan vuosi 10</a> &#8211; kuvia interrail-matkalta 1981</li>



<li><a href="https://www.valonkuvia.fi/blogi/filmikuvaajan-vuosi-11-vanhaksi-menneita-varifilmeja/">Filmikuvaajan vuosi 11</a> &#8211; vanhaksi menneitä värifilmejä</li>



<li><a href="https://www.valonkuvia.fi/blogi/filmikuvaajan-vuosi-12-kalottjazz-blues-2025/">Filmikuvaajan vuosi 12</a> &#8211; Kalottjazz &amp; Blues 2025</li>



<li><a href="https://www.valonkuvia.fi/blogi/filmikuvaajan-vuosi-retro-gt24-filmi/">Filmikuvaajan vuosi 13</a> &#8211; kuvia Retro GT24 -filmillä</li>



<li><a href="https://www.valonkuvia.fi/blogi/filmikuvaajan-vuosi-portsamo-kentmere-400-filmi/">Filmikuvaajan vuosi 14</a> &#8211; Kentmeren filmin kokeilua Pörtsämössä</li>



<li><a href="https://www.valonkuvia.fi/blogi/filmikuvaajan-vuodet-15/" data-type="post" data-id="27647">Filmikuvaajan vuosi 15</a> &#8211; syksystä talveen Tri-X-filmillä</li>



<li><a href="https://www.valonkuvia.fi/blogi/filmikuvaajan-vuosi-16/">Filmikuvaajan vuosi 16</a> &#8211; harjoittelua pimiössä</li>
</ul>



<h4 class="wp-block-heading">Muita filmikuvia</h4>



<ul class="wp-block-list">
<li><a href="https://www.valonkuvia.fi/blogi/kulttuurimatkalla-armeniassa/#filmikuvia">Filmikuvia Armeniasta</a> &#8211; pieni kuvasarja toukokuulta 2025</li>
</ul>



<h4 class="wp-block-heading">Kalottjazz &amp; Blues -festivaalia 1980-luvun puolivälistä</h4>



<ul class="wp-block-list">
<li><a href="https://www.valonkuvia.fi/blogi/kalottjazz-blues-festivaali-40/">Kalottjazz &amp; Blues Festival</a> &#8211; valokuvia jazzfestivaaleilta vuosilta 1985 &#8211; 1988, festivaalin 40-vuotisjuhlan kunniaksi tekemäni verkkonäyttely</li>
</ul>



<figure class="wp-block-image size-large"><a href="https://www.valonkuvia.fi/blogi/filmikuvaajan-vuosi-ensimmaiset-filmit-kehitykseen/"><img data-recalc-dims="1" loading="lazy" decoding="async" width="852" height="852" src="https://i0.wp.com/www.valonkuvia.fi/blogi/wp-content/uploads/2024/08/2024-120-mv-008.jpg?resize=852%2C852&#038;ssl=1" alt="" class="wp-image-25919" srcset="https://i0.wp.com/www.valonkuvia.fi/blogi/wp-content/uploads/2024/08/2024-120-mv-008.jpg?resize=852%2C852&amp;ssl=1 852w, https://i0.wp.com/www.valonkuvia.fi/blogi/wp-content/uploads/2024/08/2024-120-mv-008.jpg?resize=426%2C426&amp;ssl=1 426w, https://i0.wp.com/www.valonkuvia.fi/blogi/wp-content/uploads/2024/08/2024-120-mv-008.jpg?resize=150%2C150&amp;ssl=1 150w, https://i0.wp.com/www.valonkuvia.fi/blogi/wp-content/uploads/2024/08/2024-120-mv-008.jpg?resize=768%2C768&amp;ssl=1 768w, https://i0.wp.com/www.valonkuvia.fi/blogi/wp-content/uploads/2024/08/2024-120-mv-008.jpg?resize=400%2C400&amp;ssl=1 400w, https://i0.wp.com/www.valonkuvia.fi/blogi/wp-content/uploads/2024/08/2024-120-mv-008.jpg?resize=1536%2C1536&amp;ssl=1 1536w, https://i0.wp.com/www.valonkuvia.fi/blogi/wp-content/uploads/2024/08/2024-120-mv-008.jpg?resize=2048%2C2048&amp;ssl=1 2048w, https://i0.wp.com/www.valonkuvia.fi/blogi/wp-content/uploads/2024/08/2024-120-mv-008.jpg?resize=120%2C120&amp;ssl=1 120w" sizes="auto, (max-width: 852px) 100vw, 852px" /></a></figure>

<p>Filmi kiinnostaa jälleen Valokuvausmaailman uusia trendejä on viime vuosina ollut kasvava kiinnostus filmillä kuvaamista kohtaan. Kuvaajat luultavasti etsivät dokumentaarisuutta ja autenttisuutta, kun kuvia tehdään yhä enemmän tekoälyn avulla. Fyysiselle filmille valotettuun kuvaan ei pysty tekoälyllä vaikuttamaan. Varmasti myös filmikuvaamisen tietty hitaus ja käsityön tunne kiehtovat. Itse olen aloittanut valokuvaamisen jo 1970-luvulla, siis filmikuvan aikaan. Itselleni [&hellip;]</p>
