{"id":26191,"date":"2024-10-30T14:18:41","date_gmt":"2024-10-30T12:18:41","guid":{"rendered":"https:\/\/www.valonkuvia.fi\/blogi\/?page_id=26191"},"modified":"2024-10-30T14:38:34","modified_gmt":"2024-10-30T12:38:34","slug":"kuvasarjoja","status":"publish","type":"page","link":"https:\/\/www.valonkuvia.fi\/blogi\/kuvasarjoja\/","title":{"rendered":"Kuvasarjoja"},"content":{"rendered":"\n<p>T\u00e4st\u00e4 valikosta p\u00e4\u00e4set tutustumaan erilaisiin kuvaamiini kuvasarjoihin:<\/p>\n\n\n\n<ul class=\"wp-block-list\">\n<li><a href=\"https:\/\/www.valonkuvia.fi\/blogi\/kuvasarjat\/\" data-type=\"page\" data-id=\"7083\">Jazzaiheisia kuvasarjoja<\/a>, suurin osa blogin valokuvista esittelee jazzmuusikoita ja jazztapahtumia<\/li>\n\n\n\n<li><a href=\"https:\/\/www.valonkuvia.fi\/blogi\/ortodoksisia-aiheita\/\" data-type=\"page\" data-id=\"26064\">Ortodoksisia aiheita<\/a>, linkkej\u00e4 ortodoksisen kirkon toimintaa esitteleviin kuviin<\/li>\n\n\n\n<li><a href=\"https:\/\/www.valonkuvia.fi\/blogi\/armenia-maa-kaukasuksella\/\" data-type=\"page\" data-id=\"2571\">Armenia &#8211; vuoristoinen maa Kaukasuksella<\/a>, kuvasarjoja Armenian matkoilta<\/li>\n\n\n\n<li><a href=\"https:\/\/www.valonkuvia.fi\/blogi\/tornionjoen-maisemia\/\" data-type=\"page\" data-id=\"26069\">Tornionjoen maisemia<\/a>, j\u00e4idenl\u00e4ht\u00f6\u00e4 ja kev\u00e4ttulvia Tornionjoella<\/li>\n\n\n\n<li><a href=\"https:\/\/www.valonkuvia.fi\/blogi\/kuvia-filmilla\/\" data-type=\"page\" data-id=\"26134\">Kuvia filmill\u00e4<\/a>, filmikuvaus kiinnostaa j\u00e4lleen<\/li>\n<\/ul>\n\n\n\n<figure class=\"wp-block-image size-large\"><img data-recalc-dims=\"1\" loading=\"lazy\" decoding=\"async\" width=\"852\" height=\"568\" src=\"https:\/\/i0.wp.com\/www.valonkuvia.fi\/blogi\/wp-content\/uploads\/2024\/07\/2024-Rantajatsit-039.jpg?resize=852%2C568&#038;ssl=1\" alt=\"\" class=\"wp-image-25844\" srcset=\"https:\/\/i0.wp.com\/www.valonkuvia.fi\/blogi\/wp-content\/uploads\/2024\/07\/2024-Rantajatsit-039.jpg?resize=852%2C568&amp;ssl=1 852w, https:\/\/i0.wp.com\/www.valonkuvia.fi\/blogi\/wp-content\/uploads\/2024\/07\/2024-Rantajatsit-039.jpg?resize=426%2C284&amp;ssl=1 426w, https:\/\/i0.wp.com\/www.valonkuvia.fi\/blogi\/wp-content\/uploads\/2024\/07\/2024-Rantajatsit-039.jpg?resize=768%2C512&amp;ssl=1 768w, https:\/\/i0.wp.com\/www.valonkuvia.fi\/blogi\/wp-content\/uploads\/2024\/07\/2024-Rantajatsit-039.jpg?resize=1536%2C1024&amp;ssl=1 1536w, https:\/\/i0.wp.com\/www.valonkuvia.fi\/blogi\/wp-content\/uploads\/2024\/07\/2024-Rantajatsit-039.jpg?resize=2048%2C1366&amp;ssl=1 2048w\" sizes=\"auto, (max-width: 852px) 100vw, 852px\" \/><\/figure>\n\n\n\n<p><\/p>\n\n\n\n<p><\/p>\n","protected":false},"excerpt":{"rendered":"<p>T\u00e4st\u00e4 valikosta p\u00e4\u00e4set tutustumaan erilaisiin kuvaamiini kuvasarjoihin:<\/p>\n","protected":false},"author":1,"featured_media":24734,"parent":0,"menu_order":0,"comment_status":"closed","ping_status":"closed","template":"","meta":{"ngg_post_thumbnail":0,"footnotes":""},"class_list":["post-26191","page","type-page","status-publish","has-post-thumbnail","hentry"],"jetpack_likes_enabled":false,"jetpack_sharing_enabled":true,"_links":{"self":[{"href":"https:\/\/www.valonkuvia.fi\/blogi\/wp-json\/wp\/v2\/pages\/26191","targetHints":{"allow":["GET"]}}],"collection":[{"href":"https:\/\/www.valonkuvia.fi\/blogi\/wp-json\/wp\/v2\/pages"}],"about":[{"href":"https:\/\/www.valonkuvia.fi\/blogi\/wp-json\/wp\/v2\/types\/page"}],"author":[{"embeddable":true,"href":"https:\/\/www.valonkuvia.fi\/blogi\/wp-json\/wp\/v2\/users\/1"}],"replies":[{"embeddable":true,"href":"https:\/\/www.valonkuvia.fi\/blogi\/wp-json\/wp\/v2\/comments?post=26191"}],"version-history":[{"count":3,"href":"https:\/\/www.valonkuvia.fi\/blogi\/wp-json\/wp\/v2\/pages\/26191\/revisions"}],"predecessor-version":[{"id":26197,"href":"https:\/\/www.valonkuvia.fi\/blogi\/wp-json\/wp\/v2\/pages\/26191\/revisions\/26197"}],"wp:featuredmedia":[{"embeddable":true,"href":"https:\/\/www.valonkuvia.fi\/blogi\/wp-json\/wp\/v2\/media\/24734"}],"wp:attachment":[{"href":"https:\/\/www.valonkuvia.fi\/blogi\/wp-json\/wp\/v2\/media?parent=26191"}],"curies":[{"name":"wp","href":"https:\/\/api.w.org\/{rel}","templated":true}]}}