{"id":271,"date":"2011-07-13T13:57:34","date_gmt":"2011-07-13T10:57:34","guid":{"rendered":"http:\/\/www.valonkuvia.fi\/blogi\/?page_id=271"},"modified":"2011-07-13T14:05:32","modified_gmt":"2011-07-13T11:05:32","slug":"milesilla-ja-louisilla-kannattaa-aloittaa","status":"publish","type":"page","link":"https:\/\/www.valonkuvia.fi\/blogi\/jazzjutut\/2004-2\/milesilla-ja-louisilla-kannattaa-aloittaa\/","title":{"rendered":"Milesilla ja Louisilla kannattaa aloittaa"},"content":{"rendered":"<p>Tuon tuosta t\u00f6rm\u00e4\u00e4 mielipiteisiin, joiden mukaan jazz on poikkeuksellisen vaikea, jopa salaper\u00e4inen musiikinlaji, josta tavallisen ihmisen on parasta pit\u00e4\u00e4 n\u00e4ppins\u00e4 visusti erossa. Jazzia kuuntelevia ihmisi\u00e4 kutsutaan usein friikeiksi, suoraan suomeksi k\u00e4\u00e4nnettyn\u00e4 kummajaisiksi, ik\u00e4\u00e4n kuin he kuuluisivat outoon heimoon, joka kokoontuu jazzklubeiksi kutsuttuihin temppeleihin uhraamaan oudolle jumalalleen.<\/p>\n<p>On toki ymm\u00e4rrett\u00e4v\u00e4\u00e4, ett\u00e4 jazzin kaltainen, aika abstrakti instrumentaalimusiikki, vaatii kuulijaltaan keskivertoiskelm\u00e4\u00e4 enemm\u00e4n paneutumista ja asioihin perehtymist\u00e4. Mutta siin\u00e4 mieless\u00e4 jazz ei eroa monesta muusta el\u00e4m\u00e4nalueesta, kuten esimerkiksi jalkapallosta ja sen harrastamisesta. Jalkapallostakin katsojaa saa sit\u00e4 enemm\u00e4n irti, mit\u00e4 enemm\u00e4n peliin ja sen hienouksiin perehtyy.<\/p>\n<p>Haluaisin uskoa, ett\u00e4 jazzin maailma ei ole luoksep\u00e4\u00e4sem\u00e4t\u00f6n viidakko, joka torjuu uteliaat etsij\u00e4t luotaan. Mist\u00e4 sitten jazzista kiinnostunut, mutta mieltymyksist\u00e4\u00e4n ep\u00e4varma kuulija voi tutustumisensa aloittaa ? Ehk\u00e4 parasta on uskaltautua paikalle, kun jazz oikeasti soi konsertissa tai klubilla. Jazzkonserttiin on sik\u00e4li helppoa tulla, ett\u00e4 siell\u00e4 ei ole mit\u00e4\u00e4n erityisi\u00e4 k\u00e4yt\u00f6ss\u00e4\u00e4nt\u00f6j\u00e4, vaan jazztilaisuudessa voi taputtaa tai voi olla taputtamatta, voi ymm\u00e4rt\u00e4\u00e4 kuulemansa tai olla vapaasti ymm\u00e4rt\u00e4m\u00e4tt\u00e4, sinne l\u00e4htiess\u00e4 voi pukeutua farkkuihin tai voi panna jopa puvun p\u00e4\u00e4lleen. Konsertissa voi vaikka aluksi ihmetell\u00e4 rumpalin joskus mahdottomalta n\u00e4ytt\u00e4vi\u00e4 liikeratoja tai seurata muusikoiden ilmeit\u00e4 ja kommunikaatiota. N\u00e4k\u00f6havainto ehk\u00e4 helpottaa mutkikkaan viestin perillemenoa. T\u00e4ss\u00e4kin suhteessa jazzia kelpaa verrata jalkapalloon; oikea musiikki soi konsertissa ja oikeaa peli\u00e4 voi seurata vasta kent\u00e4n laidalla.<\/p>\n<p>Toisaalta ei ole hullumpaa l\u00e4hesty\u00e4 jazzia \u00e4\u00e4nilevyj\u00e4 kuuntelemalla, sill\u00e4 se on ainoa tapa kuulla jo paremmille soittolavoille siirtyneit\u00e4 vanhoja mestareita. Ensimm\u00e4iseksi levyhankinnaksi uskallan oman kokemuksen perusteella ehdottaa Miles Davisin klassikkoa &#8221;Kind of Blue&#8221; vuodelta 1959. Se ei ole vanhentunut tippaakaan reilussa nelj\u00e4ss\u00e4kymmeness\u00e4 vuodessa, vaan on edelleen er\u00e4s kauneimmista jazzlevyist\u00e4. Sen kautta p\u00e4\u00e4see my\u00f6s muiden kiinnostavien muusikoiden j\u00e4ljille, kuten John Coltranen, Cannonball Adderleyn ja Bill Evansin.<\/p>\n<p>Vanhemmista ja viihteellisimmist\u00e4 tyyleist\u00e4 kiinnostuneille valitsen alkupaloiksi Louis Armstrongin 1950-luvun tuotantoa, joista vaikkapa &#8221;Satch Plays Fats&#8221; todella hyv\u00e4ntuulista ja viihdytt\u00e4v\u00e4\u00e4 musiikkia. Rockia kuunteleva nuorempi v\u00e4ki saattaisi l\u00f6yt\u00e4\u00e4 mielenkiintoista kuunneltavaa nuorten kotimaisten yhtyeiden uusilta levyilt\u00e4, joita parhaasta p\u00e4\u00e4st\u00e4 ovat Ilmiliekki Quartetin &#8221;March of Alpha Males&#8221; ja U-Street All Starsin aivan uunituore &#8221;Bowling&#8221;.<\/p>\n<p>Uusia kulttuuriel\u00e4myksi\u00e4 kaipaavan kannattaa siis rohkeasti kokeilla jazziakin, joko levylt\u00e4 nautittuna tai sitten konsertissa, kun sit\u00e4 seuraavan kerran tuodaan tarjolle. Torniohan on siin\u00e4 mieless\u00e4 mainio kaupunki, ett\u00e4 t\u00e4\u00e4ll\u00e4 on mahdollista nauttia sek\u00e4 huipputason jazzesityksist\u00e4 ett\u00e4 hyv\u00e4st\u00e4 jalkapallosta. (<em>Huom! Ajat ovat muuttuneet; TP-47 pelaa Kakkosessa, Kalottjazz &amp; Blues on karsinut jazztarjontaansa ja Riverside Jazz el\u00e4\u00e4 kituliaasti. 2011.<\/em>\u00a0)<\/p>\n<p><em>22.2. 2004<\/em><\/p>\n","protected":false},"excerpt":{"rendered":"<p>Tuon tuosta t\u00f6rm\u00e4\u00e4 mielipiteisiin, joiden mukaan jazz on poikkeuksellisen vaikea, jopa salaper\u00e4inen musiikinlaji, josta tavallisen ihmisen on parasta pit\u00e4\u00e4 n\u00e4ppins\u00e4 visusti erossa. Jazzia kuuntelevia ihmisi\u00e4 kutsutaan usein friikeiksi, suoraan suomeksi k\u00e4\u00e4nnettyn\u00e4 kummajaisiksi, ik\u00e4\u00e4n kuin he kuuluisivat outoon heimoon, joka kokoontuu jazzklubeiksi kutsuttuihin temppeleihin uhraamaan oudolle jumalalleen. On toki ymm\u00e4rrett\u00e4v\u00e4\u00e4, ett\u00e4 jazzin kaltainen, aika abstrakti instrumentaalimusiikki, [&hellip;]<\/p>\n","protected":false},"author":1,"featured_media":0,"parent":265,"menu_order":0,"comment_status":"open","ping_status":"closed","template":"onecolumn-page.php","meta":{"ngg_post_thumbnail":0,"footnotes":""},"class_list":["post-271","page","type-page","status-publish","hentry"],"jetpack_likes_enabled":false,"jetpack_sharing_enabled":true,"_links":{"self":[{"href":"https:\/\/www.valonkuvia.fi\/blogi\/wp-json\/wp\/v2\/pages\/271","targetHints":{"allow":["GET"]}}],"collection":[{"href":"https:\/\/www.valonkuvia.fi\/blogi\/wp-json\/wp\/v2\/pages"}],"about":[{"href":"https:\/\/www.valonkuvia.fi\/blogi\/wp-json\/wp\/v2\/types\/page"}],"author":[{"embeddable":true,"href":"https:\/\/www.valonkuvia.fi\/blogi\/wp-json\/wp\/v2\/users\/1"}],"replies":[{"embeddable":true,"href":"https:\/\/www.valonkuvia.fi\/blogi\/wp-json\/wp\/v2\/comments?post=271"}],"version-history":[{"count":5,"href":"https:\/\/www.valonkuvia.fi\/blogi\/wp-json\/wp\/v2\/pages\/271\/revisions"}],"predecessor-version":[{"id":282,"href":"https:\/\/www.valonkuvia.fi\/blogi\/wp-json\/wp\/v2\/pages\/271\/revisions\/282"}],"up":[{"embeddable":true,"href":"https:\/\/www.valonkuvia.fi\/blogi\/wp-json\/wp\/v2\/pages\/265"}],"wp:attachment":[{"href":"https:\/\/www.valonkuvia.fi\/blogi\/wp-json\/wp\/v2\/media?parent=271"}],"curies":[{"name":"wp","href":"https:\/\/api.w.org\/{rel}","templated":true}]}}