{"id":317,"date":"2011-07-13T15:04:33","date_gmt":"2011-07-13T12:04:33","guid":{"rendered":"http:\/\/www.valonkuvia.fi\/blogi\/?page_id=317"},"modified":"2011-07-13T15:04:33","modified_gmt":"2011-07-13T12:04:33","slug":"virtuoosin-vuosipaiva","status":"publish","type":"page","link":"https:\/\/www.valonkuvia.fi\/blogi\/jazzjutut\/2005-2\/virtuoosin-vuosipaiva\/","title":{"rendered":"Virtuoosin vuosip\u00e4iv\u00e4"},"content":{"rendered":"<p>Saksofonisti <strong>Charlie Parkerin<\/strong> kuolemasta tuli reilu viikko sitten (12.3.) kuluneeksi viisikymment\u00e4 vuotta. Niin innokkaat kannattajat kuin kriitikotkin nostivat Parkerin jo el\u00e4ess\u00e4\u00e4n jazzin ehdottomien suuruuksien joukkoon ja er\u00e4\u00e4ksi bebop-tyylin arkkitehdeista. Varsinkin h\u00e4nen kuolemansa j\u00e4lkeen my\u00f6s Parkerin holtittomasta huumeiden, alkoholin, mielenterveysongelmien ja sekalaisten naissuhteiden leimaamasta boheemista el\u00e4m\u00e4ntavasta on tehty er\u00e4s jazzin suurista myyttisist\u00e4 kertomuksista, johon liittyy aina mukaan aimo annos kauhistelevaa tirkistely\u00e4 ja romantisoivaa ihastelua.<\/p>\n<p>Kun Parkerin kuolemasta on kuitenkin kulunut jo puoli vuosisataa, voidaan saksofonistin m\u00e4kikotkamaiset tempaukset j\u00e4tt\u00e4\u00e4 jo hieman v\u00e4hemm\u00e4lle romantisoinnille. Sen sijaan voisi vaikka ihmetell\u00e4 sit\u00e4 lahjakkuutta, jonka voimalla kaukana kulttuuriel\u00e4m\u00e4n keskuksista Kansas Cityn kaupungista kotoisin ollut yksinhuoltaja\u00e4idin hemmotellen kasvattamasta pojasta tuli osa koko maailman musiikinhistoriaa. Parker ei oikeastaan koskaan saanut perusteellista musiikkikoulutusta, vaan h\u00e4n oli l\u00e4hes t\u00e4ysin itseoppinut. Virtuoosimainen tekniikka l\u00f6ytyi yrityksen ja erehdyksen kautta sitke\u00e4sti harjoittelemalla ja soittamalla swingkauden suosituissa isoissa orkestereissa. Tanssimusiikin soittaminen ilta illan j\u00e4lkeen saattoi olla puuduttavan tyls\u00e4\u00e4, mit\u00e4 brittil\u00e4inen jazzhistorioitsija <strong>Alyn Shipton<\/strong> pit\u00e4\u00e4 er\u00e4\u00e4n\u00e4 psykologisena syyn\u00e4 modernin jazzin eli bebopin syntyyn. Shiptonin mukaan monet nuoret jazzlahjakkuudet reagoivat taiteellisesti turhauttavaan tilanteeseen etsim\u00e4ll\u00e4 uusia, haastavampia tapoja soittaa jazzia ja niin jazz muokattiin tanssimusiikista kuunneltavaksi taidemusiikiksi 1940-luvun alkupuolella.<\/p>\n<p>Perinteisen n\u00e4kemyksen mukaan kaikkein suurin ansio t\u00e4ss\u00e4 muutoksessa on annettu juuri Charlie Parkerille. H\u00e4n eli ep\u00e4ilem\u00e4tt\u00e4 taitelijalle hyvin sopivan kiihke\u00e4n ja itsetuhoisen el\u00e4m\u00e4n ja kuolikin sopivan ennenaikaisesti vain 34-vuotiaana. Alyn Shipton on halunnut purkaa t\u00e4t\u00e4 puolta Parkerin myytiss\u00e4 ja korostanut enemm\u00e4n trumpetisti <strong>Dizzy Gillespien<\/strong> roolia bebopin kehityksess\u00e4. Shipton v\u00e4itt\u00e4\u00e4 tylysti, ett\u00e4 Parker yksinkertaisesti kuoli liian varhain ja h\u00e4nen el\u00e4m\u00e4ntapansa esti h\u00e4nt\u00e4 saavuttamasta kaikkea, mihin olisi voinut kyet\u00e4. Kenties toisissa oloissa Parker olisikin pystynyt opiskelemaan musiikkia elektronisen musiikin edell\u00e4k\u00e4vij\u00e4n Edgar Varesen johdolla, kuten h\u00e4n joskus suunnitteli tekev\u00e4ns\u00e4. Huumeiden varjossa j\u00e4i t\u00e4m\u00e4, kuten monet muutkin Parkerin kunnianhimoisista suunnitelmista, pelk\u00e4ksi tyhj\u00e4ksi puheeksi.<\/p>\n<p>Viisikymment\u00e4 vuotta saksofonistin kuoleman j\u00e4lkeen t\u00e4rkeint\u00e4 lienee muistaa, ett\u00e4 h\u00e4nen musiikkinsa on viel\u00e4 koskettavaa ja el\u00e4v\u00e4\u00e4. Parkerin alttosaksofonin persoonallinen ja notkea soundi on v\u00e4litt\u00f6m\u00e4sti tunnistettavissa, kuten ovat kaikki muutkin jazzin suuret \u00e4\u00e4net. Parkerin suruista tehdyss\u00e4 soitossa soi kaikesta huolimatta aina el\u00e4m\u00e4nilo ja Parker tuo uuden tyylin tavoittelun keskellekin aina ripauksen vanhaa kunnon bluesia.<\/p>\n<p><em>20.3.2005<\/em><\/p>\n","protected":false},"excerpt":{"rendered":"<p>Saksofonisti Charlie Parkerin kuolemasta tuli reilu viikko sitten (12.3.) kuluneeksi viisikymment\u00e4 vuotta. Niin innokkaat kannattajat kuin kriitikotkin nostivat Parkerin jo el\u00e4ess\u00e4\u00e4n jazzin ehdottomien suuruuksien joukkoon ja er\u00e4\u00e4ksi bebop-tyylin arkkitehdeista. Varsinkin h\u00e4nen kuolemansa j\u00e4lkeen my\u00f6s Parkerin holtittomasta huumeiden, alkoholin, mielenterveysongelmien ja sekalaisten naissuhteiden leimaamasta boheemista el\u00e4m\u00e4ntavasta on tehty er\u00e4s jazzin suurista myyttisist\u00e4 kertomuksista, johon liittyy aina [&hellip;]<\/p>\n","protected":false},"author":1,"featured_media":0,"parent":308,"menu_order":0,"comment_status":"open","ping_status":"open","template":"onecolumn-page.php","meta":{"ngg_post_thumbnail":0,"footnotes":""},"class_list":["post-317","page","type-page","status-publish","hentry"],"jetpack_likes_enabled":false,"jetpack_sharing_enabled":true,"_links":{"self":[{"href":"https:\/\/www.valonkuvia.fi\/blogi\/wp-json\/wp\/v2\/pages\/317","targetHints":{"allow":["GET"]}}],"collection":[{"href":"https:\/\/www.valonkuvia.fi\/blogi\/wp-json\/wp\/v2\/pages"}],"about":[{"href":"https:\/\/www.valonkuvia.fi\/blogi\/wp-json\/wp\/v2\/types\/page"}],"author":[{"embeddable":true,"href":"https:\/\/www.valonkuvia.fi\/blogi\/wp-json\/wp\/v2\/users\/1"}],"replies":[{"embeddable":true,"href":"https:\/\/www.valonkuvia.fi\/blogi\/wp-json\/wp\/v2\/comments?post=317"}],"version-history":[{"count":1,"href":"https:\/\/www.valonkuvia.fi\/blogi\/wp-json\/wp\/v2\/pages\/317\/revisions"}],"predecessor-version":[{"id":318,"href":"https:\/\/www.valonkuvia.fi\/blogi\/wp-json\/wp\/v2\/pages\/317\/revisions\/318"}],"up":[{"embeddable":true,"href":"https:\/\/www.valonkuvia.fi\/blogi\/wp-json\/wp\/v2\/pages\/308"}],"wp:attachment":[{"href":"https:\/\/www.valonkuvia.fi\/blogi\/wp-json\/wp\/v2\/media?parent=317"}],"curies":[{"name":"wp","href":"https:\/\/api.w.org\/{rel}","templated":true}]}}