{"id":361,"date":"2011-07-13T17:25:07","date_gmt":"2011-07-13T14:25:07","guid":{"rendered":"http:\/\/www.valonkuvia.fi\/blogi\/?page_id=361"},"modified":"2011-07-13T17:25:43","modified_gmt":"2011-07-13T14:25:43","slug":"valokuvista-jazzsavellyksia","status":"publish","type":"page","link":"https:\/\/www.valonkuvia.fi\/blogi\/jazzjutut\/2006-2\/valokuvista-jazzsavellyksia\/","title":{"rendered":"Valokuvista jazzs\u00e4vellyksi\u00e4"},"content":{"rendered":"<p>Voiko valokuvaaja olla jazzyhtyeen j\u00e4sen, samanarvoinen instrumentteja soittavien muusikoiden kanssa? Ranskalaiset jazzmuusikot Aldo Romano, Louis Sclavis ja Henri Texier vastaavat kysymykseen varmasti my\u00f6nteisesti, sill\u00e4 heid\u00e4n trionsa nelj\u00e4nten\u00e4 j\u00e4senen\u00e4 vaikuttaa valokuvaaja Guy Le Querrec. Siin\u00e4 miss\u00e4 levykansiteksteiss\u00e4 muusikkojen kohdalla instrumentteina mainitaan klarinetti, basso ja rummut, mainitaan Le Querrecin v\u00e4lineen\u00e4 Leica, maineikas kuvajournalistien k\u00e4ytt\u00e4m\u00e4 kameraklassikko.<\/p>\n<p>Nelikko on julkaissut vuodesta 1995 l\u00e4htien merkitt\u00e4v\u00e4n levytrilogian, jonka osia yhdist\u00e4\u00e4 Afrikka ja mustavalkoiset valokuvat. Guy Le Querrec aloitti uransa kuvaamalla jazzmuusikkoja, mutta on sittemmin ty\u00f6skennellyt vuosikausia Afrikassa, todistanut kameroineen Portugalin neilikkavallankumousta ja kuvannut reportaaseja eri puolilla maailmaa. Vuodesta 1976 l\u00e4htien h\u00e4n on ollut legendaarisen, kuvajournalismiin keskittyv\u00e4n Magnum-kuvatoimiston j\u00e4sen.<\/p>\n<p>Koko ajan Le Querrec on s\u00e4ilytt\u00e4nyt kiinnostuksensa jazziin ja h\u00e4n toteutti pitk\u00e4aikaisen unelmansa ranskalaisen jazzyhtyeen Afrikan kiertueesta, kun trio Romano &#8211; Sclavis &#8211; Texier kiersi L\u00e4nsi-Afrikassa kolme viikkoa vuonna 1990. Le Querrec oli yhtyeen tarinankertoja eli l\u00e4nsiafrikkalaisen perinteen mukaisesti &#8221;griot&#8221;, joka herke\u00e4m\u00e4tt\u00e4 dokumentoi kiertuetta ja tapahtumia matkan varrella. Kolme vuotta my\u00f6hemmin tehdyn uuden kiertueen j\u00e4lkeen syntyi Afrikka-trilogian ensimm\u00e4inen osa &#8221;Carnet de routes&#8221; (1995) ja toinen osa &#8221;Suite Africaine&#8221; (1999) julkaistiin It\u00e4- ja Etel\u00e4-Afrikan kiertueen j\u00e4lkeen.<\/p>\n<p>Ulkoasultaan huoliteltuihin levypaketteihin kuuluu levyllinen svengaavaa jazzia ja paksu kirja t\u00e4ynn\u00e4 Le Querrecin valokuvia. Henri Cartier-Bressonin koulukuntaan kuuluva Le Querrec kuvaa spontaanisti ratkaisevaa hetke\u00e4 tavoitellen; rajaa kuvansa rohkeasti ja menee usein l\u00e4helle kuvattaviaan. Vaikka h\u00e4n kuvaa ihmisi\u00e4 vaikeiden olosuhteiden keskell\u00e4, syntyy Afrikasta elinvoimainen ja positiivinen kuva, sill\u00e4 Le Querrec ei keskity n\u00e4l\u00e4n, sodan tai muiden Afrikkaan usein liitettyjen katastrofien kuvaamiseen. Kuvat kiertueen saamasta riemukkaasta vastaanotosta ovat raikkaita ja kuvasarjat Namibian p\u00e4\u00e4kaupungin Windhoekin l\u00e4hi\u00f6el\u00e4m\u00e4st\u00e4 ja Mosambikin vauhdikkaista uskonnollisista menoista vaikuttavaa kuvareportaasia.<\/p>\n<p>Trilogian p\u00e4\u00e4t\u00f6sosa &#8221;African Flashback&#8221; (2005) poikkeaa kiinnostavasti muista. Le Querrecin osuus ei ole nyt kiertuedokumentti, vaan satakunta mustavalkokuvaa h\u00e4nen vanhemmista Afrikka-reportaaseistaan, joista muusikot ovat valinneet kukin kuusi kuvaa omien s\u00e4vellystens\u00e4 pohjaksi. Yhtyeen ilmava nykyjazz ja mustavalkoiset valokuvat kohtaavat kauniisti. Oma\u00e4\u00e4ninen jazzyhtye yhdist\u00e4\u00e4 taitavasti nykyjazziin afrikkalaisen musiikin ilmaisukeinoja ja valokuvauksen kannalta kyse on humaanista kuvareportaasista, joka ei kauhistele kuvauskohteidensa k\u00f6yhyytt\u00e4, vaan luo Afrikasta valoisamman kuvan kuin mit\u00e4 tiedonv\u00e4lityksess\u00e4 yleens\u00e4 luodaan.<\/p>\n<p><strong>Levyt<\/strong><br \/>\nCarnet de routes, Label Bleu, 1995<br \/>\nSuite Africaine, Label Bleu, 1999<br \/>\nAfrican Flashback, Label Bleu, 2005<\/p>\n<p><em>1.10.2006<\/em><\/p>\n","protected":false},"excerpt":{"rendered":"<p>Voiko valokuvaaja olla jazzyhtyeen j\u00e4sen, samanarvoinen instrumentteja soittavien muusikoiden kanssa? Ranskalaiset jazzmuusikot Aldo Romano, Louis Sclavis ja Henri Texier vastaavat kysymykseen varmasti my\u00f6nteisesti, sill\u00e4 heid\u00e4n trionsa nelj\u00e4nten\u00e4 j\u00e4senen\u00e4 vaikuttaa valokuvaaja Guy Le Querrec. Siin\u00e4 miss\u00e4 levykansiteksteiss\u00e4 muusikkojen kohdalla instrumentteina mainitaan klarinetti, basso ja rummut, mainitaan Le Querrecin v\u00e4lineen\u00e4 Leica, maineikas kuvajournalistien k\u00e4ytt\u00e4m\u00e4 kameraklassikko. Nelikko on [&hellip;]<\/p>\n","protected":false},"author":1,"featured_media":0,"parent":348,"menu_order":0,"comment_status":"open","ping_status":"open","template":"onecolumn-page.php","meta":{"ngg_post_thumbnail":0,"footnotes":""},"class_list":["post-361","page","type-page","status-publish","hentry"],"jetpack_likes_enabled":false,"jetpack_sharing_enabled":true,"_links":{"self":[{"href":"https:\/\/www.valonkuvia.fi\/blogi\/wp-json\/wp\/v2\/pages\/361","targetHints":{"allow":["GET"]}}],"collection":[{"href":"https:\/\/www.valonkuvia.fi\/blogi\/wp-json\/wp\/v2\/pages"}],"about":[{"href":"https:\/\/www.valonkuvia.fi\/blogi\/wp-json\/wp\/v2\/types\/page"}],"author":[{"embeddable":true,"href":"https:\/\/www.valonkuvia.fi\/blogi\/wp-json\/wp\/v2\/users\/1"}],"replies":[{"embeddable":true,"href":"https:\/\/www.valonkuvia.fi\/blogi\/wp-json\/wp\/v2\/comments?post=361"}],"version-history":[{"count":3,"href":"https:\/\/www.valonkuvia.fi\/blogi\/wp-json\/wp\/v2\/pages\/361\/revisions"}],"predecessor-version":[{"id":364,"href":"https:\/\/www.valonkuvia.fi\/blogi\/wp-json\/wp\/v2\/pages\/361\/revisions\/364"}],"up":[{"embeddable":true,"href":"https:\/\/www.valonkuvia.fi\/blogi\/wp-json\/wp\/v2\/pages\/348"}],"wp:attachment":[{"href":"https:\/\/www.valonkuvia.fi\/blogi\/wp-json\/wp\/v2\/media?parent=361"}],"curies":[{"name":"wp","href":"https:\/\/api.w.org\/{rel}","templated":true}]}}