{"id":365,"date":"2011-07-13T17:27:06","date_gmt":"2011-07-13T14:27:06","guid":{"rendered":"http:\/\/www.valonkuvia.fi\/blogi\/?page_id=365"},"modified":"2011-07-13T17:27:06","modified_gmt":"2011-07-13T14:27:06","slug":"vuoden-jazzelamyksia","status":"publish","type":"page","link":"https:\/\/www.valonkuvia.fi\/blogi\/jazzjutut\/2006-2\/vuoden-jazzelamyksia\/","title":{"rendered":"Vuoden jazzel\u00e4myksi\u00e4"},"content":{"rendered":"<h4>On j\u00e4lleen aika koota yhteen loppumassa olevan vuoden jazzel\u00e4myksi\u00e4. T\u00e4ll\u00e4 kertaa olen valinnut listalle mieleen j\u00e4\u00e4neit\u00e4 hienoja kotimaisia levyj\u00e4; sek\u00e4 uutuuksia ett\u00e4 vanhan musiikin uusintajulkaisuja.<\/h4>\n<p>Olen jo aikaisemmassa kirjoituksessani kehunut kovasti saksofonisti Juhani Aaltosen kaunista balladilevy\u00e4 &#8221;Illusion of a Ballad&#8221; (TUM Records). Jo yli 70-vuotias Juhani Aaltonen on t\u00e4t\u00e4 nyky\u00e4 niin hyv\u00e4ss\u00e4 luomisvireess\u00e4 ja h\u00e4nen yht\u00e4 aikaa lyyrinen ja intensiivinen versionsa free jazzista on niin omaper\u00e4inen, ett\u00e4 h\u00e4nen musiikkinsa ei saa varmasti liikaa huomiota. Alkuvuodesta ilmestyi viel\u00e4 Nordic Trinity-yhtyeen levy &#8221;Wonders Never Cease&#8221; (KSJazz). Juhani Aaltosella on vahva rooli my\u00f6s t\u00e4ll\u00e4 levyll\u00e4, jolla taitavat muusikot taivuttavat jazziksi niinkin ep\u00e4todenn\u00e4k\u00f6isen kohteen kuin Tapio Rautavaaran lastenlauluklassikon &#8221;Sininen uni&#8221;.<\/p>\n<p>Vuoden 2006 uusista levyist\u00e4 on ehdottomasti mainittava pianisti Joona Toivasen trion kaunis &#8221;The Frost&#8221; (Blue Note), joka maalaa nimens\u00e4 mukaisesti viile\u00e4n hillityill\u00e4 s\u00e4vyill\u00e4 ja hohtaa pohjoista melankolista romantiikkaa. Vuolaana virtaavaan svengiin pianotrio ei miss\u00e4\u00e4n vaiheessa riehaannu, vaan s\u00e4ilytt\u00e4\u00e4 koko ajan tietyn pid\u00e4ttyv\u00e4n mietteli\u00e4isyyden.<\/p>\n<p>Toivasen triossa sek\u00e4 rumpalina ett\u00e4 s\u00e4velt\u00e4j\u00e4n\u00e4 kunnostautuva Olavi Louhivuori johtaa my\u00f6s omaa yhtyett\u00e4\u00e4n, jolla on outo nimi Oddarrang. Sen erikoiseen kokoonpanoon kuuluvat sello, pasuuna, kitara, basso ja rummut. Yhtyeen omintakeinen soundi on taltioitu kamarimusiikin ja jazzin v\u00e4limaastoja tiedustelevalle levylle &#8221;Music Illustrated&#8221; (Texicalli).<\/p>\n<p>Levyuutuuksien rinnalle esille tuli loppuvuodesta kaksi merkitt\u00e4v\u00e4\u00e4 uusintajulkaisua, kun S\u00e4hk\u00f6 Recordings teki kulttuuriteon ja julkaisi kaksi Eero Koivistoisen varhaista \u00e4\u00e4nitett\u00e4. Alun perin kustannusyhti\u00f6 Otavan vuosina 1969 ja 1970 julkaisemat &#8221;Odysseus&#8221; ja &#8221;For Children&#8221; paljastavat kirkkaasti, ett\u00e4 suomalaisen jazzin taso oli korkealla jo nelj\u00e4kymment\u00e4 vuotta sitten. My\u00f6s nuori Eero Koivistoinen ilahduttaa sek\u00e4 soittajana ett\u00e4 s\u00e4velt\u00e4j\u00e4n\u00e4.<\/p>\n<p>Varsinkin t\u00e4ysin akustinen perusjazzlevy &#8221;Odysseus&#8221; on s\u00e4ilytt\u00e4nyt nuorekkaan raikkautensa, mik\u00e4 on aidon klassikon merkki. Rockvaikutteiden kanssa flirttaileva &#8221;For Children&#8221; oli ilmestyess\u00e4\u00e4n hyvin trendik\u00e4s ja ainakin Suomessa jopa aikaansa edell\u00e4, mutta kuulostaa nyt hieman vanhanaikaiselta.<\/p>\n<p>Vertailun vuoksi kuunteluun kannattaa ottaa Koivistoisen uusin levytys &#8221;X-Ray&#8221; (Silence), jolla Koivistoinen tekee j\u00e4lleen omat versionsa p\u00e4iv\u00e4n rytmeist\u00e4 ja trendeist\u00e4; esimerkiksi muutamalla raidalla on mukana rap-artisti Redrama. Hiukan ep\u00e4ilytt\u00e4\u00e4, ett\u00e4 n\u00e4illekin kokeiluille k\u00e4y kuten vuosikymmenet sitten; jazzilmaisu s\u00e4ilyy tuoreena, mutta trendikkyys nahistuu.<\/p>\n<p>&#8221;Odysseus&#8221; ja &#8221;For Children&#8221; ovat kauan olleet kuulijoiden saavuttamattomissa ja monet jazzin harrastajat, kuten min\u00e4kin, p\u00e4\u00e4sev\u00e4t vasta nyt kuulemaan ne ensimm\u00e4isen kerran. Toivottavasti tarjolle tulee lis\u00e4\u00e4 varhaista Koivistoista 1970-luvun alusta ja Heikki Sarmannon levyt samoilta ajoilta olisivat my\u00f6s tervetulleita uusintoja.<\/p>\n<p><em>24.12.2006<\/em><\/p>\n","protected":false},"excerpt":{"rendered":"<p>On j\u00e4lleen aika koota yhteen loppumassa olevan vuoden jazzel\u00e4myksi\u00e4. T\u00e4ll\u00e4 kertaa olen valinnut listalle mieleen j\u00e4\u00e4neit\u00e4 hienoja kotimaisia levyj\u00e4; sek\u00e4 uutuuksia ett\u00e4 vanhan musiikin uusintajulkaisuja. Olen jo aikaisemmassa kirjoituksessani kehunut kovasti saksofonisti Juhani Aaltosen kaunista balladilevy\u00e4 &#8221;Illusion of a Ballad&#8221; (TUM Records). Jo yli 70-vuotias Juhani Aaltonen on t\u00e4t\u00e4 nyky\u00e4 niin hyv\u00e4ss\u00e4 luomisvireess\u00e4 ja h\u00e4nen [&hellip;]<\/p>\n","protected":false},"author":1,"featured_media":0,"parent":348,"menu_order":0,"comment_status":"open","ping_status":"open","template":"onecolumn-page.php","meta":{"ngg_post_thumbnail":0,"footnotes":""},"class_list":["post-365","page","type-page","status-publish","hentry"],"jetpack_likes_enabled":false,"jetpack_sharing_enabled":true,"_links":{"self":[{"href":"https:\/\/www.valonkuvia.fi\/blogi\/wp-json\/wp\/v2\/pages\/365","targetHints":{"allow":["GET"]}}],"collection":[{"href":"https:\/\/www.valonkuvia.fi\/blogi\/wp-json\/wp\/v2\/pages"}],"about":[{"href":"https:\/\/www.valonkuvia.fi\/blogi\/wp-json\/wp\/v2\/types\/page"}],"author":[{"embeddable":true,"href":"https:\/\/www.valonkuvia.fi\/blogi\/wp-json\/wp\/v2\/users\/1"}],"replies":[{"embeddable":true,"href":"https:\/\/www.valonkuvia.fi\/blogi\/wp-json\/wp\/v2\/comments?post=365"}],"version-history":[{"count":2,"href":"https:\/\/www.valonkuvia.fi\/blogi\/wp-json\/wp\/v2\/pages\/365\/revisions"}],"predecessor-version":[{"id":367,"href":"https:\/\/www.valonkuvia.fi\/blogi\/wp-json\/wp\/v2\/pages\/365\/revisions\/367"}],"up":[{"embeddable":true,"href":"https:\/\/www.valonkuvia.fi\/blogi\/wp-json\/wp\/v2\/pages\/348"}],"wp:attachment":[{"href":"https:\/\/www.valonkuvia.fi\/blogi\/wp-json\/wp\/v2\/media?parent=365"}],"curies":[{"name":"wp","href":"https:\/\/api.w.org\/{rel}","templated":true}]}}