{"id":377,"date":"2011-07-13T17:38:59","date_gmt":"2011-07-13T14:38:59","guid":{"rendered":"http:\/\/www.valonkuvia.fi\/blogi\/?page_id=377"},"modified":"2012-02-01T23:22:20","modified_gmt":"2012-02-01T21:22:20","slug":"monk%c2%b4s-casino","status":"publish","type":"page","link":"https:\/\/www.valonkuvia.fi\/blogi\/jazzjutut\/2007-2\/monk%c2%b4s-casino\/","title":{"rendered":"Monk\u00b4s Casino"},"content":{"rendered":"<h4>Pianisti Thelonious Monk (1917-82) oli jazzin historian suuria persoonia, jonka taiteilijan ura jakaantuu n\u00e4pp\u00e4r\u00e4sti vaiheisiin eri vuosikymmenin\u00e4. Monk oli 1940-luvulla er\u00e4s bebopin kehitt\u00e4ji\u00e4, mutta kuitenkin vain pienten piirien tuntema eksentrikko. Silloin syntyiv\u00e4t Blue Noten julkaisemat klassiset pikkuyhtyelevytykset, jotka ovat jatkuvasti saatavilla nimell\u00e4 &#8221;Genius of Modern Music&#8221;. Monkia pidet\u00e4\u00e4n er\u00e4\u00e4n\u00e4 jazzin historian merkitt\u00e4vimmist\u00e4 s\u00e4velt\u00e4jist\u00e4 ja suurin osa Monkin omaper\u00e4isist\u00e4 ja yll\u00e4tt\u00e4vien k\u00e4\u00e4nteiden leimaamista s\u00e4vellyksist\u00e4 syntyi juuri uran alkupuolella.<\/h4>\n<p>Seuraavalla vuosikymmenell\u00e4 Monk oli suurissa vaikeuksissa, kun h\u00e4n menetti huumerikkomuksen vuoksi kabareekorttinsa eli luvan esiinty\u00e4 New Yorkin jazzklubeilla. Pieni Riverside-levymerkki julkaisi kuitenkin 1950-luvulla kuitenkin paljon Monkin musiikkia. Suurimpaan maineeseensa ja kaupalliseen menestykseen Monk p\u00e4\u00e4si kolmannella kaudellaan 1960-luvulla, kun liuta hyvin myyneit\u00e4 levyj\u00e4 ilmestyi Columbia-levymerkill\u00e4. Nyt Monk tyytyi yleens\u00e4 tulkitsemaan vanhoja s\u00e4vellyksi\u00e4\u00e4n yh\u00e4 uudelleen. El\u00e4m\u00e4ns\u00e4 viimeisen vuosikymmenen Monk vietti hiljaisuudessa, kun mielenterveysongelmat estiv\u00e4t sek\u00e4 esiintymiset ett\u00e4 levytykset l\u00e4hes kokonaan.<\/p>\n<p>Monkin s\u00e4vellykset ovat aina olleet suosittuja muiden jazzmuusikoiden keskuudessa. Versioita h\u00e4nen musiikistaan ovat tehneet yht\u00e4 lailla valtavirran perusjazzarit kuin \u00e4\u00e4rimm\u00e4isen avantgarden kokeilijatkin. Jo 1960-luvulla free jazzia soittanut saksalainen pianisti Alexander von Schlippenbach kuuluu n\u00e4ihin j\u00e4lkimm\u00e4isiin. H\u00e4n sai kymmenisen vuotta sitten kuningasajatuksen sovittaa kaikki Monkin s\u00e4vellykset jazzkvintetille. Koska Monkin musiikkia ei ollut koskaan koottu nuotteina yhteen, kaikkien s\u00e4vellysten l\u00f6yt\u00e4minen vaati aika lailla tutkimusty\u00f6t\u00e4. Materiaalista syntyi lopulta noin kolmen ja puolin tunnin kokonaisuus, jonka saattaa tarvittaessa esitt\u00e4\u00e4 vaikka yhten\u00e4 iltana. Schlippenbach levytti kokonaisesityksens\u00e4 Monkin musiikista Berliinin A-Train-klubilla vuonna 2003 ja lopputuloksena syntyi hieno kolmen cd:n paketti &#8221;Monk\u00b4s Casino&#8221; (Intakt Records). Levyille tuli mukaan kaikki Monkin s\u00e4vellykset, jopa sellaiset, joita Monk itse ei koskaan levytt\u00e4nyt.<\/p>\n<p>Schlippenbach esitti noin puolet Monkin kasinosta viime viikonloppuna (9.6.) Kerava Jazz-festivaalilla ja tarjosi samalla er\u00e4\u00e4n viime aikojen hienoimmista musiikkiel\u00e4myksist\u00e4, joka tulee j\u00e4\u00e4m\u00e4\u00e4n mieleen er\u00e4\u00e4n\u00e4 alussa olevan jazzkes\u00e4n kohokohtana. Kvintetist\u00e4 kannattaa nostaa esille Eric Dolphyn hengess\u00e4 bassoklarinettia intensiivisesti soittanut Rudi Mahal sek\u00e4 trumpetisti Axel D\u00f6rner, joka on tullut tunnetuksi trumpetin uusien soittotapojen ja sointimahdollisuuksien etsij\u00e4n\u00e4. Nyt h\u00e4nest\u00e4 paljastui jazztrumpetin perinteet taitava virtuoosi. Yhtyeen v\u00e4lill\u00e4 neuroottisessa esityksess\u00e4 oli mukana roimasti hullua huumoria, joka vain korosti Monkin musiikin arvaamatonta luonnetta. Monk\u00b4s Casino ei ollut mik\u00e4\u00e4n konserttilavalla p\u00f6n\u00f6tt\u00e4v\u00e4 n\u00e4k\u00f6ispatsas, vaan raikas, uutta luova, haastava ja l\u00e4ht\u00f6kohtiaan kunnioittava klassikkotulkinta.<\/p>\n<p>17.6.2007<\/p>\n","protected":false},"excerpt":{"rendered":"<p>Pianisti Thelonious Monk (1917-82) oli jazzin historian suuria persoonia, jonka taiteilijan ura jakaantuu n\u00e4pp\u00e4r\u00e4sti vaiheisiin eri vuosikymmenin\u00e4. Monk oli 1940-luvulla er\u00e4s bebopin kehitt\u00e4ji\u00e4, mutta kuitenkin vain pienten piirien tuntema eksentrikko. Silloin syntyiv\u00e4t Blue Noten julkaisemat klassiset pikkuyhtyelevytykset, jotka ovat jatkuvasti saatavilla nimell\u00e4 &#8221;Genius of Modern Music&#8221;. Monkia pidet\u00e4\u00e4n er\u00e4\u00e4n\u00e4 jazzin historian merkitt\u00e4vimmist\u00e4 s\u00e4velt\u00e4jist\u00e4 ja suurin [&hellip;]<\/p>\n","protected":false},"author":1,"featured_media":0,"parent":373,"menu_order":0,"comment_status":"open","ping_status":"open","template":"onecolumn-page.php","meta":{"ngg_post_thumbnail":0,"footnotes":""},"class_list":["post-377","page","type-page","status-publish","hentry"],"jetpack_likes_enabled":false,"jetpack_sharing_enabled":true,"_links":{"self":[{"href":"https:\/\/www.valonkuvia.fi\/blogi\/wp-json\/wp\/v2\/pages\/377","targetHints":{"allow":["GET"]}}],"collection":[{"href":"https:\/\/www.valonkuvia.fi\/blogi\/wp-json\/wp\/v2\/pages"}],"about":[{"href":"https:\/\/www.valonkuvia.fi\/blogi\/wp-json\/wp\/v2\/types\/page"}],"author":[{"embeddable":true,"href":"https:\/\/www.valonkuvia.fi\/blogi\/wp-json\/wp\/v2\/users\/1"}],"replies":[{"embeddable":true,"href":"https:\/\/www.valonkuvia.fi\/blogi\/wp-json\/wp\/v2\/comments?post=377"}],"version-history":[{"count":3,"href":"https:\/\/www.valonkuvia.fi\/blogi\/wp-json\/wp\/v2\/pages\/377\/revisions"}],"predecessor-version":[{"id":379,"href":"https:\/\/www.valonkuvia.fi\/blogi\/wp-json\/wp\/v2\/pages\/377\/revisions\/379"}],"up":[{"embeddable":true,"href":"https:\/\/www.valonkuvia.fi\/blogi\/wp-json\/wp\/v2\/pages\/373"}],"wp:attachment":[{"href":"https:\/\/www.valonkuvia.fi\/blogi\/wp-json\/wp\/v2\/media?parent=377"}],"curies":[{"name":"wp","href":"https:\/\/api.w.org\/{rel}","templated":true}]}}