{"id":3797,"date":"2012-08-29T23:09:10","date_gmt":"2012-08-29T20:09:10","guid":{"rendered":"http:\/\/www.valonkuvia.fi\/blogi\/?page_id=3797"},"modified":"2012-08-29T23:12:02","modified_gmt":"2012-08-29T20:12:02","slug":"klas-nevrin-fancy-machine","status":"publish","type":"page","link":"https:\/\/www.valonkuvia.fi\/blogi\/jazzjutut\/levyarvioita-m-p\/klas-nevrin-fancy-machine\/","title":{"rendered":"Klas Nevrin: Fancy Machine"},"content":{"rendered":"<p>T\u00e4ytyy sanoa heti k\u00e4ttelyss\u00e4, ett\u00e4 nuoren ruotsalaisen pianistin Klas Nevrinin &#8221;Fancy Machine&#8221; on mielenkiintoinen levy. Se on ilmiselv\u00e4sti omaa \u00e4\u00e4nt\u00e4\u00e4n etsiv\u00e4n nuoren taiteilijan ty\u00f6t\u00e4. Nevrin ei tyydy helppoihin ja ilmiselviin ratkaisuihin, vaan yhdist\u00e4\u00e4 kunnianhimoisesti vapaan improvisoinnin ja nykymusiikin soundeja tavanomaisempaan jazzilmaisuun. <\/p>\n<p>Useimmat levyn kappaleet alkavat varovaisesti. Per &#8221;Texas&#8221; Johanssonin kvartetista tutun Fredrik Ljungkvistin saksofonit ja klarinetti sek\u00e4 hienovaraisesti k\u00e4ytetyt s\u00e4hk\u00f6- ja ly\u00f6m\u00e4soittimet hakevat erilaisia sointiv\u00e4rej\u00e4 ja rakentavat pikku hiljaa pienist\u00e4 eleist\u00e4 koostuvia maisemia, joista v\u00e4hitellen muotoutuu perinteisempi soolojakso. Sooloista Nevrinin soittamat ovat tavanomaisempaa ilmaisua, kun taas Ljungkvistin puhaltimista tulevat levyn kiinnostavimmat soolot. &#8221;Fancy Machine&#8221; on keskittynytt\u00e4 kuuntelua vaativaa hiljaista kamarimusiikkia. Eritt\u00e4in lupaavaa levy, jonka tekij\u00e4n nimi kannattaa laittaa muistiin.<\/p>\n<p><strong>Klas Nevrin<\/strong>: Fancy Machine (Dragon)<\/p>\n<p><em>Klas Nevrin; piano, sitra, Fredrik Ljungkvist; saksofonit, klarinetti, live-elektroniikka, Peter Janson; basso, Ricard \u00d6sterdam; ly\u00f6m\u00e4soittimet, s\u00e4hk\u00f6rummut <\/em><\/p>\n<p>28.4.2000<\/p>\n","protected":false},"excerpt":{"rendered":"<p>T\u00e4ytyy sanoa heti k\u00e4ttelyss\u00e4, ett\u00e4 nuoren ruotsalaisen pianistin Klas Nevrinin &#8221;Fancy Machine&#8221; on mielenkiintoinen levy. Se on ilmiselv\u00e4sti omaa \u00e4\u00e4nt\u00e4\u00e4n etsiv\u00e4n nuoren taiteilijan ty\u00f6t\u00e4. Nevrin ei tyydy helppoihin ja ilmiselviin ratkaisuihin, vaan yhdist\u00e4\u00e4 kunnianhimoisesti vapaan improvisoinnin ja nykymusiikin soundeja tavanomaisempaan jazzilmaisuun. Useimmat levyn kappaleet alkavat varovaisesti. Per &#8221;Texas&#8221; Johanssonin kvartetista tutun Fredrik Ljungkvistin saksofonit ja [&hellip;]<\/p>\n","protected":false},"author":1,"featured_media":0,"parent":1905,"menu_order":13,"comment_status":"open","ping_status":"open","template":"","meta":{"ngg_post_thumbnail":0,"footnotes":""},"class_list":["post-3797","page","type-page","status-publish","hentry"],"jetpack_likes_enabled":false,"jetpack_sharing_enabled":true,"_links":{"self":[{"href":"https:\/\/www.valonkuvia.fi\/blogi\/wp-json\/wp\/v2\/pages\/3797","targetHints":{"allow":["GET"]}}],"collection":[{"href":"https:\/\/www.valonkuvia.fi\/blogi\/wp-json\/wp\/v2\/pages"}],"about":[{"href":"https:\/\/www.valonkuvia.fi\/blogi\/wp-json\/wp\/v2\/types\/page"}],"author":[{"embeddable":true,"href":"https:\/\/www.valonkuvia.fi\/blogi\/wp-json\/wp\/v2\/users\/1"}],"replies":[{"embeddable":true,"href":"https:\/\/www.valonkuvia.fi\/blogi\/wp-json\/wp\/v2\/comments?post=3797"}],"version-history":[{"count":3,"href":"https:\/\/www.valonkuvia.fi\/blogi\/wp-json\/wp\/v2\/pages\/3797\/revisions"}],"predecessor-version":[{"id":3804,"href":"https:\/\/www.valonkuvia.fi\/blogi\/wp-json\/wp\/v2\/pages\/3797\/revisions\/3804"}],"up":[{"embeddable":true,"href":"https:\/\/www.valonkuvia.fi\/blogi\/wp-json\/wp\/v2\/pages\/1905"}],"wp:attachment":[{"href":"https:\/\/www.valonkuvia.fi\/blogi\/wp-json\/wp\/v2\/media?parent=3797"}],"curies":[{"name":"wp","href":"https:\/\/api.w.org\/{rel}","templated":true}]}}