{"id":3851,"date":"2012-08-30T22:36:01","date_gmt":"2012-08-30T19:36:01","guid":{"rendered":"http:\/\/www.valonkuvia.fi\/blogi\/?page_id=3851"},"modified":"2012-08-30T22:36:01","modified_gmt":"2012-08-30T19:36:01","slug":"once-around-the-park-this-is-the-sound-of-music","status":"publish","type":"page","link":"https:\/\/www.valonkuvia.fi\/blogi\/jazzjutut\/levyarvioita-m-p\/once-around-the-park-this-is-the-sound-of-music\/","title":{"rendered":"Once Around The Park: This Is the Sound of Music"},"content":{"rendered":"<p>Tanskalainen Once Around The Park (OATP)on p\u00e4\u00e4llisin puolin ja ensisilm\u00e4yksell\u00e4 tavanomainen hikist\u00e4 urkujazzia klubin nurkassa paahtava yhtye. Levyn avauskappale &#8221;Jackson 5&#8221; sopii viel\u00e4 hyvin ennakkok\u00e4sityksiin. Mutta mit\u00e4 pidemm\u00e4lle levy\u00e4 kuuntelee, sit\u00e4 selvemmin alkaa paljastua, ett\u00e4 jutussa on kyse muustakin. Ehk\u00e4 b\u00e4ndin musiikissa on jokin viile\u00e4n tarkkaileva sivujuonne. Ehk\u00e4 sill\u00e4 on peliss\u00e4 mukana annos ironista kepeytt\u00e4, joka est\u00e4\u00e4 heitt\u00e4ytymisen vain viihteen puolelle. Jollain vaikeasti ilmaistavalla tavalla yhtyeen musiikki on hieman vinksahtanut syrj\u00e4\u00e4n tavanomaisten hauskanpitoon t\u00e4ht\u00e4\u00e4vien klubib\u00e4ndien ilmaisusta. Ainakin s\u00e4vellysmateriaali on hyvin monipuolista, OATP ei tyydy yhdest\u00e4 puusta veistettyihin s\u00e4vellyksiin. Jopa kappaleiden nimet kieliv\u00e4t yhtyeen asenteesta, esimerkkein\u00e4 vaikka &#8221;A Small Step For A Mankind&#8221;, &#8221;Prozac &#038; Cadillac&#8221;, &#8221;People Should Take More Naps&#8221; tai &#8221;F**K O**P&#8221;. OATP soittaa toisaalta niin energisesti ja taitavasti, ett\u00e4 livetilanteessa OATP osaa varmasti olla my\u00f6s se hikist\u00e4 urkujazzia klubin nurkassa paahtava yhtye, jolla vain sattuu olemaan musiikissaan tavallista enemm\u00e4n sis\u00e4lt\u00f6\u00e4. Sanalla sanoen OATP on positiivisesti &#8221;outo&#8221; ilmestys, kotimaisena vertailukohtana mieleen tulee Gourmet-yhtye.<\/p>\n<p><strong>Once Around The Park<\/strong>: This Is the Sound of Music (Stunt Records)<\/p>\n<p><em>Jakob Dinesen; tenorisaksofoni, Nikolaj Torp Larsen: urut, Rune Finch; kitara, Anders Christensen; basso, Michael Finding; rummut, lis\u00e4ksi vieraana Rune Harder Olesen; ly\u00f6m\u00e4soittimet<\/em><\/p>\n<p>2.5. 2002<\/p>\n","protected":false},"excerpt":{"rendered":"<p>Tanskalainen Once Around The Park (OATP)on p\u00e4\u00e4llisin puolin ja ensisilm\u00e4yksell\u00e4 tavanomainen hikist\u00e4 urkujazzia klubin nurkassa paahtava yhtye. Levyn avauskappale &#8221;Jackson 5&#8221; sopii viel\u00e4 hyvin ennakkok\u00e4sityksiin. Mutta mit\u00e4 pidemm\u00e4lle levy\u00e4 kuuntelee, sit\u00e4 selvemmin alkaa paljastua, ett\u00e4 jutussa on kyse muustakin. Ehk\u00e4 b\u00e4ndin musiikissa on jokin viile\u00e4n tarkkaileva sivujuonne. Ehk\u00e4 sill\u00e4 on peliss\u00e4 mukana annos ironista kepeytt\u00e4, [&hellip;]<\/p>\n","protected":false},"author":1,"featured_media":0,"parent":1905,"menu_order":19,"comment_status":"open","ping_status":"open","template":"","meta":{"ngg_post_thumbnail":0,"footnotes":""},"class_list":["post-3851","page","type-page","status-publish","hentry"],"jetpack_likes_enabled":false,"jetpack_sharing_enabled":true,"_links":{"self":[{"href":"https:\/\/www.valonkuvia.fi\/blogi\/wp-json\/wp\/v2\/pages\/3851","targetHints":{"allow":["GET"]}}],"collection":[{"href":"https:\/\/www.valonkuvia.fi\/blogi\/wp-json\/wp\/v2\/pages"}],"about":[{"href":"https:\/\/www.valonkuvia.fi\/blogi\/wp-json\/wp\/v2\/types\/page"}],"author":[{"embeddable":true,"href":"https:\/\/www.valonkuvia.fi\/blogi\/wp-json\/wp\/v2\/users\/1"}],"replies":[{"embeddable":true,"href":"https:\/\/www.valonkuvia.fi\/blogi\/wp-json\/wp\/v2\/comments?post=3851"}],"version-history":[{"count":1,"href":"https:\/\/www.valonkuvia.fi\/blogi\/wp-json\/wp\/v2\/pages\/3851\/revisions"}],"predecessor-version":[{"id":3852,"href":"https:\/\/www.valonkuvia.fi\/blogi\/wp-json\/wp\/v2\/pages\/3851\/revisions\/3852"}],"up":[{"embeddable":true,"href":"https:\/\/www.valonkuvia.fi\/blogi\/wp-json\/wp\/v2\/pages\/1905"}],"wp:attachment":[{"href":"https:\/\/www.valonkuvia.fi\/blogi\/wp-json\/wp\/v2\/media?parent=3851"}],"curies":[{"name":"wp","href":"https:\/\/api.w.org\/{rel}","templated":true}]}}