{"id":3858,"date":"2012-08-30T22:43:08","date_gmt":"2012-08-30T19:43:08","guid":{"rendered":"http:\/\/www.valonkuvia.fi\/blogi\/?page_id=3858"},"modified":"2012-08-30T22:43:08","modified_gmt":"2012-08-30T19:43:08","slug":"evelina-petrova-year%c2%b4s-cycle","status":"publish","type":"page","link":"https:\/\/www.valonkuvia.fi\/blogi\/jazzjutut\/levyarvioita-m-p\/evelina-petrova-year%c2%b4s-cycle\/","title":{"rendered":"Evelina Petrova: Year\u00b4s Cycle"},"content":{"rendered":"<p>Evelina Petrova, kansainv\u00e4lisill\u00e4 markkinoilla Evelyn, on ven\u00e4l\u00e4inen Pietarin l\u00e4hist\u00f6ll\u00e4 syntynyt harmonikkataiteilija. Klassisesti kouluttautunut Petrova vaeltaa ensimm\u00e4isell\u00e4 soololevyll\u00e4\u00e4n j\u00e4nnitt\u00e4v\u00e4sti vapaana tiukoista genrerajoista ja yhdist\u00e4\u00e4 musiikkiinsa vaikutteita ven\u00e4l\u00e4isest\u00e4 kansanmusiikista, klassisesta ja vapaasta improvisaatiosta. Virtuoosimainen hanuristi on my\u00f6s vaikuttava \u00e4\u00e4nitaiteilija, joka k\u00e4ytt\u00e4\u00e4 \u00e4\u00e4nt\u00e4\u00e4n yht\u00e4 luontevasti niin kansanomaisiin laulutapoihin kuin instrumentaalisiin \u00e4\u00e4ni-improvisaatioihinkin.<\/p>\n<p>Evelina Petrovan levy t\u00e4yttyy kokonaan Petrovan s\u00e4velt\u00e4m\u00e4st\u00e4 kuukausien nimien mukaan nimetyst\u00e4 12-osaisesta sarjasta Year\u00b4s Cycle. Sarja on mukaansatempaava matka halki vuoden kierron ven\u00e4l\u00e4isell\u00e4 maaseudulla, sill\u00e4 monet Petrovan laulutekstien aiheet nousevat kansanperinteest\u00e4. Laulut kertovat mm. joulunajan ennustuksista, karnevaalien ilonpidosta, hein\u00e4nteosta, elonkorjuusta, h\u00e4\u00e4juhlista ja marraskuun pimeydest\u00e4. Tunnelmat vaihtelevat surumielisist\u00e4 riehakkaisiin ja sarja antaa Petrovalle runsaasti tilaisuuksia osoittaa monipuolisuuttaan niin harmonikkataiturina kuin laulajanakin. Evelina Petrova on mielenkiintoinen tuttavuus, jonka tuotantoon kannattaa ehdottomasti tutustua. Leo Records on julkaissut aiemmin my\u00f6s Petrovan duolevyn &#8221;Chonyi Together&#8221; (CD LR 268) yhdess\u00e4 trumpetisti Vjatseslav Guivoronskin kanssa. <\/p>\n<p><strong>Evelina Petrova<\/strong>: Year\u00b4s Cycle (Leo Records)<\/p>\n<p><em>Evelina Petrova; harmonikka, laulu<\/em><\/p>\n<p>11.10.2005<\/p>\n","protected":false},"excerpt":{"rendered":"<p>Evelina Petrova, kansainv\u00e4lisill\u00e4 markkinoilla Evelyn, on ven\u00e4l\u00e4inen Pietarin l\u00e4hist\u00f6ll\u00e4 syntynyt harmonikkataiteilija. Klassisesti kouluttautunut Petrova vaeltaa ensimm\u00e4isell\u00e4 soololevyll\u00e4\u00e4n j\u00e4nnitt\u00e4v\u00e4sti vapaana tiukoista genrerajoista ja yhdist\u00e4\u00e4 musiikkiinsa vaikutteita ven\u00e4l\u00e4isest\u00e4 kansanmusiikista, klassisesta ja vapaasta improvisaatiosta. Virtuoosimainen hanuristi on my\u00f6s vaikuttava \u00e4\u00e4nitaiteilija, joka k\u00e4ytt\u00e4\u00e4 \u00e4\u00e4nt\u00e4\u00e4n yht\u00e4 luontevasti niin kansanomaisiin laulutapoihin kuin instrumentaalisiin \u00e4\u00e4ni-improvisaatioihinkin. Evelina Petrovan levy t\u00e4yttyy kokonaan Petrovan s\u00e4velt\u00e4m\u00e4st\u00e4 [&hellip;]<\/p>\n","protected":false},"author":1,"featured_media":0,"parent":1905,"menu_order":22,"comment_status":"open","ping_status":"open","template":"onecolumn-page.php","meta":{"ngg_post_thumbnail":0,"footnotes":""},"class_list":["post-3858","page","type-page","status-publish","hentry"],"jetpack_likes_enabled":false,"jetpack_sharing_enabled":true,"_links":{"self":[{"href":"https:\/\/www.valonkuvia.fi\/blogi\/wp-json\/wp\/v2\/pages\/3858","targetHints":{"allow":["GET"]}}],"collection":[{"href":"https:\/\/www.valonkuvia.fi\/blogi\/wp-json\/wp\/v2\/pages"}],"about":[{"href":"https:\/\/www.valonkuvia.fi\/blogi\/wp-json\/wp\/v2\/types\/page"}],"author":[{"embeddable":true,"href":"https:\/\/www.valonkuvia.fi\/blogi\/wp-json\/wp\/v2\/users\/1"}],"replies":[{"embeddable":true,"href":"https:\/\/www.valonkuvia.fi\/blogi\/wp-json\/wp\/v2\/comments?post=3858"}],"version-history":[{"count":1,"href":"https:\/\/www.valonkuvia.fi\/blogi\/wp-json\/wp\/v2\/pages\/3858\/revisions"}],"predecessor-version":[{"id":3859,"href":"https:\/\/www.valonkuvia.fi\/blogi\/wp-json\/wp\/v2\/pages\/3858\/revisions\/3859"}],"up":[{"embeddable":true,"href":"https:\/\/www.valonkuvia.fi\/blogi\/wp-json\/wp\/v2\/pages\/1905"}],"wp:attachment":[{"href":"https:\/\/www.valonkuvia.fi\/blogi\/wp-json\/wp\/v2\/media?parent=3858"}],"curies":[{"name":"wp","href":"https:\/\/api.w.org\/{rel}","templated":true}]}}