{"id":3860,"date":"2012-08-30T22:44:25","date_gmt":"2012-08-30T19:44:25","guid":{"rendered":"http:\/\/www.valonkuvia.fi\/blogi\/?page_id=3860"},"modified":"2012-08-30T22:44:25","modified_gmt":"2012-08-30T19:44:25","slug":"esa-pietila-trio-direct","status":"publish","type":"page","link":"https:\/\/www.valonkuvia.fi\/blogi\/jazzjutut\/levyarvioita-m-p\/esa-pietila-trio-direct\/","title":{"rendered":"Esa Pietil\u00e4 Trio: Direct"},"content":{"rendered":"<p>Vankkojen kotimaisten jazzlevyuutuuksien sarja jatkuu, kun Fiasko Records jonkin ajan taukoa pidetty\u00e4\u00e4n julkaisee Esa Pietil\u00e4n kolmannen levyn. Direct on nimens\u00e4 veroisesti levollisen j\u00e4m\u00e4kk\u00e4\u00e4 ja suoraa puhetta. Pietil\u00e4 ei lankea tekniikalla elvistelyyn eik\u00e4 pikkusiev\u00e4\u00e4n koristemaalaukseen. H\u00e4nen molemmat saksofoninsa soivat v\u00e4h\u00e4eleisen luotettavasti. Niiss\u00e4 on ik\u00e4\u00e4n kuin juurevan kansanmiehen uskottavuutta. Vaikutelmaa tukevat j\u00e4ntev\u00e4t kappaleet, joista osa on Pietil\u00e4n k\u00e4sialaa ja osa yhdess\u00e4 improvisoituja. Vaihtelua ohjelmaan on saatu duettojen (saksofoni\/rummut ja saksofoni\/basso) avulla.<\/p>\n<p>Markku Ounaskari on niit\u00e4 suomalaisia jazzmuusikoita, joiden uran kehittymist\u00e4 on ollut ilo seurata jo pidemm\u00e4n aikaa. Ounaskari on vuosien varrella laventanut taiteilijankuvaansa. Luotettavan rytminpiiskaajan lis\u00e4ksi h\u00e4nest\u00e4 on kasvanut monipuolinen ja sounditietoinen ly\u00f6m\u00e4soittaja, joka on oleellinen osa t\u00e4m\u00e4nkin levyn \u00e4\u00e4nimaisemaa. Hieno esimerkki Ounaskarin ly\u00f6m\u00e4soitintaiteesta on &#8221;Strong till three&#8221;, jossa rumpujen koko dynamiikka bassorumpujen syvist\u00e4 jys\u00e4hdyksist\u00e4 lautasten helin\u00e4\u00e4n on kauniisti tallennettu.<\/p>\n<p>Mitenk\u00e4\u00e4n Pietil\u00e4n ja Ounaskarin ansioita v\u00e4h\u00e4ttelem\u00e4tt\u00e4 ehdotan my\u00f6s vaihtoehtoista kuuntelutapaa. Direct-levy\u00e4 on mielest\u00e4ni nimitt\u00e4in ainakin paikoin mahdollista kuunnella basisti Uffe Krokforsin soololevyn\u00e4 ja ajatella Krokforsin t\u00e4ytel\u00e4inen basso solistiksi, jota muut soittimet s\u00e4est\u00e4v\u00e4t. Vaikkapa saksofoni\/basso-duetot, kiihke\u00e4 &#8221;Bumpy Down&#8221;, Krokforsin kaunis s\u00e4vellys &#8221;Spring Flower&#8221; ja v\u00e4hitellen intensiteetti\u00e4\u00e4n kasvattava &#8221;Freejohn&#8221;, tuntuvat saavan n\u00e4in kuunneltuna uusia merkityksi\u00e4. Krokfors on ollut vahvasti esill\u00e4 t\u00e4m\u00e4n vuoden levyuutuuksilla, Samuli Mikkosen &#8221;7 Henke\u00e4&#8221;-levyll\u00e4 ja Andr\u00e9 Sumeliuksen Lift-yhtyeen &#8221;Kairalla&#8221;. Ei liene liioittelua pit\u00e4\u00e4 h\u00e4nt\u00e4 Suomen nykyjazzkent\u00e4n ykk\u00f6sbasistina.<\/p>\n<p>Pietil\u00e4n edellinen levy &#8221;Fastjoik&#8221; (A-Records, 1998) oli erinomainen kvintettilevytys, jolla ruotsalainen trumpetisti Anders Bergcrantz vaikutti voimakkaasti. &#8221;Direct&#8221; on m\u00e4\u00e4r\u00e4tietoinen askel &#8221;Fastjoikia&#8221; vapaamuotoisempaan suuntaan.<\/p>\n<p><strong>Esa Pietil\u00e4 Trio<\/strong>: Direct (Fiasko Records)<\/p>\n<p><em>Esa Pietl\u00e4; saksofonit, Uffe Krokfors; basso, Markku Ounaskari; rummut<\/em><\/p>\n<p>13.5. 2003<\/p>\n","protected":false},"excerpt":{"rendered":"<p>Vankkojen kotimaisten jazzlevyuutuuksien sarja jatkuu, kun Fiasko Records jonkin ajan taukoa pidetty\u00e4\u00e4n julkaisee Esa Pietil\u00e4n kolmannen levyn. Direct on nimens\u00e4 veroisesti levollisen j\u00e4m\u00e4kk\u00e4\u00e4 ja suoraa puhetta. Pietil\u00e4 ei lankea tekniikalla elvistelyyn eik\u00e4 pikkusiev\u00e4\u00e4n koristemaalaukseen. H\u00e4nen molemmat saksofoninsa soivat v\u00e4h\u00e4eleisen luotettavasti. Niiss\u00e4 on ik\u00e4\u00e4n kuin juurevan kansanmiehen uskottavuutta. Vaikutelmaa tukevat j\u00e4ntev\u00e4t kappaleet, joista osa on Pietil\u00e4n [&hellip;]<\/p>\n","protected":false},"author":1,"featured_media":0,"parent":1905,"menu_order":23,"comment_status":"open","ping_status":"open","template":"onecolumn-page.php","meta":{"ngg_post_thumbnail":0,"footnotes":""},"class_list":["post-3860","page","type-page","status-publish","hentry"],"jetpack_likes_enabled":false,"jetpack_sharing_enabled":true,"_links":{"self":[{"href":"https:\/\/www.valonkuvia.fi\/blogi\/wp-json\/wp\/v2\/pages\/3860","targetHints":{"allow":["GET"]}}],"collection":[{"href":"https:\/\/www.valonkuvia.fi\/blogi\/wp-json\/wp\/v2\/pages"}],"about":[{"href":"https:\/\/www.valonkuvia.fi\/blogi\/wp-json\/wp\/v2\/types\/page"}],"author":[{"embeddable":true,"href":"https:\/\/www.valonkuvia.fi\/blogi\/wp-json\/wp\/v2\/users\/1"}],"replies":[{"embeddable":true,"href":"https:\/\/www.valonkuvia.fi\/blogi\/wp-json\/wp\/v2\/comments?post=3860"}],"version-history":[{"count":1,"href":"https:\/\/www.valonkuvia.fi\/blogi\/wp-json\/wp\/v2\/pages\/3860\/revisions"}],"predecessor-version":[{"id":3861,"href":"https:\/\/www.valonkuvia.fi\/blogi\/wp-json\/wp\/v2\/pages\/3860\/revisions\/3861"}],"up":[{"embeddable":true,"href":"https:\/\/www.valonkuvia.fi\/blogi\/wp-json\/wp\/v2\/pages\/1905"}],"wp:attachment":[{"href":"https:\/\/www.valonkuvia.fi\/blogi\/wp-json\/wp\/v2\/media?parent=3860"}],"curies":[{"name":"wp","href":"https:\/\/api.w.org\/{rel}","templated":true}]}}