{"id":3892,"date":"2012-09-03T23:15:57","date_gmt":"2012-09-03T20:15:57","guid":{"rendered":"http:\/\/www.valonkuvia.fi\/blogi\/?page_id=3892"},"modified":"2012-09-03T23:15:57","modified_gmt":"2012-09-03T20:15:57","slug":"quartet-coyote-trjvk-voc","status":"publish","type":"page","link":"https:\/\/www.valonkuvia.fi\/blogi\/jazzjutut\/levyarviot-q-t\/quartet-coyote-trjvk-voc\/","title":{"rendered":"Quartet Coyote: TRJVK + voc"},"content":{"rendered":"<p>&#8221;Kolmostuoppi, kiitos!&#8221; &#8221;Taputetaanks t\u00e4llasten j\u00e4lkeen?&#8221; &#8221;Oks toi nyt se l\u00e4skibasso?&#8221; &#8221;Minen taputtanu kertaakaan &#8211; apurahajazzia!&#8221; N\u00e4m\u00e4 ja monet muut Quartet Coyoten uuden levyn avausraidan \u00e4\u00e4nimaailman todellisesta el\u00e4m\u00e4st\u00e4 poimitut kommentit viev\u00e4t kuulijansa hauskasti keskelle tavallista jazzklubia, jossa jazzyhtye yritt\u00e4\u00e4 valloittaa kuulijansa eri jazztyylej\u00e4 kokeillen. Kokoonpanoltaan erikoislaatuinen viisimiehinen kvartetti uskaltaa jatkaa my\u00f6s avauksen j\u00e4lkeen vaativalla huumorilinjalla. Tarjolla on muistumia tutuilta kuulostavista s\u00e4velmist\u00e4, on valssia, rockia, skata, imel\u00e4\u00e4 viihdemusiikkia ja tietenkin mutkikkaita jazzteemoja. V\u00e4lill\u00e4 v\u00e4\u00e4nnet\u00e4\u00e4n rautalankaakin Jarmo Saaren kitaran johdolla ja jossain vaiheessa Ikosen pianosoolo katoaa l\u00e4hes tyystin lasien kilin\u00e4n ja yleis\u00f6n h\u00e4lin\u00e4n sekaan.<\/p>\n<p>&#8221;TRJVK + voc&#8221; on paikoin hyvinkin hupaisaa kuunneltavaa ja maamme jazzmuusikkojen kermaan kuuluvat kokeneet lavakojootithan osaavat soittaa l\u00e4hes mit\u00e4 tahansa. Niinp\u00e4 albumin soittotekninen toteutus on ihailtavaa ja varsinkin Manuel Dunkelin soolosuoritukset kohoavat paikoin levyn kevyesti ilottelevan yleisilmeen yl\u00e4puolelle. Yhtyeen tarkoitus tuoda huumorin l\u00e4mp\u00f6\u00e4 meille jazztosikoille on toki hyv\u00e4 ja kannatettava, mutta kokonaisuutena levy ei t\u00e4ysin tavoita kest\u00e4v\u00e4mm\u00e4n huumorin hykerrytt\u00e4vyytt\u00e4, vaan j\u00e4\u00e4 liiaksi kertak\u00e4ytt\u00f6vitsien tasolle.<\/p>\n<p><strong>Quartet Coyote<\/strong>: TRJVK + voc (Texicalli)<\/p>\n<p><em>Ape Anttila; basso, Manu Dunkel; fonit, Kari Ikonen; koskettimet, Jarmo Saari; kitarat, pasuuna, Sami Kuoppam\u00e4ki; rummut, ly\u00f6m\u00e4soittimet<\/em><\/p>\n<p>13.10. 2004<\/p>\n","protected":false},"excerpt":{"rendered":"<p>&#8221;Kolmostuoppi, kiitos!&#8221; &#8221;Taputetaanks t\u00e4llasten j\u00e4lkeen?&#8221; &#8221;Oks toi nyt se l\u00e4skibasso?&#8221; &#8221;Minen taputtanu kertaakaan &#8211; apurahajazzia!&#8221; N\u00e4m\u00e4 ja monet muut Quartet Coyoten uuden levyn avausraidan \u00e4\u00e4nimaailman todellisesta el\u00e4m\u00e4st\u00e4 poimitut kommentit viev\u00e4t kuulijansa hauskasti keskelle tavallista jazzklubia, jossa jazzyhtye yritt\u00e4\u00e4 valloittaa kuulijansa eri jazztyylej\u00e4 kokeillen. Kokoonpanoltaan erikoislaatuinen viisimiehinen kvartetti uskaltaa jatkaa my\u00f6s avauksen j\u00e4lkeen vaativalla huumorilinjalla. Tarjolla [&hellip;]<\/p>\n","protected":false},"author":1,"featured_media":0,"parent":3890,"menu_order":1,"comment_status":"open","ping_status":"open","template":"onecolumn-page.php","meta":{"ngg_post_thumbnail":0,"footnotes":""},"class_list":["post-3892","page","type-page","status-publish","hentry"],"jetpack_likes_enabled":false,"jetpack_sharing_enabled":true,"_links":{"self":[{"href":"https:\/\/www.valonkuvia.fi\/blogi\/wp-json\/wp\/v2\/pages\/3892","targetHints":{"allow":["GET"]}}],"collection":[{"href":"https:\/\/www.valonkuvia.fi\/blogi\/wp-json\/wp\/v2\/pages"}],"about":[{"href":"https:\/\/www.valonkuvia.fi\/blogi\/wp-json\/wp\/v2\/types\/page"}],"author":[{"embeddable":true,"href":"https:\/\/www.valonkuvia.fi\/blogi\/wp-json\/wp\/v2\/users\/1"}],"replies":[{"embeddable":true,"href":"https:\/\/www.valonkuvia.fi\/blogi\/wp-json\/wp\/v2\/comments?post=3892"}],"version-history":[{"count":2,"href":"https:\/\/www.valonkuvia.fi\/blogi\/wp-json\/wp\/v2\/pages\/3892\/revisions"}],"predecessor-version":[{"id":3894,"href":"https:\/\/www.valonkuvia.fi\/blogi\/wp-json\/wp\/v2\/pages\/3892\/revisions\/3894"}],"up":[{"embeddable":true,"href":"https:\/\/www.valonkuvia.fi\/blogi\/wp-json\/wp\/v2\/pages\/3890"}],"wp:attachment":[{"href":"https:\/\/www.valonkuvia.fi\/blogi\/wp-json\/wp\/v2\/media?parent=3892"}],"curies":[{"name":"wp","href":"https:\/\/api.w.org\/{rel}","templated":true}]}}