{"id":391,"date":"2011-07-13T17:52:16","date_gmt":"2011-07-13T14:52:16","guid":{"rendered":"http:\/\/www.valonkuvia.fi\/blogi\/?page_id=391"},"modified":"2011-07-13T18:07:27","modified_gmt":"2011-07-13T15:07:27","slug":"2008-2","status":"publish","type":"page","link":"https:\/\/www.valonkuvia.fi\/blogi\/jazzjutut\/2008-2\/","title":{"rendered":"2008 &#8211;  2009"},"content":{"rendered":"<p><a href=\"http:\/\/www.valonkuvia.fi\/blogi\/?page_id=393\" title=\"Karita ja Kurt jazzin lumoissa\">Karita ja Kurt jazzin lumoissa<\/a> Mik\u00e4 ero on jazzlaulajalla ja klassisella laulajalla?<\/p>\n<p><a href=\"http:\/\/www.valonkuvia.fi\/blogi\/?page_id=395\" title=\"Ristiriitainen Billie\">Ristiriitainen Billie<\/a> Kirja-arvio<\/p>\n<p><a href=\"http:\/\/www.valonkuvia.fi\/blogi\/?page_id=397\" title=\"Jazzin rytmih\u00e4iri\u00f6it\u00e4\">Jazzin rytmih\u00e4iri\u00f6it\u00e4<\/a> Kirja-arvio<\/p>\n<p><a href=\"http:\/\/www.valonkuvia.fi\/blogi\/?page_id=399\" title=\"Juhani Aaltonen\">Juhani Aaltonen<\/a> Katsaus el\u00e4m\u00e4nty\u00f6h\u00f6n<\/p>\n","protected":false},"excerpt":{"rendered":"<p>Karita ja Kurt jazzin lumoissa Mik\u00e4 ero on jazzlaulajalla ja klassisella laulajalla? Ristiriitainen Billie Kirja-arvio Jazzin rytmih\u00e4iri\u00f6it\u00e4 Kirja-arvio Juhani Aaltonen Katsaus el\u00e4m\u00e4nty\u00f6h\u00f6n<\/p>\n","protected":false},"author":1,"featured_media":0,"parent":116,"menu_order":0,"comment_status":"open","ping_status":"open","template":"onecolumn-page.php","meta":{"ngg_post_thumbnail":0,"footnotes":""},"class_list":["post-391","page","type-page","status-publish","hentry"],"jetpack_likes_enabled":false,"jetpack_sharing_enabled":true,"_links":{"self":[{"href":"https:\/\/www.valonkuvia.fi\/blogi\/wp-json\/wp\/v2\/pages\/391","targetHints":{"allow":["GET"]}}],"collection":[{"href":"https:\/\/www.valonkuvia.fi\/blogi\/wp-json\/wp\/v2\/pages"}],"about":[{"href":"https:\/\/www.valonkuvia.fi\/blogi\/wp-json\/wp\/v2\/types\/page"}],"author":[{"embeddable":true,"href":"https:\/\/www.valonkuvia.fi\/blogi\/wp-json\/wp\/v2\/users\/1"}],"replies":[{"embeddable":true,"href":"https:\/\/www.valonkuvia.fi\/blogi\/wp-json\/wp\/v2\/comments?post=391"}],"version-history":[{"count":4,"href":"https:\/\/www.valonkuvia.fi\/blogi\/wp-json\/wp\/v2\/pages\/391\/revisions"}],"predecessor-version":[{"id":404,"href":"https:\/\/www.valonkuvia.fi\/blogi\/wp-json\/wp\/v2\/pages\/391\/revisions\/404"}],"up":[{"embeddable":true,"href":"https:\/\/www.valonkuvia.fi\/blogi\/wp-json\/wp\/v2\/pages\/116"}],"wp:attachment":[{"href":"https:\/\/www.valonkuvia.fi\/blogi\/wp-json\/wp\/v2\/media?parent=391"}],"curies":[{"name":"wp","href":"https:\/\/api.w.org\/{rel}","templated":true}]}}