{"id":3910,"date":"2012-09-03T23:29:11","date_gmt":"2012-09-03T20:29:11","guid":{"rendered":"http:\/\/www.valonkuvia.fi\/blogi\/?page_id=3910"},"modified":"2012-09-03T23:30:00","modified_gmt":"2012-09-03T20:30:00","slug":"mikael-raberg-suite-extended","status":"publish","type":"page","link":"https:\/\/www.valonkuvia.fi\/blogi\/jazzjutut\/levyarviot-q-t\/mikael-raberg-suite-extended\/","title":{"rendered":"Mikael R\u00e5berg: Suite Extended"},"content":{"rendered":"<p>Ruotsalaisen s\u00e4velt\u00e4j\u00e4n ja pasunistin Mikael R\u00e5bergin uuden &#8221;Suite Extended&#8221;-levyn esittelyteksti piirt\u00e4\u00e4 R\u00e5bergista kuvan perfektionistina, jolle s\u00e4velt\u00e4minen, sovittaminen ja yksityiskohtien pikkutarkka viilaaminen on aina ollut l\u00e4heisemp\u00e4\u00e4 kuin vapaamuotoinen irrottelu. <\/p>\n<p>Jo pelkk\u00e4 katsaus levyuutuuden sis\u00e4lt\u00f6\u00f6n vahvistaa esittelytekstin antamaa vaikutelmaa. &#8221;Suite Extended&#8221; koostuu nimitt\u00e4in kolmesta s\u00e4vellyksest\u00e4; &#8221;Suite Extended&#8221; big b\u00e4ndille, sinfoniaorkesterille ja sopraano\u00e4\u00e4nelle, &#8221;EBU-Suite big b\u00e4ndille ja jousikvartetille sek\u00e4 &#8221;Rhythms and Riffs&#8221; big b\u00e4ndille. Siis hyvin klassisen tuntuista tavaraa. Levyn kuunteleminen ei anna aihetta ennakkok\u00e4sityksen muuttamiseen. On tarkkaa ja selke\u00e4\u00e4 soittamista, vaikutteita big band-musiikin historiasta ja ns. third stream jazzista. Nykyjazzille niin tyypillinen eklektismi loistaa poissaolollaan. <\/p>\n<p>Toisaalta voi ihastella perinteisen sulavaa ruotsalaista kevytt\u00e4 svengi\u00e4, big b\u00e4ndin ja jousien vaikuttavaa yhteispeli\u00e4 ja hienoja sooloja. On ehk\u00e4 makuasia, pit\u00e4\u00e4k\u00f6 kuulija &#8221;Suite Extended&#8221;-levyn kuulautta yll\u00e4tyksett\u00f6m\u00e4n siloisuutena vai klassisena kauneutena. Useamman kuuntelukerran j\u00e4lkeen olen itse kallistunut vahvasti j\u00e4lkimm\u00e4isen tulkinnan puoleen.<\/p>\n<p><strong>Mikael R\u00e5berg<\/strong>: Suite Extended (Phono Suecia)<\/p>\n<p><em>Mikael R\u00e5berg Big Band, Stockholm Session Strings, The New Stenhammar String Quartet, Linda Petterson; laulu, kapellimestareina Hans Ek ja Jan Levander<\/em> <\/p>\n<p>3.3. 2002<\/p>\n","protected":false},"excerpt":{"rendered":"<p>Ruotsalaisen s\u00e4velt\u00e4j\u00e4n ja pasunistin Mikael R\u00e5bergin uuden &#8221;Suite Extended&#8221;-levyn esittelyteksti piirt\u00e4\u00e4 R\u00e5bergista kuvan perfektionistina, jolle s\u00e4velt\u00e4minen, sovittaminen ja yksityiskohtien pikkutarkka viilaaminen on aina ollut l\u00e4heisemp\u00e4\u00e4 kuin vapaamuotoinen irrottelu. Jo pelkk\u00e4 katsaus levyuutuuden sis\u00e4lt\u00f6\u00f6n vahvistaa esittelytekstin antamaa vaikutelmaa. &#8221;Suite Extended&#8221; koostuu nimitt\u00e4in kolmesta s\u00e4vellyksest\u00e4; &#8221;Suite Extended&#8221; big b\u00e4ndille, sinfoniaorkesterille ja sopraano\u00e4\u00e4nelle, &#8221;EBU-Suite big b\u00e4ndille ja jousikvartetille [&hellip;]<\/p>\n","protected":false},"author":1,"featured_media":0,"parent":3890,"menu_order":7,"comment_status":"open","ping_status":"open","template":"onecolumn-page.php","meta":{"ngg_post_thumbnail":0,"footnotes":""},"class_list":["post-3910","page","type-page","status-publish","hentry"],"jetpack_likes_enabled":false,"jetpack_sharing_enabled":true,"_links":{"self":[{"href":"https:\/\/www.valonkuvia.fi\/blogi\/wp-json\/wp\/v2\/pages\/3910","targetHints":{"allow":["GET"]}}],"collection":[{"href":"https:\/\/www.valonkuvia.fi\/blogi\/wp-json\/wp\/v2\/pages"}],"about":[{"href":"https:\/\/www.valonkuvia.fi\/blogi\/wp-json\/wp\/v2\/types\/page"}],"author":[{"embeddable":true,"href":"https:\/\/www.valonkuvia.fi\/blogi\/wp-json\/wp\/v2\/users\/1"}],"replies":[{"embeddable":true,"href":"https:\/\/www.valonkuvia.fi\/blogi\/wp-json\/wp\/v2\/comments?post=3910"}],"version-history":[{"count":4,"href":"https:\/\/www.valonkuvia.fi\/blogi\/wp-json\/wp\/v2\/pages\/3910\/revisions"}],"predecessor-version":[{"id":3912,"href":"https:\/\/www.valonkuvia.fi\/blogi\/wp-json\/wp\/v2\/pages\/3910\/revisions\/3912"}],"up":[{"embeddable":true,"href":"https:\/\/www.valonkuvia.fi\/blogi\/wp-json\/wp\/v2\/pages\/3890"}],"wp:attachment":[{"href":"https:\/\/www.valonkuvia.fi\/blogi\/wp-json\/wp\/v2\/media?parent=3910"}],"curies":[{"name":"wp","href":"https:\/\/api.w.org\/{rel}","templated":true}]}}