{"id":3963,"date":"2012-09-05T23:21:29","date_gmt":"2012-09-05T20:21:29","guid":{"rendered":"http:\/\/www.valonkuvia.fi\/blogi\/?page_id=3963"},"modified":"2012-09-05T23:21:29","modified_gmt":"2012-09-05T20:21:29","slug":"gebhard-ullmann-steve-swell-quartet-desert-songs-and-other-landscapes","status":"publish","type":"page","link":"https:\/\/www.valonkuvia.fi\/blogi\/jazzjutut\/levyarviot-q-t\/gebhard-ullmann-steve-swell-quartet-desert-songs-and-other-landscapes\/","title":{"rendered":"Gebhard Ullmann &#8211; Steve Swell Quartet: Desert Songs and Other Landscapes"},"content":{"rendered":"<p>CIMP (Creative Improvised Music Projects) on tuottelias amerikkalainen moderniin nykyjazziin keskittyv\u00e4 levymerkki, joka pyrkii tallentamaan musiikin mahdollisimman puhtaana ilman miksausta, p\u00e4\u00e4llekk\u00e4is\u00e4\u00e4nityksi\u00e4 tai mit\u00e4\u00e4n muitakaan \u00e4\u00e4niteknologian tarjoamia musiikin muokkaamisen mahdollisuuksia. T\u00e4llainen s\u00e4hk\u00f6isesti vahvistamatonta konserttiel\u00e4myst\u00e4 tavoitteleva \u00e4\u00e4nitysfilosofia sopii tietenkin tallentamaan juuri Gebhard Ullmann &#8211; Steve Swell Quartetin kaltaista akustista musiikkia, joka pitk\u00e4lti rakentuu muusikoiden keskin\u00e4isen hienovaraisen kommunikaation varaan.<\/p>\n<p>Gebhard Ullmann &#8211; Steve Swell Quartet pys\u00e4htyi kes\u00e4ll\u00e4 2004 kesken konserttikiertueensa pariksi p\u00e4iv\u00e4ksi New Yorkiin \u00e4\u00e4nitt\u00e4m\u00e4\u00e4n t\u00e4t\u00e4 levy\u00e4. On ilmeist\u00e4, ett\u00e4 studioon on astellut esiintymislavoilla jo hyvin toisensa oppimaan tuntenut nelikko. Yhtye liikkuu luontevasti ja vaivattomasti valmiiksi s\u00e4velletyist\u00e4 osuuksista vapaasti improvisoituihin jaksoihin ja taas takaisin teemamateriaalin pariin. Yhtye hy\u00f6dynt\u00e4\u00e4 ilmeikk\u00e4\u00e4sti kvartetin eri sointimahdollisuuksia muodostamalla erilaisia kombinaatioita s\u00e4estyksett\u00f6mist\u00e4 sooloista erilaisiin duettoihin ja trioihin. <\/p>\n<p>Erityisen antoisia ovat Ullmannin ja Swellin v\u00e4lill\u00e4 \u00e4rh\u00e4k\u00e4t saksofoni- ja pasuunaduetot, esimerkkin\u00e4 Ullmannin rytmisesti kompleksinen s\u00e4vellys &#8221;Seven 9-8&#8221;. T\u00e4t\u00e4, kuten my\u00f6s levyn p\u00e4\u00e4tt\u00e4v\u00e4\u00e4 kaunista balladia &#8221;Desert\u2026 Bleus\u2026 East&#8221; voi kiinnostavasti verrata ohessa arvioidun klarinettitrion versioihin. Rumpali Barry Altschul rikastaa melodisella dynaamisella soitollaan yhtyeen kokonaissointia. Sen sijaan \u00e4\u00e4nitys j\u00e4tt\u00e4\u00e4 Hilliard Greenen soittaman kontrabasson liiaksi taka-alalle, paikoin melkeinp\u00e4 huomaamattomaksi.<\/p>\n<p>Kokonaisuutena &#8221; Desert Songs and Other Landscapes&#8221; on onnistunut ja mielenkiintoinen levytys, joka karttaa kliseit\u00e4 ja tulkitsee tuoreesti periaatteessa tuttua vapaan improvisaation ja kamarimusiikillisen herkkyyden v\u00e4limailla liikkuvaa jazzin esitystapaa.<\/p>\n<p><strong>Gebhard Ullmann &#8211; Steve Swell Quartet<\/strong>: Desert Songs and Other Landscapes (CIMP)<\/p>\n<p><em>Gebhard Ullmann; tenorisaksofoni, bassoklarinetti, Steve Swell; pasuuna, Hilliard Greene; basso, Barry Altschul; rummut<\/em><\/p>\n<p>10.4.2005<\/p>\n","protected":false},"excerpt":{"rendered":"<p>CIMP (Creative Improvised Music Projects) on tuottelias amerikkalainen moderniin nykyjazziin keskittyv\u00e4 levymerkki, joka pyrkii tallentamaan musiikin mahdollisimman puhtaana ilman miksausta, p\u00e4\u00e4llekk\u00e4is\u00e4\u00e4nityksi\u00e4 tai mit\u00e4\u00e4n muitakaan \u00e4\u00e4niteknologian tarjoamia musiikin muokkaamisen mahdollisuuksia. T\u00e4llainen s\u00e4hk\u00f6isesti vahvistamatonta konserttiel\u00e4myst\u00e4 tavoitteleva \u00e4\u00e4nitysfilosofia sopii tietenkin tallentamaan juuri Gebhard Ullmann &#8211; Steve Swell Quartetin kaltaista akustista musiikkia, joka pitk\u00e4lti rakentuu muusikoiden keskin\u00e4isen hienovaraisen kommunikaation [&hellip;]<\/p>\n","protected":false},"author":1,"featured_media":0,"parent":3890,"menu_order":18,"comment_status":"open","ping_status":"open","template":"onecolumn-page.php","meta":{"ngg_post_thumbnail":0,"footnotes":""},"class_list":["post-3963","page","type-page","status-publish","hentry"],"jetpack_likes_enabled":false,"jetpack_sharing_enabled":true,"_links":{"self":[{"href":"https:\/\/www.valonkuvia.fi\/blogi\/wp-json\/wp\/v2\/pages\/3963","targetHints":{"allow":["GET"]}}],"collection":[{"href":"https:\/\/www.valonkuvia.fi\/blogi\/wp-json\/wp\/v2\/pages"}],"about":[{"href":"https:\/\/www.valonkuvia.fi\/blogi\/wp-json\/wp\/v2\/types\/page"}],"author":[{"embeddable":true,"href":"https:\/\/www.valonkuvia.fi\/blogi\/wp-json\/wp\/v2\/users\/1"}],"replies":[{"embeddable":true,"href":"https:\/\/www.valonkuvia.fi\/blogi\/wp-json\/wp\/v2\/comments?post=3963"}],"version-history":[{"count":1,"href":"https:\/\/www.valonkuvia.fi\/blogi\/wp-json\/wp\/v2\/pages\/3963\/revisions"}],"predecessor-version":[{"id":3964,"href":"https:\/\/www.valonkuvia.fi\/blogi\/wp-json\/wp\/v2\/pages\/3963\/revisions\/3964"}],"up":[{"embeddable":true,"href":"https:\/\/www.valonkuvia.fi\/blogi\/wp-json\/wp\/v2\/pages\/3890"}],"wp:attachment":[{"href":"https:\/\/www.valonkuvia.fi\/blogi\/wp-json\/wp\/v2\/media?parent=3963"}],"curies":[{"name":"wp","href":"https:\/\/api.w.org\/{rel}","templated":true}]}}