{"id":3976,"date":"2012-09-05T23:31:34","date_gmt":"2012-09-05T20:31:34","guid":{"rendered":"http:\/\/www.valonkuvia.fi\/blogi\/?page_id=3976"},"modified":"2012-09-05T23:33:33","modified_gmt":"2012-09-05T20:33:33","slug":"teemu-viinikainen-tales-of-robert-dickson","status":"publish","type":"page","link":"https:\/\/www.valonkuvia.fi\/blogi\/jazzjutut\/levyarviot-q-t\/teemu-viinikainen-tales-of-robert-dickson\/","title":{"rendered":"Teemu Viinikainen: Tales of Robert Dickson"},"content":{"rendered":"<p>Teemu Viinikainen on osoittanut muusikon taitonsa suomalaiselle jazzyleis\u00f6lle jo monella tavalla. Ehk\u00e4p\u00e4 siksi h\u00e4nen ei ole ensimm\u00e4isell\u00e4 levyll\u00e4\u00e4n tarpeen pullistella kitarasankarin lihaksilla, vaan h\u00e4n voi luottaa oman tekemisens\u00e4 kyps\u00e4\u00e4n musikaalisuuteen ja levyll\u00e4 soittavan oivallisen yhtyeen kuuntelevaan yhteispeliin. Jopa levyn solistinen p\u00e4\u00e4osa on levyn amerikkalaisella vieraalla trumpetisti Tim Hagansilla, joka on tullut ainakin t\u00e4\u00e4ll\u00e4 Pohjois-Suomessa tunnetuksi Luulajassa majaansa pit\u00e4v\u00e4n mainion Norrbotten Big Bandin kapellimestarina ja taiteellisena johtajana. Davismaisen harkitusti soittava Hagans sopii erinomaisesti levyn rauhalliseen henkeen. My\u00f6s Timo Hirvosen ja Jussi Lehtosen komppipari onnistuu l\u00f6yt\u00e4m\u00e4\u00e4n musiikin kokonaisuutta tukevan v\u00e4h\u00e4eleisen grooven. <\/p>\n<p>Tasalaatuisen levyn kohokohdiksi erottautuvat j\u00e4m\u00e4kk\u00e4 &#8221;Sneaking Part I&#8221;, j\u00e4nnitt\u00e4v\u00e4sti hiipiv\u00e4 &#8221;Space Dozen&#8221; sek\u00e4 akustisella kitaralla soitetut sooloraidat, musiikinlajin perusasioita pelkist\u00e4v\u00e4 &#8221;The Blues&#8221; ja levyn herk\u00e4sti p\u00e4\u00e4tt\u00e4v\u00e4 &#8221;Kaituri&#8221;. Oman lis\u00e4v\u00e4rins\u00e4 levylle tuovat my\u00f6s kaksi kitaran ja trumpetin duoimprovisaatiota. Teemu Viinikainen on julkaissut onnistuneen itsens\u00e4 n\u00e4k\u00f6isen ja sympaattisen debyyttilevyn, mik\u00e4 ei varmasti ole yll\u00e4tys Viinikaisen harkitun tyylik\u00e4st\u00e4 kitarataidetta aiemminkin kuunnelleille. <\/p>\n<p><strong>Teemu Viinikainen:<\/strong> Tales of Robert Dickson (KsJazz)<\/p>\n<p><em>Teemu Viinikainen; kitarat, Tim Hagans; trumpetti, Timo Hirvonen; basso, Jussi Lehtonen; rummut<\/em><\/p>\n<p>11.10.2005<\/p>\n","protected":false},"excerpt":{"rendered":"<p>Teemu Viinikainen on osoittanut muusikon taitonsa suomalaiselle jazzyleis\u00f6lle jo monella tavalla. Ehk\u00e4p\u00e4 siksi h\u00e4nen ei ole ensimm\u00e4isell\u00e4 levyll\u00e4\u00e4n tarpeen pullistella kitarasankarin lihaksilla, vaan h\u00e4n voi luottaa oman tekemisens\u00e4 kyps\u00e4\u00e4n musikaalisuuteen ja levyll\u00e4 soittavan oivallisen yhtyeen kuuntelevaan yhteispeliin. Jopa levyn solistinen p\u00e4\u00e4osa on levyn amerikkalaisella vieraalla trumpetisti Tim Hagansilla, joka on tullut ainakin t\u00e4\u00e4ll\u00e4 Pohjois-Suomessa tunnetuksi [&hellip;]<\/p>\n","protected":false},"author":1,"featured_media":0,"parent":3890,"menu_order":23,"comment_status":"open","ping_status":"closed","template":"onecolumn-page.php","meta":{"ngg_post_thumbnail":0,"footnotes":""},"class_list":["post-3976","page","type-page","status-publish","hentry"],"jetpack_likes_enabled":false,"jetpack_sharing_enabled":true,"_links":{"self":[{"href":"https:\/\/www.valonkuvia.fi\/blogi\/wp-json\/wp\/v2\/pages\/3976","targetHints":{"allow":["GET"]}}],"collection":[{"href":"https:\/\/www.valonkuvia.fi\/blogi\/wp-json\/wp\/v2\/pages"}],"about":[{"href":"https:\/\/www.valonkuvia.fi\/blogi\/wp-json\/wp\/v2\/types\/page"}],"author":[{"embeddable":true,"href":"https:\/\/www.valonkuvia.fi\/blogi\/wp-json\/wp\/v2\/users\/1"}],"replies":[{"embeddable":true,"href":"https:\/\/www.valonkuvia.fi\/blogi\/wp-json\/wp\/v2\/comments?post=3976"}],"version-history":[{"count":3,"href":"https:\/\/www.valonkuvia.fi\/blogi\/wp-json\/wp\/v2\/pages\/3976\/revisions"}],"predecessor-version":[{"id":3980,"href":"https:\/\/www.valonkuvia.fi\/blogi\/wp-json\/wp\/v2\/pages\/3976\/revisions\/3980"}],"up":[{"embeddable":true,"href":"https:\/\/www.valonkuvia.fi\/blogi\/wp-json\/wp\/v2\/pages\/3890"}],"wp:attachment":[{"href":"https:\/\/www.valonkuvia.fi\/blogi\/wp-json\/wp\/v2\/media?parent=3976"}],"curies":[{"name":"wp","href":"https:\/\/api.w.org\/{rel}","templated":true}]}}