{"id":3995,"date":"2012-09-06T23:26:52","date_gmt":"2012-09-06T20:26:52","guid":{"rendered":"http:\/\/www.valonkuvia.fi\/blogi\/?page_id=3995"},"modified":"2012-09-06T23:26:52","modified_gmt":"2012-09-06T20:26:52","slug":"lennart-aberg-seven-pieces","status":"publish","type":"page","link":"https:\/\/www.valonkuvia.fi\/blogi\/jazzjutut\/levyarviot-q-t\/lennart-aberg-seven-pieces\/","title":{"rendered":"Lennart \u00c5berg: Seven Pieces"},"content":{"rendered":"<p>Saksofonisti ja s\u00e4velt\u00e4j\u00e4 Lennart \u00c5bergin tuoreella levyll\u00e4 on levyn nimen mukaisesti seitsem\u00e4n \u00c5bergin s\u00e4vellyst\u00e4, nelj\u00e4 isolle orkesterille, kaksi sekstetille ja yksi kvartetille. \u00c5berg on koonnut projektiinsa nimivahvan joukkueen. Mukana on Ruotsin parhaimmistoa Bobo Stensonista ja Palle Danielssonista l\u00e4htien. Ryhm\u00e4\u00e4 on viel\u00e4 vahvistettu rumpali Peter Erskinell\u00e4. Levyn avaa er\u00e4s sen kohokohdista, yli 11 minuuttia kest\u00e4v\u00e4 &#8221;Spiraltrappan&#8221;. Esitys rauhoittuu vauhdikkaasta alusta trumpetti- ja pianosoolojen j\u00e4lkeen \u00c5bergin ja Stensonin duetoksi, josta kasvaa \u00c5bergin vaikuttava sopraanosaksofonisoolo. Don Cherrylle omistettu sekstettiraita &#8221;The Don&#8221; esittelee my\u00f6s \u00c5bergin vahvaa sopraanoa ja Peter Asplundin Cherry- ja Davis-vaikutteista trumpettia. <\/p>\n<p>Ison orkesterin tulkitsema &#8221;4&#8221; on Bosse Brobergin vahva n\u00e4ytt\u00f6. Brobergin trumpetissa soi vahvasti blues, vaikka s\u00e4vellys ei sit\u00e4 rakenteeltaan olekaan. Kvartetille s\u00e4velletty &#8221;Lena\u00b4s Tune&#8221; paljastaa erityisesti \u00c5bergin taidot tenoristina ja antaa runsaasti tilaa my\u00f6s Danielssonin bassolle. &#8221;Ornette or not&#8221; on lyhyt ja mutkikas kunnianosoitus Ornette Colemanille. Musiikillisten kunnianosoitusten joukkoon kuuluu my\u00f6s Chris McGregorille omistettu afrikkalaisittain svengaava &#8221;Chris-Chros&#8221;. &#8221;Skal\u00f6vningar&#8221; tuo paikoitellen esille intialaisia s\u00e4vyj\u00e4 ja antaa tilaisuuden kuulla David Wilczewskin tenorisaksofonia. Hienosti s\u00e4velletty, hienosti soitettu, hieno levytys !<\/p>\n<p><strong>Lennart \u00c5berg<\/strong>: Seven Pieces (Phono Suecia)<\/p>\n<p><em>Fredrik Nor\u00e9n, Peter Asplund, Magnus Broo, Bosse Broberg; trumpetti, Bertil Strandberg, Mattis Cederberg; pasuuna, Magnus Petersson, k\u00e4yr\u00e4torvi; H\u00e5kan Brostr\u00f6m, David Wilczewski, Lennart \u00c5berg, Erik Nilsson, saksofonit, huilut; Mattias St\u00e5hl, marimba, vibrafoni; Daniel Karlsson, koskettimet; Bobo Stenson, piano; Palle Danielsson, basso; Peter Erskine, Johan L\u00f6fcrantz, rummut<\/em><\/p>\n<p>24.10.2000<\/p>\n","protected":false},"excerpt":{"rendered":"<p>Saksofonisti ja s\u00e4velt\u00e4j\u00e4 Lennart \u00c5bergin tuoreella levyll\u00e4 on levyn nimen mukaisesti seitsem\u00e4n \u00c5bergin s\u00e4vellyst\u00e4, nelj\u00e4 isolle orkesterille, kaksi sekstetille ja yksi kvartetille. \u00c5berg on koonnut projektiinsa nimivahvan joukkueen. Mukana on Ruotsin parhaimmistoa Bobo Stensonista ja Palle Danielssonista l\u00e4htien. Ryhm\u00e4\u00e4 on viel\u00e4 vahvistettu rumpali Peter Erskinell\u00e4. Levyn avaa er\u00e4s sen kohokohdista, yli 11 minuuttia kest\u00e4v\u00e4 &#8221;Spiraltrappan&#8221;. [&hellip;]<\/p>\n","protected":false},"author":1,"featured_media":0,"parent":3890,"menu_order":27,"comment_status":"open","ping_status":"open","template":"onecolumn-page.php","meta":{"ngg_post_thumbnail":0,"footnotes":""},"class_list":["post-3995","page","type-page","status-publish","hentry"],"jetpack_likes_enabled":false,"jetpack_sharing_enabled":true,"_links":{"self":[{"href":"https:\/\/www.valonkuvia.fi\/blogi\/wp-json\/wp\/v2\/pages\/3995","targetHints":{"allow":["GET"]}}],"collection":[{"href":"https:\/\/www.valonkuvia.fi\/blogi\/wp-json\/wp\/v2\/pages"}],"about":[{"href":"https:\/\/www.valonkuvia.fi\/blogi\/wp-json\/wp\/v2\/types\/page"}],"author":[{"embeddable":true,"href":"https:\/\/www.valonkuvia.fi\/blogi\/wp-json\/wp\/v2\/users\/1"}],"replies":[{"embeddable":true,"href":"https:\/\/www.valonkuvia.fi\/blogi\/wp-json\/wp\/v2\/comments?post=3995"}],"version-history":[{"count":1,"href":"https:\/\/www.valonkuvia.fi\/blogi\/wp-json\/wp\/v2\/pages\/3995\/revisions"}],"predecessor-version":[{"id":3996,"href":"https:\/\/www.valonkuvia.fi\/blogi\/wp-json\/wp\/v2\/pages\/3995\/revisions\/3996"}],"up":[{"embeddable":true,"href":"https:\/\/www.valonkuvia.fi\/blogi\/wp-json\/wp\/v2\/pages\/3890"}],"wp:attachment":[{"href":"https:\/\/www.valonkuvia.fi\/blogi\/wp-json\/wp\/v2\/media?parent=3995"}],"curies":[{"name":"wp","href":"https:\/\/api.w.org\/{rel}","templated":true}]}}