{"id":720,"date":"2011-08-08T08:56:35","date_gmt":"2011-08-08T05:56:35","guid":{"rendered":"http:\/\/www.valonkuvia.fi\/blogi\/?page_id=720"},"modified":"2011-08-25T23:00:58","modified_gmt":"2011-08-25T20:00:58","slug":"john-abercrombie-open-land","status":"publish","type":"page","link":"https:\/\/www.valonkuvia.fi\/blogi\/jazzjutut\/levyarviot-a-d\/john-abercrombie-open-land\/","title":{"rendered":"John Abercrombie: Open Land"},"content":{"rendered":"<p>Kitaristi John Abercrombien Open Land tuo kuultavaksi kiinnostavan joukon huippumuusikoita. Tosin kaikki kuusi eiv\u00e4t soita yht\u00e4 aikaa mill\u00e4\u00e4n levyn raidalla, vain perustrio (kitara, urut, rummut) soi jokaisella kappaleella. Abercrombien melankoliset s\u00e4vellykset hehkuvat kamarimusiikin mietiskelev\u00e4\u00e4 intensiteetti\u00e4. Ne luovat avaran, tihkusateisen syksyisen maiseman, jonka yll\u00e4 soolot kiireett\u00e4 leijailevat. Edes Dan Wallin urkusoolojen aikana ei innostuta perinteisen urkujazzin grooveen, vaikka sit\u00e4 paikoin toki l\u00e4hestyt\u00e4\u00e4nkin. John Abercrombien soolot ovat herkki\u00e4 hienovaraisten tehokeinojen varaan rakentuvia ajatelmia ja Kenny Wheelerin tunnistettava trumpettisoundi korostaa levyn surumielist\u00e4 tunnelmaa. Mark Feldmanin viulu tavoittelee upeasti korkeuksia ja toisaalta Joe Lovanon saksofoni pysyttelee levollisen maanl\u00e4heisen\u00e4. Varsinaisena energianl\u00e4hteen\u00e4 tunnettu rumpali Adam Nussbaum soittaa t\u00e4ss\u00e4 kamarimusiikkikudoksessa v\u00e4h\u00e4eleisen tyylikk\u00e4\u00e4sti.<\/p>\n<p>Tasalaatuisen levyn kappaleista on vaikea poimia yht\u00e4\u00e4n erilleen, mutta huippua edustaa rytmisesti j\u00e4nnitteinen nimikappale. Siin\u00e4 soolojen aikana ik\u00e4\u00e4n kuin l\u00e4hestyt\u00e4\u00e4n vapauttavaa svengi\u00e4, mutta pid\u00e4ttyv\u00e4isesti ei kuitenkaan koskaan t\u00e4ysin siihen tempauduta. Levy on jopa siin\u00e4 m\u00e4\u00e4rin tasalaatuinen ja pid\u00e4ttyv\u00e4, ett\u00e4 ensi kuulemalta tuntuu kuin mik\u00e4\u00e4n ei erottuisi joukosta. Tarkempi paneutuminen kuitenkin paljastaa, ett\u00e4 Open Land on vivahteikas kokonaisuus, jonka pariin haluaa palata useamman kerran.<\/p>\n<p><strong>John Abercrombie<\/strong>: Open Land (ECM 1683)<\/p>\n<p>John Abercrombie; kitara, Mark Feldman; viulu, Kenny Wheeler; trumpetti, Joe Lovano; tenorisaksofoni, Dan Wall; urut, Adam Nussbaum; rummut<\/p>\n<p>\u00c4\u00e4nitys syyskuu 1998 Avatar Studio, New York<\/p>\n<p>1.12.1999<\/p>\n","protected":false},"excerpt":{"rendered":"<p>Kitaristi John Abercrombien Open Land tuo kuultavaksi kiinnostavan joukon huippumuusikoita. Tosin kaikki kuusi eiv\u00e4t soita yht\u00e4 aikaa mill\u00e4\u00e4n levyn raidalla, vain perustrio (kitara, urut, rummut) soi jokaisella kappaleella. Abercrombien melankoliset s\u00e4vellykset hehkuvat kamarimusiikin mietiskelev\u00e4\u00e4 intensiteetti\u00e4. Ne luovat avaran, tihkusateisen syksyisen maiseman, jonka yll\u00e4 soolot kiireett\u00e4 leijailevat. Edes Dan Wallin urkusoolojen aikana ei innostuta perinteisen urkujazzin [&hellip;]<\/p>\n","protected":false},"author":1,"featured_media":0,"parent":726,"menu_order":2,"comment_status":"open","ping_status":"closed","template":"onecolumn-page.php","meta":{"ngg_post_thumbnail":0,"footnotes":""},"class_list":["post-720","page","type-page","status-publish","hentry"],"jetpack_likes_enabled":false,"jetpack_sharing_enabled":true,"_links":{"self":[{"href":"https:\/\/www.valonkuvia.fi\/blogi\/wp-json\/wp\/v2\/pages\/720","targetHints":{"allow":["GET"]}}],"collection":[{"href":"https:\/\/www.valonkuvia.fi\/blogi\/wp-json\/wp\/v2\/pages"}],"about":[{"href":"https:\/\/www.valonkuvia.fi\/blogi\/wp-json\/wp\/v2\/types\/page"}],"author":[{"embeddable":true,"href":"https:\/\/www.valonkuvia.fi\/blogi\/wp-json\/wp\/v2\/users\/1"}],"replies":[{"embeddable":true,"href":"https:\/\/www.valonkuvia.fi\/blogi\/wp-json\/wp\/v2\/comments?post=720"}],"version-history":[{"count":4,"href":"https:\/\/www.valonkuvia.fi\/blogi\/wp-json\/wp\/v2\/pages\/720\/revisions"}],"predecessor-version":[{"id":909,"href":"https:\/\/www.valonkuvia.fi\/blogi\/wp-json\/wp\/v2\/pages\/720\/revisions\/909"}],"up":[{"embeddable":true,"href":"https:\/\/www.valonkuvia.fi\/blogi\/wp-json\/wp\/v2\/pages\/726"}],"wp:attachment":[{"href":"https:\/\/www.valonkuvia.fi\/blogi\/wp-json\/wp\/v2\/media?parent=720"}],"curies":[{"name":"wp","href":"https:\/\/api.w.org\/{rel}","templated":true}]}}

<p>Kitaristi John Abercrombien Open Land tuo kuultavaksi kiinnostavan joukon huippumuusikoita. Tosin kaikki kuusi eivät soita yhtä aikaa millään levyn raidalla, vain perustrio (kitara, urut, rummut) soi jokaisella kappaleella. Abercrombien melankoliset sävellykset hehkuvat kamarimusiikin mietiskelevää intensiteettiä. Ne luovat avaran, tihkusateisen syksyisen maiseman, jonka yllä soolot kiireettä leijailevat. Edes Dan Wallin urkusoolojen aikana ei innostuta perinteisen urkujazzin grooveen, vaikka sitä paikoin toki lähestytäänkin. John Abercrombien soolot ovat herkkiä hienovaraisten tehokeinojen varaan rakentuvia ajatelmia ja Kenny Wheelerin tunnistettava trumpettisoundi korostaa levyn surumielistä tunnelmaa. Mark Feldmanin viulu tavoittelee upeasti korkeuksia ja toisaalta Joe Lovanon saksofoni pysyttelee levollisen maanläheisenä. Varsinaisena energianlähteenä tunnettu rumpali Adam Nussbaum soittaa tässä kamarimusiikkikudoksessa vähäeleisen tyylikkäästi.</p>
<p>Tasalaatuisen levyn kappaleista on vaikea poimia yhtään erilleen, mutta huippua edustaa rytmisesti jännitteinen nimikappale. Siinä soolojen aikana ikään kuin lähestytään vapauttavaa svengiä, mutta pidättyväisesti ei kuitenkaan koskaan täysin siihen tempauduta. Levy on jopa siinä määrin tasalaatuinen ja pidättyvä, että ensi kuulemalta tuntuu kuin mikään ei erottuisi joukosta. Tarkempi paneutuminen kuitenkin paljastaa, että Open Land on vivahteikas kokonaisuus, jonka pariin haluaa palata useamman kerran.</p>
<p><strong>John Abercrombie</strong>: Open Land (ECM 1683)</p>
<p>John Abercrombie; kitara, Mark Feldman; viulu, Kenny Wheeler; trumpetti, Joe Lovano; tenorisaksofoni, Dan Wall; urut, Adam Nussbaum; rummut</p>
<p>Äänitys syyskuu 1998 Avatar Studio, New York</p>
<p>1.12.1999</p>

<p>Kitaristi John Abercrombien Open Land tuo kuultavaksi kiinnostavan joukon huippumuusikoita. Tosin kaikki kuusi eivät soita yhtä aikaa millään levyn raidalla, vain perustrio (kitara, urut, rummut) soi jokaisella kappaleella. Abercrombien melankoliset sävellykset hehkuvat kamarimusiikin mietiskelevää intensiteettiä. Ne luovat avaran, tihkusateisen syksyisen maiseman, jonka yllä soolot kiireettä leijailevat. Edes Dan Wallin urkusoolojen aikana ei innostuta perinteisen urkujazzin [&hellip;]</p>
