{"id":731,"date":"2011-08-08T09:09:51","date_gmt":"2011-08-08T06:09:51","guid":{"rendered":"http:\/\/www.valonkuvia.fi\/blogi\/?page_id=731"},"modified":"2011-08-25T22:58:44","modified_gmt":"2011-08-25T19:58:44","slug":"jan-allan-jan-allan-70","status":"publish","type":"page","link":"https:\/\/www.valonkuvia.fi\/blogi\/jazzjutut\/levyarviot-a-d\/jan-allan-jan-allan-70\/","title":{"rendered":"Jan Allan: Jan Allan -70"},"content":{"rendered":"<p>Ruotsalaisen trumpetistin Jan Allanin uusintajulkaisu &#8221;Jan Allan -70&#8221; on ohjelmistoltaan kaksijakoinen levy, sill\u00e4 levyll\u00e4 soitta kaksi aivan erilaista kokoonpanoa. Ruotsin radion big band Radiojazzgruppen soittaa kolme s\u00e4velt\u00e4j\u00e4 Nils Lindbergin s\u00e4vellyst\u00e4, jotka tarjoavat trumpetille runsaasti soolotilaa. Levyn avaa tyylitelty polska &#8221;Polska With Trumpet&#8221;, jossa trumpetilla on pitk\u00e4 soolo pelk\u00e4st\u00e4\u00e4n patarumpujen s\u00e4estyksell\u00e4. &#8221;Rolf Billberg In Memoriam&#8221; on puolestaan liikuttava muistokirjoitus muusikkoyst\u00e4v\u00e4lle. <\/p>\n<p>Lopuilla kolmella kappaleella soittaa kvintetti, jossa Allanin trumpetin ja Lennart \u00c5bergin saksofonien lis\u00e4ksi soittaa hieno komppiryhm\u00e4 Bobo Stenson, Palle Danielsson ja Jon Christensen. N\u00e4m\u00e4 kolmehan ovat my\u00f6hemmin kohonneet maailmanmaineeseen levytyksill\u00e4\u00e4n ECM-levymerkille. Kvintetin esitykset ovat s\u00e4ilytt\u00e4neet tuoreutensa big band-raitoja paremmin ja ne ovatkin levyn parasta antia. Esimerkiksi monille tempovaihteluille rakentuva &#8221;Rapid&#8221; tarjoaa hienoja sooloja ja taitavaa yhteissoittoa. Ilmestyess\u00e4\u00e4n vuonna 1970 levylle my\u00f6nnettiin sek\u00e4 Grammis-palkinto ett\u00e4 vuoden parhaalle jazzlevylle annettava Orkester Journal-lehden Gyllene Skiva. Viel\u00e4kin levy on kiinnostava ja kaunis viipale ruotsalaista jazzhistoriaa.<\/p>\n<p><strong>Jan Allan<\/strong>: Jan Allan -70 (Phono Suecia PSCD 130)<\/p>\n<p>Jan Allan; trumpetti, Radiojazzgruppen, Lennart \u00c5berg; saksofonit, Bobo Stenson; piano, Palle Danielsson; basso, Jon Christensen; rummut<\/p>\n<p>\u00c4\u00e4nitetty 19.12.1968 ja 25.-26.9.1969 Metronome Studio, Tukholma, Ruotsi <\/p>\n<p>4.10.1999<\/p>\n","protected":false},"excerpt":{"rendered":"<p>Ruotsalaisen trumpetistin Jan Allanin uusintajulkaisu &#8221;Jan Allan -70&#8221; on ohjelmistoltaan kaksijakoinen levy, sill\u00e4 levyll\u00e4 soitta kaksi aivan erilaista kokoonpanoa. Ruotsin radion big band Radiojazzgruppen soittaa kolme s\u00e4velt\u00e4j\u00e4 Nils Lindbergin s\u00e4vellyst\u00e4, jotka tarjoavat trumpetille runsaasti soolotilaa. Levyn avaa tyylitelty polska &#8221;Polska With Trumpet&#8221;, jossa trumpetilla on pitk\u00e4 soolo pelk\u00e4st\u00e4\u00e4n patarumpujen s\u00e4estyksell\u00e4. &#8221;Rolf Billberg In Memoriam&#8221; on [&hellip;]<\/p>\n","protected":false},"author":1,"featured_media":0,"parent":726,"menu_order":4,"comment_status":"open","ping_status":"closed","template":"onecolumn-page.php","meta":{"ngg_post_thumbnail":0,"footnotes":""},"class_list":["post-731","page","type-page","status-publish","hentry"],"jetpack_likes_enabled":false,"jetpack_sharing_enabled":true,"_links":{"self":[{"href":"https:\/\/www.valonkuvia.fi\/blogi\/wp-json\/wp\/v2\/pages\/731","targetHints":{"allow":["GET"]}}],"collection":[{"href":"https:\/\/www.valonkuvia.fi\/blogi\/wp-json\/wp\/v2\/pages"}],"about":[{"href":"https:\/\/www.valonkuvia.fi\/blogi\/wp-json\/wp\/v2\/types\/page"}],"author":[{"embeddable":true,"href":"https:\/\/www.valonkuvia.fi\/blogi\/wp-json\/wp\/v2\/users\/1"}],"replies":[{"embeddable":true,"href":"https:\/\/www.valonkuvia.fi\/blogi\/wp-json\/wp\/v2\/comments?post=731"}],"version-history":[{"count":5,"href":"https:\/\/www.valonkuvia.fi\/blogi\/wp-json\/wp\/v2\/pages\/731\/revisions"}],"predecessor-version":[{"id":906,"href":"https:\/\/www.valonkuvia.fi\/blogi\/wp-json\/wp\/v2\/pages\/731\/revisions\/906"}],"up":[{"embeddable":true,"href":"https:\/\/www.valonkuvia.fi\/blogi\/wp-json\/wp\/v2\/pages\/726"}],"wp:attachment":[{"href":"https:\/\/www.valonkuvia.fi\/blogi\/wp-json\/wp\/v2\/media?parent=731"}],"curies":[{"name":"wp","href":"https:\/\/api.w.org\/{rel}","templated":true}]}}

<p>Ruotsalaisen trumpetistin Jan Allanin uusintajulkaisu &#8221;Jan Allan -70&#8221; on ohjelmistoltaan kaksijakoinen levy, sillä levyllä soitta kaksi aivan erilaista kokoonpanoa. Ruotsin radion big band Radiojazzgruppen soittaa kolme säveltäjä Nils Lindbergin sävellystä, jotka tarjoavat trumpetille runsaasti soolotilaa. Levyn avaa tyylitelty polska &#8221;Polska With Trumpet&#8221;, jossa trumpetilla on pitkä soolo pelkästään patarumpujen säestyksellä. &#8221;Rolf Billberg In Memoriam&#8221; on puolestaan liikuttava muistokirjoitus muusikkoystävälle. </p>
<p>Lopuilla kolmella kappaleella soittaa kvintetti, jossa Allanin trumpetin ja Lennart Åbergin saksofonien lisäksi soittaa hieno komppiryhmä Bobo Stenson, Palle Danielsson ja Jon Christensen. Nämä kolmehan ovat myöhemmin kohonneet maailmanmaineeseen levytyksillään ECM-levymerkille. Kvintetin esitykset ovat säilyttäneet tuoreutensa big band-raitoja paremmin ja ne ovatkin levyn parasta antia. Esimerkiksi monille tempovaihteluille rakentuva &#8221;Rapid&#8221; tarjoaa hienoja sooloja ja taitavaa yhteissoittoa. Ilmestyessään vuonna 1970 levylle myönnettiin sekä Grammis-palkinto että vuoden parhaalle jazzlevylle annettava Orkester Journal-lehden Gyllene Skiva. Vieläkin levy on kiinnostava ja kaunis viipale ruotsalaista jazzhistoriaa.</p>
<p><strong>Jan Allan</strong>: Jan Allan -70 (Phono Suecia PSCD 130)</p>
<p>Jan Allan; trumpetti, Radiojazzgruppen, Lennart Åberg; saksofonit, Bobo Stenson; piano, Palle Danielsson; basso, Jon Christensen; rummut</p>
<p>Äänitetty 19.12.1968 ja 25.-26.9.1969 Metronome Studio, Tukholma, Ruotsi </p>
<p>4.10.1999</p>

<p>Ruotsalaisen trumpetistin Jan Allanin uusintajulkaisu &#8221;Jan Allan -70&#8221; on ohjelmistoltaan kaksijakoinen levy, sillä levyllä soitta kaksi aivan erilaista kokoonpanoa. Ruotsin radion big band Radiojazzgruppen soittaa kolme säveltäjä Nils Lindbergin sävellystä, jotka tarjoavat trumpetille runsaasti soolotilaa. Levyn avaa tyylitelty polska &#8221;Polska With Trumpet&#8221;, jossa trumpetilla on pitkä soolo pelkästään patarumpujen säestyksellä. &#8221;Rolf Billberg In Memoriam&#8221; on [&hellip;]</p>
