{"id":789,"date":"2011-08-14T09:45:12","date_gmt":"2011-08-14T06:45:12","guid":{"rendered":"http:\/\/www.valonkuvia.fi\/blogi\/?page_id=789"},"modified":"2011-08-25T22:55:32","modified_gmt":"2011-08-25T19:55:32","slug":"sylvain-beuf-quintet-soul-notes","status":"publish","type":"page","link":"https:\/\/www.valonkuvia.fi\/blogi\/jazzjutut\/levyarviot-a-d\/sylvain-beuf-quintet-soul-notes\/","title":{"rendered":"Sylvain Beuf Quintet: Soul Notes"},"content":{"rendered":"<p>Me suomalaiset olemme viime vuosien aikana saaneet tutustua Vapaat \u00e4\u00e4net-projektin ansioista aika usein ranskalaiseen jazziin. Projektin yhtyeet ovat olleet aina nykyjazzia tai uutta musiikkia, mill\u00e4 nimell\u00e4 perinteisen jazzin rajoja kaatavaa musiikkia nyt sitten halutaan kutsua. Ranska on kuitenkin suuri maa ja siell\u00e4 on luonnollisesti my\u00f6s laaja mainstream jazzin kentt\u00e4, jota saksofonisti Sylvain Beuf (s. 1964) kvintetteineen edustaa. Beuf on soittanut mm. sellaisten merkitt\u00e4vien eurooppalaisten muusikoiden kuin Ren\u00e9 Urtreger, Michel Legrand, Martial Solal, Aldo Romano, Henri Texier ja Andr\u00e9 Ceccarelli kanssa. Mukaan mahtuu my\u00f6s levytys suomalaisille tutun Sid Hillen kanssa (Dunjin\u00b4s Dance, 1996). Beuf ja muut yhtyeen j\u00e4senet ovat siis takuuvarmoja ammattilaisia ja ty\u00f6nj\u00e4lki on sen mukaisesti huoliteltua. &#8221;Soul Notes&#8221; koostuu etup\u00e4\u00e4ss\u00e4 Beufin s\u00e4vellyksist\u00e4, lis\u00e4n\u00e4 vain &#8221;Besame Mucho&#8221; ja Sonny Rollinsin &#8221;Airegin&#8221;. Fran\u00e7ois Verlyn ly\u00f6m\u00e4soittimet v\u00e4ritt\u00e4v\u00e4t joitain kappaleita aluksi hieman maailmanmusiikin suuntaan, mutta lopulta p\u00e4\u00e4dyt\u00e4\u00e4n varsin tavanomaiseen perusjazziin. &#8221;Soul Notes&#8221; on miellytt\u00e4v\u00e4, mutta ei kovinkaan mieleenpainuva levy.<\/p>\n<p><strong>Sylvain Beuf Quintet<\/strong>: Soul Notes (RDC Records 226 136)<\/p>\n<p>Sylvain Beuf; saksofonit, Manuel Rocheman; piano, Christophe Wallemme; basso, Laurent Robin; rummut, Fran\u00e7ois Verly; ly\u00f6m\u00e4soittimet<\/p>\n<p>\u00c4\u00e4nitetty 2001<\/p>\n<p>1.9.2001<\/p>\n","protected":false},"excerpt":{"rendered":"<p>Me suomalaiset olemme viime vuosien aikana saaneet tutustua Vapaat \u00e4\u00e4net-projektin ansioista aika usein ranskalaiseen jazziin. Projektin yhtyeet ovat olleet aina nykyjazzia tai uutta musiikkia, mill\u00e4 nimell\u00e4 perinteisen jazzin rajoja kaatavaa musiikkia nyt sitten halutaan kutsua. Ranska on kuitenkin suuri maa ja siell\u00e4 on luonnollisesti my\u00f6s laaja mainstream jazzin kentt\u00e4, jota saksofonisti Sylvain Beuf (s. 1964) [&hellip;]<\/p>\n","protected":false},"author":1,"featured_media":0,"parent":726,"menu_order":6,"comment_status":"open","ping_status":"open","template":"onecolumn-page.php","meta":{"ngg_post_thumbnail":0,"footnotes":""},"class_list":["post-789","page","type-page","status-publish","hentry"],"jetpack_likes_enabled":false,"jetpack_sharing_enabled":true,"_links":{"self":[{"href":"https:\/\/www.valonkuvia.fi\/blogi\/wp-json\/wp\/v2\/pages\/789","targetHints":{"allow":["GET"]}}],"collection":[{"href":"https:\/\/www.valonkuvia.fi\/blogi\/wp-json\/wp\/v2\/pages"}],"about":[{"href":"https:\/\/www.valonkuvia.fi\/blogi\/wp-json\/wp\/v2\/types\/page"}],"author":[{"embeddable":true,"href":"https:\/\/www.valonkuvia.fi\/blogi\/wp-json\/wp\/v2\/users\/1"}],"replies":[{"embeddable":true,"href":"https:\/\/www.valonkuvia.fi\/blogi\/wp-json\/wp\/v2\/comments?post=789"}],"version-history":[{"count":3,"href":"https:\/\/www.valonkuvia.fi\/blogi\/wp-json\/wp\/v2\/pages\/789\/revisions"}],"predecessor-version":[{"id":904,"href":"https:\/\/www.valonkuvia.fi\/blogi\/wp-json\/wp\/v2\/pages\/789\/revisions\/904"}],"up":[{"embeddable":true,"href":"https:\/\/www.valonkuvia.fi\/blogi\/wp-json\/wp\/v2\/pages\/726"}],"wp:attachment":[{"href":"https:\/\/www.valonkuvia.fi\/blogi\/wp-json\/wp\/v2\/media?parent=789"}],"curies":[{"name":"wp","href":"https:\/\/api.w.org\/{rel}","templated":true}]}}