{"id":931,"date":"2011-08-26T22:03:36","date_gmt":"2011-08-26T19:03:36","guid":{"rendered":"http:\/\/www.valonkuvia.fi\/blogi\/?page_id=931"},"modified":"2011-08-26T22:03:36","modified_gmt":"2011-08-26T19:03:36","slug":"chick-corea-origin-change","status":"publish","type":"page","link":"https:\/\/www.valonkuvia.fi\/blogi\/jazzjutut\/levyarviot-a-d\/chick-corea-origin-change\/","title":{"rendered":"Chick Corea &#038; Origin: Change"},"content":{"rendered":"<p>Pianisti Chick Corea on ilmeisesti pannut s\u00e4hk\u00f6iset projektit hyllylle ja keskittynyt viime vuosina akustiseen Origin-sekstettiin. Origin on julkaissut jo useita levyja, mm. kuuden cd:n live-paketin New Yorkin Blue Note-klubilta. Origin on mukana my\u00f6s Lontoon Filharmonian kanssa levytetyll\u00e4 &#8221;Corea.Concerto&#8221;- orkesteriteoksella. Asiantilassa ei ole akustisen jazzin yst\u00e4v\u00e4ll\u00e4 mit\u00e4\u00e4n valittamista, sill\u00e4 my\u00f6s uudella &#8221;Change&#8221;-levyll\u00e4 soittava Origin on todella upea jazzyhtye, jonka j\u00e4senet hallitsevat suvereenisti monia soittimia. <\/p>\n<p>Levyuutuus tarjoaa 11 kappaletta, joiden joukossa on monta hienoa s\u00e4vellyst\u00e4 ja kohokohtaa. Corean is\u00e4lleen omistama &#8221;Armando\u00b4s Tango&#8221; ja &#8221;Little Flamenco&#8221; liikkuvat tyylikk\u00e4\u00e4sti tangon ja flamencon tunnelmissa. &#8221;Early Afternoon Blues&#8221; ja &#8221;L.A. Scenes&#8221; ovat puolestaan tehty 1960-luvun Miles Davisin hengess\u00e4. Basisti Avishai Cohenin kaunis &#8221;Night (Lylah)&#8221; ja sen kanssa sarjan muodostava Corean &#8221;Awakening&#8221; p\u00e4\u00e4tt\u00e4v\u00e4t levyn vaikuttavasti. &#8221;Change&#8221; on monipuolisen yhtyeen eritt\u00e4in vahva esitys; mielenkiintoisia s\u00e4vellyksi\u00e4 ja hienoja sooloja sek\u00e4 yhtyeen johtajalta ett\u00e4 muilta muusikoilta.<\/p>\n<p><strong>Chick Corea &#038; Origin<\/strong>: Change (Stretch SCD-9023-2)<\/p>\n<p>Chick Corea; piano, marimba, Avishai Cohen; basso, Steve Wilson; altto- ja sopraanosaksofoni, huilu, klarinetti, Bob Sheppard; tenorisaksofoni, bassoklarinetti, huilu, Steve Davis; pasuuna, Jeff Ballard; rummut<\/p>\n<p>28.4.2000<\/p>\n","protected":false},"excerpt":{"rendered":"<p>Pianisti Chick Corea on ilmeisesti pannut s\u00e4hk\u00f6iset projektit hyllylle ja keskittynyt viime vuosina akustiseen Origin-sekstettiin. Origin on julkaissut jo useita levyja, mm. kuuden cd:n live-paketin New Yorkin Blue Note-klubilta. Origin on mukana my\u00f6s Lontoon Filharmonian kanssa levytetyll\u00e4 &#8221;Corea.Concerto&#8221;- orkesteriteoksella. Asiantilassa ei ole akustisen jazzin yst\u00e4v\u00e4ll\u00e4 mit\u00e4\u00e4n valittamista, sill\u00e4 my\u00f6s uudella &#8221;Change&#8221;-levyll\u00e4 soittava Origin on todella [&hellip;]<\/p>\n","protected":false},"author":1,"featured_media":0,"parent":726,"menu_order":20,"comment_status":"open","ping_status":"open","template":"onecolumn-page.php","meta":{"ngg_post_thumbnail":0,"footnotes":""},"class_list":["post-931","page","type-page","status-publish","hentry"],"jetpack_likes_enabled":false,"jetpack_sharing_enabled":true,"_links":{"self":[{"href":"https:\/\/www.valonkuvia.fi\/blogi\/wp-json\/wp\/v2\/pages\/931","targetHints":{"allow":["GET"]}}],"collection":[{"href":"https:\/\/www.valonkuvia.fi\/blogi\/wp-json\/wp\/v2\/pages"}],"about":[{"href":"https:\/\/www.valonkuvia.fi\/blogi\/wp-json\/wp\/v2\/types\/page"}],"author":[{"embeddable":true,"href":"https:\/\/www.valonkuvia.fi\/blogi\/wp-json\/wp\/v2\/users\/1"}],"replies":[{"embeddable":true,"href":"https:\/\/www.valonkuvia.fi\/blogi\/wp-json\/wp\/v2\/comments?post=931"}],"version-history":[{"count":1,"href":"https:\/\/www.valonkuvia.fi\/blogi\/wp-json\/wp\/v2\/pages\/931\/revisions"}],"predecessor-version":[{"id":932,"href":"https:\/\/www.valonkuvia.fi\/blogi\/wp-json\/wp\/v2\/pages\/931\/revisions\/932"}],"up":[{"embeddable":true,"href":"https:\/\/www.valonkuvia.fi\/blogi\/wp-json\/wp\/v2\/pages\/726"}],"wp:attachment":[{"href":"https:\/\/www.valonkuvia.fi\/blogi\/wp-json\/wp\/v2\/media?parent=931"}],"curies":[{"name":"wp","href":"https:\/\/api.w.org\/{rel}","templated":true}]}}