{"id":941,"date":"2011-08-26T22:22:07","date_gmt":"2011-08-26T19:22:07","guid":{"rendered":"http:\/\/www.valonkuvia.fi\/blogi\/?page_id=941"},"modified":"2015-11-30T18:54:27","modified_gmt":"2015-11-30T16:54:27","slug":"marc-ducret-qui-parle","status":"publish","type":"page","link":"https:\/\/www.valonkuvia.fi\/blogi\/jazzjutut\/levyarviot-a-d\/marc-ducret-qui-parle\/","title":{"rendered":"Marc Ducret: Qui parle?"},"content":{"rendered":"<p>&#8221;Kuka puhuu?&#8221; kysyy ranskalainen kitaristi Marc Ducret viime vuonna ilmestyneen levyns\u00e4 otsikossa. Vastaus on s\u00e4rmik\u00e4s ja j\u00e4nnitt\u00e4v\u00e4, sill\u00e4 moni\u00e4\u00e4ninen teos sis\u00e4lt\u00e4\u00e4 viittauksia monelle eri taholle. Kamarimusiikki ja jazz kietoutuvat yhteen s\u00e4hk\u00f6sointien, h\u00e4m\u00e4rien bluesmuistumien ja rujosti onnahtelevien kitarariffien kanssa. V\u00e4lill\u00e4 pintaan nousee puhe aivan konkreettisesti, kun Ducret ja muut lukijat lukevat otteita mm. Alain Robbe-Grillet\u00b4n romaanista &#8221;Dans le labyrinthe&#8221;. Ranskaa taitamattomalta j\u00e4\u00e4 n\u00e4in er\u00e4s levyn merkityskerroksista tavoittamatta, mutta haitta ei ole lopulta kovin suuri, sill\u00e4 kyse on kuitenkin etup\u00e4\u00e4ss\u00e4 instrumentaalimusiikista ja vain pienelt\u00e4 osalta kirjallisuudesta. <\/p>\n<p>Soitannollisen p\u00e4\u00e4vastuu kantaa Ducret\u00b4n vakituinen trio, johon kitaristin lis\u00e4ksi kuuluvat basisti Bruno Chevillon ja rumpali Eric Echampard. Trio soittaa levyn useimmilla raidoilla ja selviytyy vaivattomasti vaativasta ja usein kulmikkaasta musiikista. Varsinkin Echampardin kyky luoda nautittavan mutkikkaita, mutta samalla eteenp\u00e4in vievi\u00e4 komppeja on suorastaan h\u00e4kellytt\u00e4v\u00e4. Marc Ducret\u00b4n soundillisesti rikas kitara on luonnollisesti koko levyn keskeinen \u00e4\u00e4ni, jossa s\u00e4hk\u00f6kitaran rockperinteist\u00e4 nouseva kiihko ja tarkoin punnitut puheenvuorot kohtaavat. Trion tukena on vaihtuva joukko muita ranskalaisia huippumuusikoita, joista esimerkiksi trumpetisti Alain Vankenhove ja saksofonisti Julien Lourau vakuuttavat my\u00f6s solisteina.<\/p>\n<p>Moninaisuudesta huolimatta Ducret s\u00e4ilytt\u00e4\u00e4 aineksensa lujasti k\u00e4siss\u00e4\u00e4n. Eri tahoille sinkoilevat viitteet eiv\u00e4t hajoa pelkiksi irrallisiksi fragmenteiksi, vaan keskim\u00e4\u00e4r\u00e4ist\u00e4 kirkkaasti mielenkiintoisempi &#8221;Qui parle?&#8221; on luja ja tihe\u00e4, kuuntelijansa vangitseva kokonaisuus.<\/p>\n<p><strong>Marc Ducret<\/strong>: Qui parle? (Sketch SKE 333038)<\/p>\n<p>Marc Ducret; kitarat, Bruno Chevillon; basso, Eric Echampard, rummut, Beno\u00eet Delbecq, Allie Delfau; piano, sampler, Thierry Madiot, Yves Robert; pasuuna, Alain Vankenhove; trumpetti, Julien Lourau, Christophe Monniot; saksofonit, H\u00e9l\u00e8ne Labarri\u00e8re; basso, Fran\u00e7ois Verly; ly\u00f6m\u00e4soittimet, Anne Magou\u00ebt; laulu, Leslie S\u00e9venier, Philippe Aga\u00ebl, Laurence Blasco; \u00e4\u00e4ni<\/p>\n<p>7.10. 2004<\/p>\n","protected":false},"excerpt":{"rendered":"<p>&#8221;Kuka puhuu?&#8221; kysyy ranskalainen kitaristi Marc Ducret viime vuonna ilmestyneen levyns\u00e4 otsikossa. Vastaus on s\u00e4rmik\u00e4s ja j\u00e4nnitt\u00e4v\u00e4, sill\u00e4 moni\u00e4\u00e4ninen teos sis\u00e4lt\u00e4\u00e4 viittauksia monelle eri taholle. Kamarimusiikki ja jazz kietoutuvat yhteen s\u00e4hk\u00f6sointien, h\u00e4m\u00e4rien bluesmuistumien ja rujosti onnahtelevien kitarariffien kanssa. V\u00e4lill\u00e4 pintaan nousee puhe aivan konkreettisesti, kun Ducret ja muut lukijat lukevat otteita mm. Alain Robbe-Grillet\u00b4n romaanista [&hellip;]<\/p>\n","protected":false},"author":1,"featured_media":0,"parent":726,"menu_order":23,"comment_status":"open","ping_status":"open","template":"onecolumn-page.php","meta":{"ngg_post_thumbnail":0,"footnotes":""},"class_list":["post-941","page","type-page","status-publish","hentry"],"jetpack_likes_enabled":false,"jetpack_sharing_enabled":true,"_links":{"self":[{"href":"https:\/\/www.valonkuvia.fi\/blogi\/wp-json\/wp\/v2\/pages\/941","targetHints":{"allow":["GET"]}}],"collection":[{"href":"https:\/\/www.valonkuvia.fi\/blogi\/wp-json\/wp\/v2\/pages"}],"about":[{"href":"https:\/\/www.valonkuvia.fi\/blogi\/wp-json\/wp\/v2\/types\/page"}],"author":[{"embeddable":true,"href":"https:\/\/www.valonkuvia.fi\/blogi\/wp-json\/wp\/v2\/users\/1"}],"replies":[{"embeddable":true,"href":"https:\/\/www.valonkuvia.fi\/blogi\/wp-json\/wp\/v2\/comments?post=941"}],"version-history":[{"count":2,"href":"https:\/\/www.valonkuvia.fi\/blogi\/wp-json\/wp\/v2\/pages\/941\/revisions"}],"predecessor-version":[{"id":10128,"href":"https:\/\/www.valonkuvia.fi\/blogi\/wp-json\/wp\/v2\/pages\/941\/revisions\/10128"}],"up":[{"embeddable":true,"href":"https:\/\/www.valonkuvia.fi\/blogi\/wp-json\/wp\/v2\/pages\/726"}],"wp:attachment":[{"href":"https:\/\/www.valonkuvia.fi\/blogi\/wp-json\/wp\/v2\/media?parent=941"}],"curies":[{"name":"wp","href":"https:\/\/api.w.org\/{rel}","templated":true}]}}

<p>&#8221;Kuka puhuu?&#8221; kysyy ranskalainen kitaristi Marc Ducret viime vuonna ilmestyneen levynsä otsikossa. Vastaus on särmikäs ja jännittävä, sillä moniääninen teos sisältää viittauksia monelle eri taholle. Kamarimusiikki ja jazz kietoutuvat yhteen sähkösointien, hämärien bluesmuistumien ja rujosti onnahtelevien kitarariffien kanssa. Välillä pintaan nousee puhe aivan konkreettisesti, kun Ducret ja muut lukijat lukevat otteita mm. Alain Robbe-Grillet´n romaanista &#8221;Dans le labyrinthe&#8221;. Ranskaa taitamattomalta jää näin eräs levyn merkityskerroksista tavoittamatta, mutta haitta ei ole lopulta kovin suuri, sillä kyse on kuitenkin etupäässä instrumentaalimusiikista ja vain pieneltä osalta kirjallisuudesta. </p>
<p>Soitannollisen päävastuu kantaa Ducret´n vakituinen trio, johon kitaristin lisäksi kuuluvat basisti Bruno Chevillon ja rumpali Eric Echampard. Trio soittaa levyn useimmilla raidoilla ja selviytyy vaivattomasti vaativasta ja usein kulmikkaasta musiikista. Varsinkin Echampardin kyky luoda nautittavan mutkikkaita, mutta samalla eteenpäin vieviä komppeja on suorastaan häkellyttävä. Marc Ducret´n soundillisesti rikas kitara on luonnollisesti koko levyn keskeinen ääni, jossa sähkökitaran rockperinteistä nouseva kiihko ja tarkoin punnitut puheenvuorot kohtaavat. Trion tukena on vaihtuva joukko muita ranskalaisia huippumuusikoita, joista esimerkiksi trumpetisti Alain Vankenhove ja saksofonisti Julien Lourau vakuuttavat myös solisteina.</p>
<p>Moninaisuudesta huolimatta Ducret säilyttää aineksensa lujasti käsissään. Eri tahoille sinkoilevat viitteet eivät hajoa pelkiksi irrallisiksi fragmenteiksi, vaan keskimääräistä kirkkaasti mielenkiintoisempi &#8221;Qui parle?&#8221; on luja ja tiheä, kuuntelijansa vangitseva kokonaisuus.</p>
<p><strong>Marc Ducret</strong>: Qui parle? (Sketch SKE 333038)</p>
<p>Marc Ducret; kitarat, Bruno Chevillon; basso, Eric Echampard, rummut, Benoît Delbecq, Allie Delfau; piano, sampler, Thierry Madiot, Yves Robert; pasuuna, Alain Vankenhove; trumpetti, Julien Lourau, Christophe Monniot; saksofonit, Hélène Labarrière; basso, François Verly; lyömäsoittimet, Anne Magouët; laulu, Leslie Sévenier, Philippe Agaël, Laurence Blasco; ääni</p>
<p>7.10. 2004</p>

<p>&#8221;Kuka puhuu?&#8221; kysyy ranskalainen kitaristi Marc Ducret viime vuonna ilmestyneen levynsä otsikossa. Vastaus on särmikäs ja jännittävä, sillä moniääninen teos sisältää viittauksia monelle eri taholle. Kamarimusiikki ja jazz kietoutuvat yhteen sähkösointien, hämärien bluesmuistumien ja rujosti onnahtelevien kitarariffien kanssa. Välillä pintaan nousee puhe aivan konkreettisesti, kun Ducret ja muut lukijat lukevat otteita mm. Alain Robbe-Grillet´n romaanista [&hellip;]</p>
