{"id":945,"date":"2011-08-26T22:25:21","date_gmt":"2011-08-26T19:25:21","guid":{"rendered":"http:\/\/www.valonkuvia.fi\/blogi\/?page_id=945"},"modified":"2011-08-26T22:25:21","modified_gmt":"2011-08-26T19:25:21","slug":"duo-nueva-finlandia-short-stories","status":"publish","type":"page","link":"https:\/\/www.valonkuvia.fi\/blogi\/jazzjutut\/levyarviot-a-d\/duo-nueva-finlandia-short-stories\/","title":{"rendered":"Duo Nueva Finlandia: Short Stories"},"content":{"rendered":"<p>Tuoreessa Jazzrytmit-lehdess\u00e4 kerrotaan, kuinka herra Kalmisto, Teppo Hauta-aho siis, oli kommentoinut lehden kriitikko\u00e4\u00e4nestyst\u00e4, jossa valittiin vuoden &#8221;parhaat&#8221; eri kategorioissa. \u00c4\u00e4nest\u00e4jien valintahan kohdistui etup\u00e4\u00e4ss\u00e4 nuoriin muusikoihin ja lehden mukaan Hauta-ahon mielest\u00e4 vanhat muusikot ovat kuitenkin edelleen parhaita. Suomalaisen jazzlevybisneksen piristysruiskeeksi ja valopilkuksi nopeassa tahdissa noussut TUM Records on tietenkin ymm\u00e4rt\u00e4nyt t\u00e4m\u00e4n n\u00e4k\u00f6kohdan ja raivannut katalogiinsa tilaa my\u00f6s vanhoille mestareille, kuten Juhani Aaltonen ja nyt vapaasti improvisoiva Duo Nueva Finlandia eli basisti Hauta-aho ja pianisti Eero Ojanen.<\/p>\n<p>Duon &#8221;Short Stories&#8221; on siis sarja ennalta mitenk\u00e4\u00e4n suunnittelemattomia lyhyehk\u00f6j\u00e4 improvisaatioita, jotka ovat noin kolmesta minuutista reiluun viiteen minuuttia pitki\u00e4. Hauta-aho ja Ojanen \u00e4\u00e4nittiv\u00e4t kaikki improvisaatiot itse yhdelt\u00e4 istumalta kes\u00e4ll\u00e4 1998, edes kesken kaiken soinut puhelin ei luomista keskeytt\u00e4nyt, vaan antoi soitolle lis\u00e4\u00e4 potkua. Siit\u00e4 kai vapaassa improvisaatiossa on juuri kyse, muusikoiden kommunikaatiosta, tarkasta kuuntelemisesta ja nopeasta reagoimisesta. Koska Hauta-aho ja Ojanen ovat soittaneet yhdess\u00e4 jo 1960-luvulta saakka, on juuri heill\u00e4 hyv\u00e4t edellytykset vied\u00e4 onnistuneesti l\u00e4pi t\u00e4llainen vapaa soittosessio.<\/p>\n<p>S\u00e4velletyn ja ennalta valmistellun materiaalin sek\u00e4 vapaan improvisaation v\u00e4linen suhde on toisaalta kuulijan kannalta l\u00e4hes yhdentekev\u00e4\u00e4 siin\u00e4 vaiheessa, kun improvisaatio on jo tallennettu levylle ja kuulija voi halutessaan palata sen \u00e4\u00e4relle vaikka kuinka monta kertaa. Konserttitilanteessa kuulija antaa helpommin anteeksi mahdolliset hapuilut ja umpikujatkin, mutta levyll\u00e4 sellainen ei en\u00e4\u00e4 oikein toimi. T\u00e4ss\u00e4 mieless\u00e4 duo onnistuu hienosti, sill\u00e4 levyn improvisaatiot etenev\u00e4t hyvin luonnollisen ja vaivattoman oloisesti. Ne ovat my\u00f6s riitt\u00e4v\u00e4n erilaisia, ik\u00e4\u00e4n kuin eri aiheista ja eri n\u00e4k\u00f6kulmista k\u00e4ytyj\u00e4 keskusteluja, joiden argumentit ovat perusteltuja ja monipuolisia, eik\u00e4 samaa v\u00e4itett\u00e4 j\u00e4\u00e4d\u00e4 loputtomiin jankkaamaan. Duo k\u00e4ytt\u00e4\u00e4 monipuolisesti kahden instrumentin mahdollisuuksia. Hauta-aho soittaa bassoaan sek\u00e4 n\u00e4pp\u00e4illen ett\u00e4 jousella ja v\u00e4lill\u00e4 basso on hyvin kaikuva ly\u00f6m\u00e4soitin. My\u00f6s Ojanen etsii pianosoundiinsa uusia s\u00e4vyj\u00e4 pianonsa sis\u00e4puolelta kieli\u00e4 suoraan tapailemalla. Duo Nueva Finlandian improvisaatiot ovat el\u00e4m\u00e4nmakuisia, v\u00e4lill\u00e4 melodisiakin, suorastaan helposti l\u00e4hestytt\u00e4vi\u00e4. <\/p>\n<p><strong>Duo Nueva Finlandia<\/strong>: Short Stories (TUM CD 012)<\/p>\n<p>Eero Ojanen; piano, Teppo Hauta-aho; basso<\/p>\n<p>29.4.2005<\/p>\n","protected":false},"excerpt":{"rendered":"<p>Tuoreessa Jazzrytmit-lehdess\u00e4 kerrotaan, kuinka herra Kalmisto, Teppo Hauta-aho siis, oli kommentoinut lehden kriitikko\u00e4\u00e4nestyst\u00e4, jossa valittiin vuoden &#8221;parhaat&#8221; eri kategorioissa. \u00c4\u00e4nest\u00e4jien valintahan kohdistui etup\u00e4\u00e4ss\u00e4 nuoriin muusikoihin ja lehden mukaan Hauta-ahon mielest\u00e4 vanhat muusikot ovat kuitenkin edelleen parhaita. Suomalaisen jazzlevybisneksen piristysruiskeeksi ja valopilkuksi nopeassa tahdissa noussut TUM Records on tietenkin ymm\u00e4rt\u00e4nyt t\u00e4m\u00e4n n\u00e4k\u00f6kohdan ja raivannut katalogiinsa tilaa [&hellip;]<\/p>\n","protected":false},"author":1,"featured_media":0,"parent":726,"menu_order":25,"comment_status":"open","ping_status":"open","template":"onecolumn-page.php","meta":{"ngg_post_thumbnail":0,"footnotes":""},"class_list":["post-945","page","type-page","status-publish","hentry"],"jetpack_likes_enabled":false,"jetpack_sharing_enabled":true,"_links":{"self":[{"href":"https:\/\/www.valonkuvia.fi\/blogi\/wp-json\/wp\/v2\/pages\/945","targetHints":{"allow":["GET"]}}],"collection":[{"href":"https:\/\/www.valonkuvia.fi\/blogi\/wp-json\/wp\/v2\/pages"}],"about":[{"href":"https:\/\/www.valonkuvia.fi\/blogi\/wp-json\/wp\/v2\/types\/page"}],"author":[{"embeddable":true,"href":"https:\/\/www.valonkuvia.fi\/blogi\/wp-json\/wp\/v2\/users\/1"}],"replies":[{"embeddable":true,"href":"https:\/\/www.valonkuvia.fi\/blogi\/wp-json\/wp\/v2\/comments?post=945"}],"version-history":[{"count":1,"href":"https:\/\/www.valonkuvia.fi\/blogi\/wp-json\/wp\/v2\/pages\/945\/revisions"}],"predecessor-version":[{"id":946,"href":"https:\/\/www.valonkuvia.fi\/blogi\/wp-json\/wp\/v2\/pages\/945\/revisions\/946"}],"up":[{"embeddable":true,"href":"https:\/\/www.valonkuvia.fi\/blogi\/wp-json\/wp\/v2\/pages\/726"}],"wp:attachment":[{"href":"https:\/\/www.valonkuvia.fi\/blogi\/wp-json\/wp\/v2\/media?parent=945"}],"curies":[{"name":"wp","href":"https:\/\/api.w.org\/{rel}","templated":true}]}}